CRAN Package Check Results for Package DepthProc

Last updated on 2024-06-15 00:54:04 CEST.

Flavor Version Tinstall Tcheck Ttotal Status Flags
r-devel-linux-x86_64-debian-clang 2.1.5 197.31 167.42 364.73 NOTE
r-devel-linux-x86_64-debian-gcc 2.1.5 125.30 128.50 253.80 NOTE
r-devel-linux-x86_64-fedora-clang 2.1.5 517.47 NOTE
r-devel-linux-x86_64-fedora-gcc 2.1.5 520.15 NOTE
r-devel-windows-x86_64 2.1.5 148.00 165.00 313.00 NOTE
r-patched-linux-x86_64 2.1.5 158.12 168.00 326.12 NOTE
r-release-linux-x86_64 2.1.5 153.72 163.86 317.58 NOTE
r-release-macos-arm64 2.1.5 95.00 NOTE
r-release-macos-x86_64 2.1.5 127.00 NOTE
r-release-windows-x86_64 2.1.5 146.00 115.00 261.00 FAIL
r-oldrel-macos-arm64 2.1.5 120.00 NOTE
r-oldrel-macos-x86_64 2.1.5 216.00 NOTE
r-oldrel-windows-x86_64 2.1.5 181.00 212.00 393.00 NOTE

Check Details

Version: 2.1.5
Check: C++ specification
Result: NOTE Specified C++11: please drop specification unless essential Flavors: r-devel-linux-x86_64-debian-clang, r-devel-linux-x86_64-debian-gcc, r-devel-linux-x86_64-fedora-clang, r-devel-linux-x86_64-fedora-gcc, r-devel-windows-x86_64, r-patched-linux-x86_64, r-release-linux-x86_64, r-release-macos-arm64, r-release-macos-x86_64, r-release-windows-x86_64, r-oldrel-macos-arm64, r-oldrel-macos-x86_64, r-oldrel-windows-x86_64

Version: 2.1.5
Check: Rd files
Result: NOTE checkRd: (-1) asymmetryCurve.Rd:38: Lost braces; missing escapes or markup? 38 | For sample depth function \eqn{ D({x}, {{{Z}} ^ {n}}) }, \eqn{ {x} \in {{{R}} ^ {d}} }, \eqn{ d \ge 2 }, \eqn{ {Z} ^ {n} = \{{{{z}}_{1}}, ..., {{{z}}_{n}}\} \subset {{{R}} ^ {d}} }, \eqn{ {{D}_{\alpha}}({{{Z}} ^ {n}}) } denoting \eqn{ \alpha } --- central region, we can define {the asymmetry curve} \eqn{ AC(\alpha) = \left(\alpha, \left\| {{c} ^ {-1}}(\{{\bar{z}} - med|{{D}_{\alpha}}({{{Z}} ^ {n}})\}) \right\|\right) \subset {{{R}} ^ {2}} }, for \eqn{ \alpha \in [0, 1] } being nonparametric scale and asymmetry functional correspondingly, where \eqn{ c } --- denotes constant, \eqn{ {\bar{z}} } --- denotes mean vector, denotes multivariate median induced by depth function and \eqn{ vol } --- denotes a volume. | ^ checkRd: (-1) mWilcoxonTest.Rd:26: Lost braces; missing escapes or markup? 26 | Properties of the DD plot based statistics in the i.i.d setting were studied by Li & Liu (2004). Authors proposed several DD-plot based statistics and presented bootstrap arguments for their consistency and good effectiveness in comparison to Hotelling \eqn{ T ^ 2 } and multivariate analogues of Ansari-Bradley and Tukey-Siegel statistics. Asymptotic distributions of depth based multivariate Wilcoxon rank-sum test statistic under the null and general alternative hypotheses were obtained by Zuo & He (2006). Several properties of the depth based rang test involving its unbiasedness was critically discussed by Jureckova & Kalina (2012). Basing on DD-plot object, which is available within the \pkg{DepthProc} it is possible to define several multivariate generalizations of one-dimensional rank and order statistics in an easy way. These generalizations cover well known {Wilcoxon rang-sum statistic}. | ^ Flavors: r-devel-linux-x86_64-debian-clang, r-devel-linux-x86_64-debian-gcc, r-devel-linux-x86_64-fedora-clang, r-devel-linux-x86_64-fedora-gcc, r-devel-windows-x86_64, r-patched-linux-x86_64, r-release-linux-x86_64, r-release-macos-arm64, r-release-macos-x86_64, r-release-windows-x86_64

Version: 2.1.5
Check: examples
Result: ERROR Running examples in 'DepthProc-Ex.R' failed The error occurred in: Flavor: r-release-windows-x86_64

Version: 2.1.5
Check: tests
Result: ERROR
Flavor: r-release-windows-x86_64

Version: 2.1.5
Check: PDF version of manual
Result: WARN LaTeX errors when creating PDF version. This typically indicates Rd problems. Flavor: r-release-windows-x86_64

Version: 2.1.5
Check: PDF version of manual without index
Result: ERROR Re-running with no redirection of stdout/stderr. Flavor: r-release-windows-x86_64

Version: 2.1.5
Check: HTML version of manual
Result: FAIL
Flavor: r-release-windows-x86_64

Version: 2.1.5
Check: installed package size
Result: NOTE installed size is 5.1Mb sub-directories of 1Mb or more: libs 4.1Mb Flavor: r-oldrel-macos-arm64