CRAN Package Check Results for Package Deducer

Last updated on 2021-09-26 23:49:34 CEST.

Flavor Version Tinstall Tcheck Ttotal Status Flags
r-devel-linux-x86_64-debian-clang 0.7-9 21.07 179.61 200.68 WARN
r-devel-linux-x86_64-debian-gcc 0.7-9 18.79 134.34 153.13 OK
r-devel-linux-x86_64-fedora-clang 0.7-9 218.43 OK
r-devel-linux-x86_64-fedora-gcc 0.7-9 207.18 OK
r-devel-windows-x86_64 0.7-9 23.00 161.00 184.00 OK
r-devel-windows-x86_64-gcc10-UCRT 0.7-9 OK
r-patched-linux-x86_64 0.7-9 26.95 170.10 197.05 OK
r-patched-solaris-x86 0.7-9 305.00 NOTE
r-release-linux-x86_64 0.7-9 20.52 173.14 193.66 OK
r-release-macos-arm64 0.7-9 OK
r-release-macos-x86_64 0.7-9 OK
r-release-windows-ix86+x86_64 0.7-9 45.00 190.00 235.00 OK
r-oldrel-macos-x86_64 0.7-9 OK
r-oldrel-windows-ix86+x86_64 0.7-9 31.00 142.00 173.00 OK

Check Details

Version: 0.7-9
Check: replacement functions
Result: WARN
    Inconsistency detected by ld.so: dl-open.c: 881: _dl_open: Assertion `_dl_debug_initialize (0, args.nsid)->r_state == RT_CONSISTENT' failed!
    The argument of a replacement function which corresponds to the right
    hand side must be named 'value'.
Flavor: r-devel-linux-x86_64-debian-clang

Version: 0.7-9
Check: package dependencies
Result: NOTE
    Package suggested but not available for checking: ‘XLConnect’
Flavor: r-patched-solaris-x86