Last updated on 2023-06-07 01:03:22 CEST.
Flavor | Version | Tinstall | Tcheck | Ttotal | Status | Flags |
---|---|---|---|---|---|---|
r-devel-linux-x86_64-debian-clang | 1.8.2 | 12.76 | 56.35 | 69.11 | NOTE | |
r-devel-linux-x86_64-debian-gcc | 1.8.2 | 10.57 | 42.69 | 53.26 | NOTE | |
r-devel-linux-x86_64-fedora-clang | 1.8.2 | 91.59 | NOTE | |||
r-devel-linux-x86_64-fedora-gcc | 1.8.2 | 83.27 | NOTE | |||
r-devel-windows-x86_64 | 1.8.2 | 14.00 | 66.00 | 80.00 | NOTE | |
r-patched-linux-x86_64 | 1.8.2 | 14.37 | 54.04 | 68.41 | NOTE | |
r-release-linux-x86_64 | 1.8.2 | 13.87 | 53.39 | 67.26 | NOTE | |
r-release-macos-arm64 | 1.8.2 | 31.00 | NOTE | |||
r-release-macos-x86_64 | 1.8.2 | 45.00 | NOTE | |||
r-release-windows-x86_64 | 1.8.2 | 17.00 | 70.00 | 87.00 | NOTE | |
r-oldrel-macos-arm64 | 1.8.2 | 26.00 | NOTE | |||
r-oldrel-macos-x86_64 | 1.8.2 | 54.00 | NOTE | |||
r-oldrel-windows-x86_64 | 1.8.2 | 18.00 | 76.00 | 94.00 | OK |
Version: 1.8.2
Check: package subdirectories
Result: NOTE
Problems with news in ‘NEWS.md’:
Cannot extract version info from the following section titles:
Datastream DWE - now decommissioned by Refinitiv
CRAN
Flavors: r-devel-linux-x86_64-debian-clang, r-devel-linux-x86_64-debian-gcc, r-devel-linux-x86_64-fedora-clang, r-devel-linux-x86_64-fedora-gcc, r-devel-windows-x86_64, r-patched-linux-x86_64, r-release-linux-x86_64, r-release-macos-arm64, r-release-macos-x86_64, r-release-windows-x86_64
Version: 1.8.2
Check: data for non-ASCII characters
Result: NOTE
Note: found 8 marked Latin-1 strings
Flavors: r-devel-linux-x86_64-fedora-clang, r-devel-linux-x86_64-fedora-gcc, r-oldrel-macos-arm64, r-oldrel-macos-x86_64