Last updated on 2023-01-30 00:31:08 CET.
Flavor | Version | Tinstall | Tcheck | Ttotal | Status | Flags |
---|---|---|---|---|---|---|
r-devel-linux-x86_64-debian-clang | 1.1.6 | 142.33 | 105.11 | 247.44 | OK | |
r-devel-linux-x86_64-debian-gcc | 1.1.6 | 117.85 | 82.67 | 200.52 | NOTE | |
r-devel-linux-x86_64-fedora-clang | 1.1.6 | 390.76 | OK | |||
r-devel-linux-x86_64-fedora-gcc | 1.1.6 | 342.61 | NOTE | |||
r-devel-windows-x86_64 | 1.1.6 | 297.00 | 167.00 | 464.00 | NOTE | |
r-patched-linux-x86_64 | 1.1.6 | 117.71 | 103.75 | 221.46 | OK | |
r-release-linux-x86_64 | 1.1.6 | 118.88 | 104.66 | 223.54 | OK | |
r-release-macos-arm64 | 1.1.6 | 87.00 | NOTE | |||
r-release-macos-x86_64 | 1.1.6 | 112.00 | NOTE | |||
r-release-windows-x86_64 | 1.1.6 | 154.00 | 164.00 | 318.00 | OK | |
r-oldrel-macos-arm64 | 1.1.6 | 97.00 | NOTE | |||
r-oldrel-macos-x86_64 | 1.1.6 | 123.00 | NOTE | |||
r-oldrel-windows-ix86+x86_64 | 1.1.6 | 381.00 | 169.00 | 550.00 | NOTE |
Version: 1.1.6
Check: C++ specification
Result: NOTE
Specified C++11: please update to current default of C++17
Flavors: r-devel-linux-x86_64-debian-gcc, r-devel-linux-x86_64-fedora-gcc, r-devel-windows-x86_64
Version: 1.1.6
Check: installed package size
Result: NOTE
installed size is 7.0Mb
sub-directories of 1Mb or more:
doc 2.8Mb
libs 3.9Mb
Flavors: r-release-macos-arm64, r-release-macos-x86_64, r-oldrel-macos-arm64, r-oldrel-macos-x86_64, r-oldrel-windows-ix86+x86_64