CRAN Package Check Results for Package DataExplorer

Last updated on 2024-06-19 00:49:26 CEST.

Flavor Version Tinstall Tcheck Ttotal Status Flags
r-devel-linux-x86_64-debian-clang 0.8.3 10.19 252.72 262.91 OK
r-devel-linux-x86_64-debian-gcc 0.8.3 6.50 196.94 203.44 OK
r-devel-linux-x86_64-fedora-clang 0.8.3 334.02 OK
r-devel-linux-x86_64-fedora-gcc 0.8.3 327.47 OK
r-devel-windows-x86_64 0.8.3 10.00 235.00 245.00 OK
r-patched-linux-x86_64 0.8.3 13.45 253.33 266.78 OK
r-release-linux-x86_64 0.8.3 6.92 249.96 256.88 OK
r-release-macos-arm64 0.8.3 88.00 OK
r-release-macos-x86_64 0.8.3 161.00 OK
r-release-windows-x86_64 0.8.3 9.00 168.00 177.00 ERROR
r-oldrel-macos-arm64 0.8.3 107.00 OK
r-oldrel-macos-x86_64 0.8.3 218.00 OK
r-oldrel-windows-x86_64 0.8.3 12.00 270.00 282.00 OK

Check Details

Version: 0.8.3
Check: Rd \usage sections
Result: NOTE Fatal error: couldn't allocate node stack The \usage entries for S3 methods should use the \method markup and not their full name. See chapter 'Writing R documentation files' in the 'Writing R Extensions' manual. Flavor: r-release-windows-x86_64

Version: 0.8.3
Check: examples
Result: ERROR Running massageExamples to create 'DataExplorer-Ex.R' failed Fatal error: couldn't allocate memory for pointer stack NONE Flavor: r-release-windows-x86_64

Version: 0.8.3
Check: re-building of vignette outputs
Result: ERROR Error(s) in re-building vignettes: --- re-building 'dataexplorer-intro.Rmd' using rmarkdown Warning in dev.off(dv) : processing of the plot ran out of memory Quitting from lines 327-329 [eda-plot-boxplot] (dataexplorer-intro.Rmd) Error: processing vignette 'dataexplorer-intro.Rmd' failed with diagnostics: cannot allocate vector of size 1.3 Mb --- failed re-building 'dataexplorer-intro.Rmd' SUMMARY: processing the following file failed: 'dataexplorer-intro.Rmd' Error: Vignette re-building failed. Execution halted Flavor: r-release-windows-x86_64