Last updated on 2023-05-30 00:59:43 CEST.
Flavor | Version | Tinstall | Tcheck | Ttotal | Status | Flags |
---|---|---|---|---|---|---|
r-devel-linux-x86_64-debian-clang | 0.1.1 | 1.83 | 33.40 | 35.23 | OK | |
r-devel-linux-x86_64-debian-gcc | 0.1.1 | 1.62 | 25.75 | 27.37 | OK | |
r-devel-linux-x86_64-fedora-clang | 0.1.1 | 44.46 | NOTE | |||
r-devel-linux-x86_64-fedora-gcc | 0.1.1 | 53.25 | NOTE | |||
r-devel-windows-x86_64 | 0.1.1 | 3.00 | 49.00 | 52.00 | OK | |
r-patched-linux-x86_64 | 0.1.1 | 1.91 | 31.68 | 33.59 | OK | |
r-release-linux-x86_64 | 0.1.1 | 1.93 | 31.25 | 33.18 | OK | |
r-release-macos-arm64 | 0.1.1 | 27.00 | OK | |||
r-release-macos-x86_64 | 0.1.1 | 38.00 | OK | |||
r-release-windows-x86_64 | 0.1.1 | 3.00 | 53.00 | 56.00 | OK | |
r-oldrel-macos-arm64 | 0.1.1 | 21.00 | OK | |||
r-oldrel-macos-x86_64 | 0.1.1 | 28.00 | NOTE | |||
r-oldrel-windows-x86_64 | 0.1.1 | 4.00 | 54.00 | 58.00 | OK |
Version: 0.1.1
Check: data for non-ASCII characters
Result: NOTE
Note: found 149 marked UTF-8 strings
Flavors: r-devel-linux-x86_64-fedora-clang, r-devel-linux-x86_64-fedora-gcc, r-oldrel-macos-x86_64