CRAN Package Check Results for Package DSMolgenisArmadillo

Last updated on 2021-09-26 23:49:35 CEST.

Flavor Version Tinstall Tcheck Ttotal Status Flags
r-devel-linux-x86_64-debian-clang 1.3.5 4.28 45.00 49.28 NOTE
r-devel-linux-x86_64-debian-gcc 1.3.5 3.88 34.80 38.68 NOTE
r-devel-linux-x86_64-fedora-clang 1.3.5 70.15 NOTE
r-devel-linux-x86_64-fedora-gcc 1.3.5 86.46 NOTE
r-devel-windows-x86_64 1.3.5 7.00 51.00 58.00 NOTE
r-devel-windows-x86_64-gcc10-UCRT 1.3.5 NOTE
r-patched-linux-x86_64 1.3.5 9.16 44.09 53.25 NOTE
r-patched-solaris-x86 1.3.5 94.00 NOTE
r-release-linux-x86_64 1.3.5 4.89 44.63 49.52 NOTE
r-release-macos-arm64 1.3.5 NOTE
r-release-macos-x86_64 1.3.5 NOTE
r-release-windows-ix86+x86_64 1.3.5 11.00 66.00 77.00 NOTE
r-oldrel-macos-x86_64 1.3.5 NOTE
r-oldrel-windows-ix86+x86_64 1.3.5 9.00 51.00 60.00 NOTE

Check Details

Version: 1.3.5
Check: package dependencies
Result: NOTE
    Package suggested but not available for checking: 'dsBaseClient'
Flavors: r-devel-linux-x86_64-debian-clang, r-devel-linux-x86_64-debian-gcc, r-devel-linux-x86_64-fedora-clang, r-devel-linux-x86_64-fedora-gcc, r-devel-windows-x86_64, r-devel-windows-x86_64-gcc10-UCRT, r-patched-linux-x86_64, r-patched-solaris-x86, r-release-linux-x86_64, r-release-macos-arm64, r-release-macos-x86_64, r-release-windows-ix86+x86_64, r-oldrel-macos-x86_64, r-oldrel-windows-ix86+x86_64