CRAN Package Check Results for Package DSAIDE

Last updated on 2021-10-18 23:49:29 CEST.

Flavor Version Tinstall Tcheck Ttotal Status Flags
r-devel-linux-x86_64-debian-clang 0.9.3 9.16 161.30 170.46 OK
r-devel-linux-x86_64-debian-gcc 0.9.3 7.68 115.19 122.87 OK
r-devel-linux-x86_64-fedora-clang 0.9.3 205.44 NOTE
r-devel-linux-x86_64-fedora-gcc 0.9.3 194.63 OK
r-devel-windows-x86_64 0.9.3 18.00 200.00 218.00 NOTE
r-devel-windows-x86_64-gcc10-UCRT 0.9.3 OK
r-patched-linux-x86_64 0.9.3 9.70 151.69 161.39 OK
r-patched-solaris-x86 0.9.3 230.80 NOTE
r-release-linux-x86_64 0.9.3 8.99 150.65 159.64 OK
r-release-macos-arm64 0.9.3 NOTE
r-release-macos-x86_64 0.9.3 NOTE
r-release-windows-ix86+x86_64 0.9.3 17.00 191.00 208.00 NOTE
r-oldrel-macos-x86_64 0.9.3 NOTE
r-oldrel-windows-ix86+x86_64 0.9.3 23.00 220.00 243.00 NOTE

Check Details

Version: 0.9.3
Check: installed package size
Result: NOTE
     installed size is 5.2Mb
     sub-directories of 1Mb or more:
     appinformation 4.1Mb
Flavors: r-devel-linux-x86_64-fedora-clang, r-devel-windows-x86_64, r-patched-solaris-x86, r-release-macos-arm64, r-release-macos-x86_64, r-release-windows-ix86+x86_64, r-oldrel-macos-x86_64, r-oldrel-windows-ix86+x86_64