Last updated on 2023-06-07 01:03:23 CEST.
Flavor | Version | Tinstall | Tcheck | Ttotal | Status | Flags |
---|---|---|---|---|---|---|
r-devel-linux-x86_64-debian-clang | 0.9.3 | 10.04 | 170.25 | 180.29 | OK | |
r-devel-linux-x86_64-debian-gcc | 0.9.3 | 9.00 | 125.63 | 134.63 | OK | |
r-devel-linux-x86_64-fedora-clang | 0.9.3 | 220.79 | NOTE | |||
r-devel-linux-x86_64-fedora-gcc | 0.9.3 | 220.96 | OK | |||
r-devel-windows-x86_64 | 0.9.3 | 11.00 | 140.00 | 151.00 | NOTE | |
r-patched-linux-x86_64 | 0.9.3 | 6.78 | 160.35 | 167.13 | OK | |
r-release-linux-x86_64 | 0.9.3 | 8.61 | 156.89 | 165.50 | OK | |
r-release-macos-arm64 | 0.9.3 | 68.00 | NOTE | |||
r-release-macos-x86_64 | 0.9.3 | 103.00 | NOTE | |||
r-release-windows-x86_64 | 0.9.3 | 14.00 | 180.00 | 194.00 | NOTE | |
r-oldrel-macos-arm64 | 0.9.3 | 58.00 | NOTE | |||
r-oldrel-macos-x86_64 | 0.9.3 | 90.00 | NOTE | |||
r-oldrel-windows-x86_64 | 0.9.3 | 15.00 | 177.00 | 192.00 | NOTE |
Version: 0.9.3
Check: installed package size
Result: NOTE
installed size is 5.2Mb
sub-directories of 1Mb or more:
appinformation 4.1Mb
Flavors: r-devel-linux-x86_64-fedora-clang, r-devel-windows-x86_64, r-release-macos-arm64, r-release-macos-x86_64, r-release-windows-x86_64, r-oldrel-macos-arm64, r-oldrel-macos-x86_64, r-oldrel-windows-x86_64