CRAN Package Check Results for Package DOT

Last updated on 2022-06-25 23:56:16 CEST.

Flavor Version Tinstall Tcheck Ttotal Status Flags
r-devel-linux-x86_64-debian-clang 0.1 2.99 33.58 36.57 NOTE
r-devel-linux-x86_64-debian-gcc 0.1 2.66 25.86 28.52 NOTE
r-devel-linux-x86_64-fedora-clang 0.1 54.88 NOTE
r-devel-linux-x86_64-fedora-gcc 0.1 56.78 NOTE
r-devel-windows-x86_64 0.1 17.00 66.00 83.00 OK
r-patched-linux-x86_64 0.1 3.00 32.32 35.32 NOTE
r-release-linux-x86_64 0.1 2.85 32.70 35.55 NOTE
r-release-macos-arm64 0.1 18.00 OK
r-release-macos-x86_64 0.1 25.00 OK
r-release-windows-x86_64 0.1 15.00 65.00 80.00 OK
r-oldrel-macos-arm64 0.1 20.00 OK
r-oldrel-macos-x86_64 0.1 38.00 OK
r-oldrel-windows-ix86+x86_64 0.1 11.00 70.00 81.00 OK

Check Details

Version: 0.1
Check: for non-standard things in the check directory
Result: NOTE
    Found the following files/directories:
     'myfile.ps' 'myfile.svg'
Flavors: r-devel-linux-x86_64-debian-clang, r-devel-linux-x86_64-debian-gcc, r-devel-linux-x86_64-fedora-clang, r-devel-linux-x86_64-fedora-gcc, r-patched-linux-x86_64, r-release-linux-x86_64