CRAN Package Check Results for Package DNAtools

Last updated on 2024-06-15 00:54:04 CEST.

Flavor Version Tinstall Tcheck Ttotal Status Flags
r-devel-linux-x86_64-debian-clang 0.2-4 79.36 86.35 165.71 NOTE
r-devel-linux-x86_64-debian-gcc 0.2-4 52.82 65.06 117.88 NOTE
r-devel-linux-x86_64-fedora-clang 0.2-4 235.03 NOTE
r-devel-linux-x86_64-fedora-gcc 0.2-4 244.66 NOTE
r-devel-windows-x86_64 0.2-4 60.00 103.00 163.00 NOTE
r-patched-linux-x86_64 0.2-4 62.25 83.57 145.82 NOTE
r-release-linux-x86_64 0.2-4 62.58 83.89 146.47 NOTE
r-release-macos-arm64 0.2-4 61.00 NOTE
r-release-macos-x86_64 0.2-4 101.00 NOTE
r-release-windows-x86_64 0.2-4 60.00 113.00 173.00 NOTE
r-oldrel-macos-arm64 0.2-4 65.00 NOTE
r-oldrel-macos-x86_64 0.2-4 91.00 NOTE
r-oldrel-windows-x86_64 0.2-4 74.00 131.00 205.00 NOTE

Check Details

Version: 0.2-4
Check: C++ specification
Result: NOTE Specified C++11: please drop specification unless essential Flavors: r-devel-linux-x86_64-debian-clang, r-devel-linux-x86_64-debian-gcc, r-devel-linux-x86_64-fedora-clang, r-devel-linux-x86_64-fedora-gcc, r-devel-windows-x86_64, r-patched-linux-x86_64, r-release-linux-x86_64, r-release-macos-arm64, r-release-macos-x86_64, r-release-windows-x86_64, r-oldrel-macos-arm64, r-oldrel-macos-x86_64, r-oldrel-windows-x86_64

Version: 0.2-4
Check: for GNU extensions in Makefiles
Result: NOTE GNU make is a SystemRequirements. Flavors: r-devel-linux-x86_64-debian-clang, r-devel-linux-x86_64-debian-gcc, r-devel-linux-x86_64-fedora-clang, r-devel-linux-x86_64-fedora-gcc, r-devel-windows-x86_64, r-patched-linux-x86_64, r-release-linux-x86_64, r-release-macos-arm64, r-release-macos-x86_64, r-release-windows-x86_64, r-oldrel-macos-arm64, r-oldrel-windows-x86_64