CRAN Package Check Results for Package DMCfun

Last updated on 2024-06-19 00:49:26 CEST.

Flavor Version Tinstall Tcheck Ttotal Status Flags
r-devel-linux-x86_64-debian-clang 3.5.4 55.95 157.21 213.16 OK
r-devel-linux-x86_64-debian-gcc 3.5.4 35.26 113.36 148.62 OK
r-devel-linux-x86_64-fedora-clang 3.5.4 276.78 OK
r-devel-linux-x86_64-fedora-gcc 3.5.4 274.69 OK
r-devel-windows-x86_64 3.5.4 46.00 198.00 244.00 OK
r-patched-linux-x86_64 3.5.4 46.62 148.35 194.97 OK
r-release-linux-x86_64 3.5.4 49.08 145.70 194.78 OK
r-release-macos-arm64 3.5.4 115.00 OK
r-release-macos-x86_64 3.5.4 141.00 OK
r-release-windows-x86_64 3.5.4 45.00 191.00 236.00 FAIL
r-oldrel-macos-arm64 3.5.4 115.00 OK
r-oldrel-macos-x86_64 3.5.4 187.00 OK
r-oldrel-windows-x86_64 3.5.4 58.00 252.00 310.00 OK

Check Details

Version: 3.5.4
Check: tests
Result: ERROR Running 'testthat.R' [102s] Running the tests in 'tests/testthat.R' failed. Complete output: > library(testthat) > test_check("DMCfun") Loading required package: DMCfun DMC Parameters: amp:20.0 tau:30 drc:0.50 bnds:75 bndsRate:0.00 bndsSaturation:0 resMean:300 resSD:30 aaShape:2.0 spShape:3.0 spBias:0.0 sigm:4.0 Results Summary: rtCor sdRtCor perErr rtErr sdRtErr perSlow comp 440 105 0.64 483 106 0.0 incomp 458 94 1.33 407 97 0.0 Delta Values (Correct): 10.0% 20.0% 30.0% 40.0% 50.0% 60.0% 70.0% 80.0% 90.0% comp 331.8 354.8 375.1 395.1 416.9 442.3 472.8 512.9 578.4 incomp 363.3 385.6 403.4 420.2 437.8 458.1 483.3 518.6 579.1 mean 347.5 370.2 389.3 407.6 427.4 450.2 478.0 515.7 578.7 effect 31.5 30.8 28.3 25.1 20.9 15.8 10.5 5.7 0.7 CAF Values: 0-20% 20-40% 40-60% 60-80% 80-100% comp 0.999 0.996 0.992 0.992 0.990 incomp 0.965 0.989 0.993 0.993 0.993 DMC Parameters: amp:20.0 tau:30 drc:0.50 bnds:75 bndsRate:0.00 bndsSaturation:0 resMean:300 resSD:30 aaShape:2.0 spShape:3.0 spBias:0.0 sigm:4.0 Results Summary: rtCor sdRtCor perErr rtErr sdRtErr perSlow comp 440 105 0.64 466 84 0.0 incomp 459 95 1.34 409 100 0.0 Delta Values (Correct): 10.0% 20.0% 30.0% 40.0% 50.0% 60.0% 70.0% 80.0% 90.0% comp 331.6 355.0 375.2 395.2 417.1 442.4 473.0 513.2 578.4 incomp 363.3 385.6 403.6 420.5 438.1 458.4 483.5 519.0 580.3 mean 347.4 370.3 389.4 407.9 427.6 450.4 478.3 516.1 579.3 effect 31.7 30.6 28.4 25.3 21.0 16.0 10.5 5.8 1.9 CAF Values: 0-20% 20-40% 40-60% 60-80% 80-100% comp 0.999 0.995 0.991 0.991 0.992 incomp 0.965 0.989 0.993 0.993 0.992 DMC Parameters: amp:20.0 tau:30 drc:0.50 bnds:75 bndsRate:0.00 bndsSaturation:0 resMean:300 resSD:30 aaShape:2.0 spShape:3.0 spBias:0.0 sigm:4.0 Results Summary: rtCor sdRtCor perErr rtErr sdRtErr perSlow comp 440 106 0.65 475 93 0.0 incomp 458 95 1.32 409 98 0.0 Delta Values (Correct): 10.0% 20.0% 30.0% 40.0% 50.0% 60.0% 70.0% 80.0% 90.0% comp 331.8 355.2 375.4 395.6 416.9 442.4 472.3 513.6 578.6 incomp 363.2 385.5 403.4 420.3 438.2 458.5 483.6 518.4 579.6 mean 347.5 370.3 389.4 408.0 427.5 450.5 477.9 516.0 579.1 effect 31.4 30.2 28.1 24.7 21.3 16.2 11.3 4.8 1.0 CAF Values: 0-20% 20-40% 40-60% 60-80% 80-100% comp 0.998 0.996 0.991 0.990 0.991 incomp 0.967 0.989 0.992 0.993 0.992 DMC Parameters: amp:20.0 tau:150 drc:0.50 bnds:75 bndsRate:0.00 bndsSaturation:0 resMean:300 resSD:30 aaShape:2.0 spShape:3.0 spBias:0.0 sigm:4.0 Results Summary: rtCor sdRtCor perErr rtErr sdRtErr perSlow comp 421 90 0.26 503 134 0.0 incomp 484 103 2.22 424 81 0.0 Delta Values (Correct): 10.0% 20.0% 30.0% 40.0% 50.0% 60.0% 70.0% 80.0% 90.0% comp 335.1 355.0 370.9 385.7 401.3 418.8 440.2 471.2 529.5 incomp 371.8 399.7 422.4 444.1 466.6 491.0 519.8 557.9 617.6 mean 353.4 377.4 396.6 414.9 434.0 454.9 480.0 514.6 573.6 effect 36.7 44.7 51.5 58.4 65.3 72.2 79.7 86.7 88.0 CAF Values: 0-20% 20-40% 40-60% 60-80% 80-100% comp 0.999 0.999 0.998 0.997 0.993 incomp 0.952 0.972 0.983 0.989 0.993 Data set 1: | cost: 41.388 Data set 1: | cost: 36.905 Data set 1: | cost: 38.767 Data set 1: | cost: 28.375 Data set 1: | cost: 53.997 Data set 1: | cost: 57.734 Data set 1: | cost: 42.187 Data set 1: | cost: 39.277 Data set 1: | cost: 39.682 Data set 1: | cost: 30.604 Data set 1: | cost: 31.656 Data set 1: | cost: 30.132 Data set 1: | cost: 29.174 Data set 1: | cost: 25.844 Data set 1: | cost: 25.797 Data set 1: | cost: 31.587 Data set 1: | cost: 29.802 Data set 1: | cost: 30.257 Data set 1: | cost: 27.767 Data set 1: | cost: 26.181 Data set 1: | cost: 29.902 DMC Parameters: amp:21.1 tau:114 drc:0.53 bnds:74 bndsRate:0.00 bndsSaturation:0 resMean:287 resSD:25 aaShape:2.1 spShape:3.2 spBias:0.0 sigm:4.0 Results Summary: rtCor sdRtCor perErr rtErr sdRtErr perSlow comp 398 91 1.40 312 45 0.0 incomp 454 101 4.50 357 62 0.0 Delta Values (Correct): 5.0% 10.0% 15.0% 20.0% 25.0% 30.0% 35.0% 40.0% 45.0% 50.0% 55.0% 60.0% 65.0% 70.0% 75.0% 80.0% 85.0% 90.0% 95.0% comp 293.7 308.0 317.8 327.5 337.2 346.1 353.2 360.0 366.8 375.7 385.4 395.7 407.9 422.4 436.6 454.9 476.7 519.8 574.8 incomp 316.3 341.5 357.8 369.9 382.1 392.7 405.3 417.7 427.5 439.5 449.7 461.6 473.2 489.8 507.5 528.8 557.1 593.1 626.4 mean 305.0 324.7 337.8 348.7 359.6 369.4 379.3 388.8 397.2 407.6 417.6 428.7 440.5 456.1 472.0 491.9 516.9 556.4 600.6 effect 22.5 33.5 40.0 42.3 44.9 46.6 52.1 57.7 60.7 63.7 64.2 66.0 65.4 67.4 70.9 73.9 80.4 73.3 51.6 CAF Values: 0-20% 20-40% 40-60% 60-80% 80-100% comp 0.965 0.970 1.000 0.995 1.000 incomp 0.840 0.980 0.980 0.975 1.000 Data set 1: | cost: 53.239 Data set 1: | cost: 48.947 Data set 1: | cost: 53.353 Data set 1: | cost: 40.060 Data set 1: | cost: 62.826 Data set 1: | cost: 70.374 Data set 1: | cost: 47.350 Data set 1: | cost: 50.092 Data set 1: | cost: 53.715 Data set 1: | cost: 40.894 Data set 1: | cost: 49.558 Data set 1: | cost: 28.265 Data set 1: | cost: 27.702 Data set 1: | cost: 37.293 Data set 1: | cost: 41.302 Data set 1: | cost: 35.660 Data set 1: | cost: 39.500 Data set 1: | cost: 34.148 Data set 1: | cost: 39.286 Data set 1: | cost: 29.820 Data set 1: | cost: 34.564 DMC Parameters: amp:20.9 tau:209 drc:0.52 bnds:61 bndsRate:0.00 bndsSaturation:0 resMean:289 resSD:31 aaShape:2.1 spShape:3.1 spBias:0.0 sigm:4.0 Results Summary: rtCor sdRtCor perErr rtErr sdRtErr perSlow comp 382 78 2.90 322 43 0.0 incomp 431 107 8.40 353 75 0.0 Delta Values (Correct): 5.0% 10.0% 15.0% 20.0% 25.0% 30.0% 35.0% 40.0% 45.0% 50.0% 55.0% 60.0% 65.0% 70.0% 75.0% 80.0% 85.0% 90.0% 95.0% comp 282.0 301.0 312.8 323.0 330.3 338.1 345.3 351.7 359.2 367.5 375.6 383.0 391.1 402.5 416.3 431.4 451.1 479.4 532.2 incomp 297.1 317.2 330.8 343.9 352.9 365.3 374.6 387.0 398.2 408.1 423.6 437.7 451.9 465.9 484.4 507.4 535.5 569.2 620.8 mean 289.6 309.1 321.8 333.4 341.6 351.7 359.9 369.3 378.7 387.8 399.6 410.4 421.5 434.2 450.4 469.4 493.3 524.3 576.5 effect 15.2 16.2 18.0 21.0 22.6 27.2 29.3 35.2 39.0 40.6 48.0 54.7 60.7 63.5 68.1 76.0 84.4 89.8 88.7 CAF Values: 0-20% 20-40% 40-60% 60-80% 80-100% comp 0.915 0.985 0.965 0.995 0.995 incomp 0.790 0.900 0.960 0.950 0.980 Data set 1: | cost: 0.141 Data set 1: | cost: 0.112 Data set 1: | cost: 0.134 Data set 1: | cost: 0.276 Data set 1: | cost: 0.513 Data set 1: | cost: 0.134 Data set 1: | cost: 0.092 Data set 1: | cost: 0.270 Data set 1: | cost: 0.151 Data set 1: | cost: 0.089 Data set 1: | cost: 0.275 Data set 1: | cost: 0.160 Data set 1: | cost: 0.141 Data set 1: | cost: 0.088 Data set 1: | cost: 0.115 Data set 1: | cost: 0.121 Data set 1: | cost: 0.092 Data set 1: | cost: 0.087 Data set 1: | cost: 0.065 Data set 1: | cost: 0.082 Data set 1: | cost: 0.079 DMC Parameters: amp:22.1 tau:74 drc:0.60 bnds:69 bndsRate:0.00 bndsSaturation:0 resMean:301 resSD:33 aaShape:2.5 spShape:3.3 spBias:0.0 sigm:4.0 Results Summary: rtCor sdRtCor perErr rtErr sdRtErr perSlow comp 391 76 0.70 347 44 0.0 incomp 441 86 4.90 345 55 0.0 Delta Values (Correct): 5.0% 10.0% 15.0% 20.0% 25.0% 30.0% 35.0% 40.0% 45.0% 50.0% 55.0% 60.0% 65.0% 70.0% 75.0% 80.0% 85.0% 90.0% 95.0% comp 296.9 313.1 325.8 334.9 343.3 350.6 355.9 363.7 370.3 375.7 384.9 394.0 401.2 409.7 421.4 434.3 452.6 481.3 531.8 incomp 319.1 339.2 352.1 364.8 376.5 389.3 400.6 410.1 421.8 432.3 444.2 457.6 467.9 478.7 493.5 513.0 533.2 554.6 583.5 mean 308.0 326.1 338.9 349.9 359.9 369.9 378.3 386.9 396.1 404.0 414.5 425.8 434.5 444.2 457.5 473.7 492.9 518.0 557.7 effect 22.2 26.1 26.3 29.9 33.2 38.7 44.7 46.3 51.6 56.6 59.2 63.6 66.7 69.0 72.2 78.7 80.6 73.4 51.8 CAF Values: 0-20% 20-40% 40-60% 60-80% 80-100% comp 0.990 0.985 0.995 0.995 1.000 incomp 0.860 0.925 0.975 0.995 1.000 Data set 1: | cost: 46.767 Data set 1: | cost: 46.603 Data set 1: | cost: 46.471 Data set 1: | cost: 36.241 Data set 1: | cost: 58.362 Data set 1: | cost: 67.517 Data set 1: | cost: 47.605 Data set 1: | cost: 50.565 Data set 1: | cost: 45.042 Data set 1: | cost: 44.560 Data set 1: | cost: 41.057 Data set 1: | cost: 37.998 Data set 1: | cost: 36.402 Data set 1: | cost: 40.294 Data set 1: | cost: 36.801 Data set 1: | cost: 36.551 Data set 1: | cost: 37.019 Data set 1: | cost: 38.112 Data set 1: | cost: 36.920 Data set 1: | cost: 35.876 Data set 1: | cost: 34.100 DMC Parameters: amp:20.0 tau:300 drc:0.57 bnds:75 bndsRate:0.00 bndsSaturation:0 resMean:300 resSD:30 aaShape:2.0 spShape:3.0 spBias:0.0 sigm:4.0 Results Summary: rtCor sdRtCor perErr rtErr sdRtErr perSlow comp 406 80 0.80 347 71 0.0 incomp 450 100 3.30 381 56 0.0 Delta Values (Correct): 5.0% 10.0% 15.0% 20.0% 25.0% 30.0% 35.0% 40.0% 45.0% 50.0% 55.0% 60.0% 65.0% 70.0% 75.0% 80.0% 85.0% 90.0% 95.0% comp 300.4 318.1 333.4 344.3 353.9 361.5 368.6 377.5 385.8 396.0 403.4 411.7 420.5 431.7 445.6 462.3 478.9 510.8 543.9 incomp 316.5 334.9 351.9 366.5 376.5 389.1 400.8 411.3 423.6 436.4 449.0 460.1 472.3 489.5 503.8 523.1 548.2 579.0 636.6 mean 308.4 326.5 342.6 355.4 365.2 375.3 384.7 394.4 404.7 416.2 426.2 435.9 446.4 460.6 474.7 492.7 513.5 544.9 590.3 effect 16.1 16.8 18.5 22.2 22.6 27.6 32.2 33.8 37.8 40.4 45.6 48.4 51.8 57.8 58.2 60.8 69.3 68.2 92.7 CAF Values: 0-20% 20-40% 40-60% 60-80% 80-100% comp 0.975 0.995 0.995 1.000 0.995 incomp 0.930 0.940 0.980 0.990 0.995 Data set 1: | cost: 75.961 Data set 1: | cost: 74.378 Data set 1: | cost: 75.803 Data set 1: | cost: 62.949 Data set 1: | cost: 84.591 Data set 1: | cost: 99.040 Data set 1: | cost: 70.677 Data set 1: | cost: 68.717 Data set 1: | cost: 75.567 Data set 1: | cost: 54.521 Data set 1: | cost: 42.554 Data set 1: | cost: 44.392 Data set 1: | cost: 56.529 Data set 1: | cost: 53.054 Data set 1: | cost: 55.322 Data set 1: | cost: 51.032 Data set 1: | cost: 57.274 Data set 1: | cost: 41.735 Data set 1: | cost: 34.022 Data set 1: | cost: 38.242 Data set 1: | cost: 43.808 DMC Parameters: amp:22.0 tau:41 drc:0.55 bnds:73 bndsRate:0.00 bndsSaturation:0 resMean:256 resSD:33 aaShape:2.2 spShape:2.6 spBias:0.0 sigm:4.0 Results Summary: rtCor sdRtCor perErr rtErr sdRtErr perSlow comp 370 105 1.60 410 111 0.0 incomp 394 86 8.10 293 49 0.0 Delta Values (Correct): 5.0% 10.0% 15.0% 20.0% 25.0% 30.0% 35.0% 40.0% 45.0% 50.0% 55.0% 60.0% 65.0% 70.0% 75.0% 80.0% 85.0% 90.0% 95.0% comp 246.7 262.5 271.7 284.0 295.1 306.4 315.2 322.0 332.3 342.9 354.9 369.8 382.6 401.5 423.2 447.5 479.6 516.9 588.8 incomp 278.3 295.4 310.3 323.4 337.0 347.6 355.6 366.6 376.1 384.7 393.0 403.7 416.2 426.8 438.7 454.5 474.0 500.6 544.9 mean 262.5 278.9 291.0 303.7 316.1 327.0 335.4 344.3 354.2 363.8 373.9 386.8 399.4 414.2 430.9 451.0 476.8 508.8 566.8 effect 31.6 33.0 38.6 39.4 41.9 41.2 40.5 44.6 43.7 41.8 38.2 33.8 33.6 25.3 15.5 7.0 -5.6 -16.4 -43.9 CAF Values: 0-20% 20-40% 40-60% 60-80% 80-100% comp 0.990 0.985 0.990 0.990 0.965 incomp 0.720 0.925 0.965 0.985 1.000 Data set 1: | cost: 0.249 Data set 1: | cost: 0.235 Data set 1: | cost: 0.243 Data set 1: | cost: 0.283 Data set 1: | cost: 0.358 Data set 1: | cost: 0.226 Data set 1: | cost: 0.192 Data set 1: | cost: 0.594 Data set 1: | cost: 0.243 Data set 1: | cost: 0.180 Data set 1: | cost: 0.274 Data set 1: | cost: 0.177 Data set 1: | cost: 0.189 Data set 1: | cost: 0.193 Data set 1: | cost: 0.145 Data set 1: | cost: 0.304 Data set 1: | cost: 0.183 Data set 1: | cost: 0.151 Data set 1: | cost: 0.225 Data set 1: | cost: 0.135 Data set 1: | cost: 0.127 DMC Parameters: amp:21.0 tau:131 drc:0.60 bnds:73 bndsRate:0.00 bndsSaturation:0 resMean:307 resSD:31 aaShape:2.5 spShape:3.1 spBias:0.0 sigm:4.0 Results Summary: rtCor sdRtCor perErr rtErr sdRtErr perSlow comp 409 77 1.20 361 48 0.0 incomp 446 93 3.30 387 69 0.0 Delta Values (Correct): 5.0% 10.0% 15.0% 20.0% 25.0% 30.0% 35.0% 40.0% 45.0% 50.0% 55.0% 60.0% 65.0% 70.0% 75.0% 80.0% 85.0% 90.0% 95.0% comp 311.8 328.3 338.9 348.2 356.6 365.7 373.8 380.3 389.0 397.2 404.1 412.4 421.4 432.3 445.0 460.4 482.3 505.7 544.9 incomp 320.4 333.5 349.2 360.9 374.8 387.1 399.3 410.9 422.8 436.1 446.4 458.4 474.0 488.8 506.1 519.4 539.5 569.9 620.0 mean 316.1 330.9 344.0 354.6 365.7 376.4 386.5 395.6 405.9 416.6 425.2 435.4 447.7 460.5 475.5 489.9 510.9 537.8 582.4 effect 8.6 5.2 10.3 12.7 18.2 21.4 25.5 30.5 33.8 38.9 42.3 46.0 52.6 56.5 61.0 59.0 57.2 64.1 75.1 CAF Values: 0-20% 20-40% 40-60% 60-80% 80-100% comp 0.980 0.980 0.990 0.990 1.000 incomp 0.930 0.955 0.975 0.985 0.990 Data set 1: | cost: 1.150 Data set 1: | cost: 1.095 Data set 1: | cost: 1.134 Data set 1: | cost: 1.735 Data set 1: | cost: 2.590 Data set 1: | cost: 1.011 Data set 1: | cost: 0.980 Data set 1: | cost: 0.379 Data set 1: | cost: 0.343 Data set 1: | cost: 0.291 Data set 1: | cost: 0.156 Data set 1: | cost: 0.270 Data set 1: | cost: 0.346 Data set 1: | cost: 0.162 Data set 1: | cost: 0.229 Data set 1: | cost: 0.309 Data set 1: | cost: 0.247 Data set 1: | cost: 0.561 Data set 1: | cost: 0.260 Data set 1: | cost: 1.488 Data set 1: | cost: 0.404 DMC Parameters: amp:21.5 tau:86 drc:0.60 bnds:62 bndsRate:0.00 bndsSaturation:0 resMean:270 resSD:32 aaShape:2.5 spShape:3.2 spBias:0.0 sigm:4.0 Results Summary: rtCor sdRtCor perErr rtErr sdRtErr perSlow comp 351 76 1.40 299 45 0.0 incomp 396 80 6.90 326 46 0.0 Delta Values (Correct): 5.0% 10.0% 15.0% 20.0% 25.0% 30.0% 35.0% 40.0% 45.0% 50.0% 55.0% 60.0% 65.0% 70.0% 75.0% 80.0% 85.0% 90.0% 95.0% comp 262.9 276.1 286.3 295.8 304.3 311.3 316.7 321.6 329.4 334.6 343.6 351.1 359.2 367.1 379.5 394.5 413.6 440.4 489.1 incomp 281.1 303.2 315.8 326.3 337.1 350.7 356.5 366.2 375.2 384.3 396.5 406.6 416.2 428.2 447.1 464.7 480.5 501.9 540.3 mean 272.0 289.6 301.0 311.0 320.7 331.0 336.6 343.9 352.3 359.5 370.1 378.9 387.7 397.6 413.3 429.6 447.0 471.1 514.7 effect 18.2 27.1 29.5 30.6 32.8 39.4 39.8 44.7 45.8 49.7 52.9 55.5 56.9 61.1 67.6 70.2 66.9 61.5 51.2 CAF Values: 0-20% 20-40% 40-60% 60-80% 80-100% comp 0.960 0.980 1.000 0.995 0.995 incomp 0.840 0.905 0.925 0.985 1.000 Iteration: 1 bestvalit: 32.177248 bestmemit: 31.912951 80.279871 0.603147 75.022553 309.008957 64.538561 1.447272 2.696727 Iteration: 2 bestvalit: 32.177248 bestmemit: 31.912951 80.279871 0.603147 75.022553 309.008957 64.538561 1.447272 2.696727 Iteration: 3 bestvalit: 19.893506 bestmemit: 14.635752 70.044662 0.563174 65.640777 305.744327 30.082364 2.783792 2.752994 Iteration: 4 bestvalit: 19.893506 bestmemit: 14.635752 70.044662 0.563174 65.640777 305.744327 30.082364 2.783792 2.752994 Iteration: 5 bestvalit: 19.893506 bestmemit: 14.635752 70.044662 0.563174 65.640777 305.744327 30.082364 2.783792 2.752994 Iteration: 6 bestvalit: 19.893506 bestmemit: 14.635752 70.044662 0.563174 65.640777 305.744327 30.082364 2.783792 2.752994 Iteration: 7 bestvalit: 19.893506 bestmemit: 14.635752 70.044662 0.563174 65.640777 305.744327 30.082364 2.783792 2.752994 Iteration: 8 bestvalit: 19.893506 bestmemit: 14.635752 70.044662 0.563174 65.640777 305.744327 30.082364 2.783792 2.752994 Iteration: 9 bestvalit: 19.893506 bestmemit: 14.635752 70.044662 0.563174 65.640777 305.744327 30.082364 2.783792 2.752994 Iteration: 10 bestvalit: 16.643696 bestmemit: 15.783575 168.810858 0.687383 56.255183 346.165224 23.669328 1.500906 2.130554 Iteration: 11 bestvalit: 16.643696 bestmemit: 15.783575 168.810858 0.687383 56.255183 346.165224 23.669328 1.500906 2.130554 Iteration: 12 bestvalit: 16.643696 bestmemit: 15.783575 168.810858 0.687383 56.255183 346.165224 23.669328 1.500906 2.130554 Iteration: 13 bestvalit: 14.736239 bestmemit: 15.783575 168.810858 0.707702 53.960015 346.165224 23.669328 1.500906 2.130554 Iteration: 14 bestvalit: 14.736239 bestmemit: 15.783575 168.810858 0.707702 53.960015 346.165224 23.669328 1.500906 2.130554 Iteration: 15 bestvalit: 14.736239 bestmemit: 15.783575 168.810858 0.707702 53.960015 346.165224 23.669328 1.500906 2.130554 Iteration: 16 bestvalit: 14.736239 bestmemit: 15.783575 168.810858 0.707702 53.960015 346.165224 23.669328 1.500906 2.130554 Iteration: 17 bestvalit: 14.736239 bestmemit: 15.783575 168.810858 0.707702 53.960015 346.165224 23.669328 1.500906 2.130554 Iteration: 18 bestvalit: 14.736239 bestmemit: 15.783575 168.810858 0.707702 53.960015 346.165224 23.669328 1.500906 2.130554 Iteration: 19 bestvalit: 14.736239 bestmemit: 15.783575 168.810858 0.707702 53.960015 346.165224 23.669328 1.500906 2.130554 Iteration: 20 bestvalit: 14.736239 bestmemit: 15.783575 168.810858 0.707702 53.960015 346.165224 23.669328 1.500906 2.130554 DMC Parameters: amp:15.8 tau:169 drc:0.71 bnds:54 bndsRate:0.00 bndsSaturation:0 resMean:346 resSD:24 aaShape:1.5 spShape:2.1 spBias:0.0 sigm:4.0 Results Summary: rtCor sdRtCor perErr rtErr sdRtErr perSlow comp 407 58 1.50 371 21 0.0 incomp 435 63 6.90 369 32 0.0 Delta Values (Correct): 5.0% 10.0% 15.0% 20.0% 25.0% 30.0% 35.0% 40.0% 45.0% 50.0% 55.0% 60.0% 65.0% 70.0% 75.0% 80.0% 85.0% 90.0% 95.0% comp 336.8 347.8 356.9 363.5 369.7 374.5 378.9 384.3 389.8 395.2 402.1 408.8 415.2 423.1 432.9 444.2 462.9 480.8 519.8 incomp 351.6 364.6 373.8 383.5 390.8 398.3 404.5 410.7 416.6 422.4 429.5 436.8 447.4 459.7 468.2 483.0 499.6 525.4 551.5 mean 344.2 356.2 365.3 373.5 380.2 386.4 391.7 397.5 403.2 408.8 415.8 422.8 431.3 441.4 450.6 463.6 481.3 503.1 535.7 effect 14.8 16.7 16.9 20.0 21.1 23.7 25.6 26.5 26.8 27.2 27.4 28.0 32.2 36.6 35.3 38.7 36.7 44.7 31.7 CAF Values: 0-20% 20-40% 40-60% 60-80% 80-100% comp 0.975 0.975 0.975 1.000 1.000 incomp 0.785 0.910 0.970 0.990 1.000 Iteration: 1 bestvalit: 0.329075 bestmemit: 23.395539 180.806041 0.828875 73.974456 338.352934 34.662538 1.709934 3.098264 Iteration: 2 bestvalit: 0.329075 bestmemit: 23.395539 180.806041 0.828875 73.974456 338.352934 34.662538 1.709934 3.098264 Iteration: 3 bestvalit: 0.216142 bestmemit: 15.271298 223.097587 0.699169 29.552773 360.532724 66.530101 2.379418 2.601087 Iteration: 4 bestvalit: 0.216142 bestmemit: 15.271298 223.097587 0.699169 29.552773 360.532724 66.530101 2.379418 2.601087 Iteration: 5 bestvalit: 0.216142 bestmemit: 15.271298 223.097587 0.699169 29.552773 360.532724 66.530101 2.379418 2.601087 Iteration: 6 bestvalit: 0.139653 bestmemit: 28.368921 12.644512 0.941229 56.158702 356.596672 35.852218 2.495507 3.706300 Iteration: 7 bestvalit: 0.139653 bestmemit: 28.368921 12.644512 0.941229 56.158702 356.596672 35.852218 2.495507 3.706300 Iteration: 8 bestvalit: 0.139653 bestmemit: 28.368921 12.644512 0.941229 56.158702 356.596672 35.852218 2.495507 3.706300 Iteration: 9 bestvalit: 0.112015 bestmemit: 26.914597 170.382486 0.641745 56.105023 334.134209 52.651401 1.297947 2.959137 Iteration: 10 bestvalit: 0.080015 bestmemit: 26.914597 170.382486 0.641745 50.309967 334.134209 52.651401 1.297947 2.959137 Iteration: 11 bestvalit: 0.080015 bestmemit: 26.914597 170.382486 0.641745 50.309967 334.134209 52.651401 1.297947 2.959137 Iteration: 12 bestvalit: 0.080015 bestmemit: 26.914597 170.382486 0.641745 50.309967 334.134209 52.651401 1.297947 2.959137 Iteration: 13 bestvalit: 0.076731 bestmemit: 26.914597 247.987807 0.690843 50.309967 334.134209 52.651401 1.297947 2.959137 Iteration: 14 bestvalit: 0.076731 bestmemit: 26.914597 247.987807 0.690843 50.309967 334.134209 52.651401 1.297947 2.959137 Iteration: 15 bestvalit: 0.076731 bestmemit: 26.914597 247.987807 0.690843 50.309967 334.134209 52.651401 1.297947 2.959137 Iteration: 16 bestvalit: 0.076731 bestmemit: 26.914597 247.987807 0.690843 50.309967 334.134209 52.651401 1.297947 2.959137 Iteration: 17 bestvalit: 0.076731 bestmemit: 26.914597 247.987807 0.690843 50.309967 334.134209 52.651401 1.297947 2.959137 Iteration: 18 bestvalit: 0.076731 bestmemit: 26.914597 247.987807 0.690843 50.309967 334.134209 52.651401 1.297947 2.959137 Iteration: 19 bestvalit: 0.049346 bestmemit: 20.672187 129.846209 0.690843 50.309967 334.134209 52.651401 1.297947 2.959137 Iteration: 20 bestvalit: 0.049346 bestmemit: 20.672187 129.846209 0.690843 50.309967 334.134209 52.651401 1.297947 2.959137 DMC Parameters: amp:20.7 tau:130 drc:0.69 bnds:50 bndsRate:0.00 bndsSaturation:0 resMean:334 resSD:53 aaShape:1.3 spShape:3.0 spBias:0.0 sigm:4.0 Results Summary: rtCor sdRtCor perErr rtErr sdRtErr perSlow comp 397 77 1.10 390 51 0.0 incomp 415 72 7.90 366 61 0.0 Delta Values (Correct): 5.0% 10.0% 15.0% 20.0% 25.0% 30.0% 35.0% 40.0% 45.0% 50.0% 55.0% 60.0% 65.0% 70.0% 75.0% 80.0% 85.0% 90.0% 95.0% comp 284.7 305.6 320.9 334.8 344.7 354.4 363.8 373.5 382.3 391.9 401.1 409.8 417.5 428.1 438.8 452.9 472.7 497.4 533.7 incomp 305.2 328.2 340.9 355.2 367.1 376.5 386.6 394.3 403.4 410.5 419.4 429.5 439.0 447.6 459.3 472.2 488.0 505.6 541.4 mean 295.0 316.9 330.9 345.0 355.9 365.4 375.2 383.9 392.8 401.2 410.3 419.6 428.2 437.9 449.1 462.6 480.3 501.5 537.6 effect 20.4 22.6 20.0 20.3 22.4 22.1 22.8 20.8 21.1 18.6 18.3 19.7 21.5 19.5 20.5 19.3 15.3 8.2 7.7 CAF Values: 0-20% 20-40% 40-60% 60-80% 80-100% comp 0.995 0.985 0.980 0.990 0.995 incomp 0.830 0.905 0.935 0.960 0.975 Iteration: 1 bestvalit: 24.400272 bestmemit: 19.431786 62.673087 0.772544 94.325145 289.499259 7.346435 2.676741 3.048772 Iteration: 2 bestvalit: 24.400272 bestmemit: 19.431786 62.673087 0.772544 94.325145 289.499259 7.346435 2.676741 3.048772 Iteration: 3 bestvalit: 24.400272 bestmemit: 19.431786 62.673087 0.772544 94.325145 289.499259 7.346435 2.676741 3.048772 Iteration: 4 bestvalit: 23.729383 bestmemit: 1.673432 153.798107 0.594211 48.591791 337.590029 28.918633 1.600905 3.363223 Iteration: 5 bestvalit: 23.729383 bestmemit: 1.673432 153.798107 0.594211 48.591791 337.590029 28.918633 1.600905 3.363223 Iteration: 6 bestvalit: 23.729383 bestmemit: 1.673432 153.798107 0.594211 48.591791 337.590029 28.918633 1.600905 3.363223 Iteration: 7 bestvalit: 20.710900 bestmemit: 17.632328 46.332114 0.625435 58.629728 331.330891 19.818282 2.649618 3.688887 Iteration: 8 bestvalit: 20.710900 bestmemit: 17.632328 46.332114 0.625435 58.629728 331.330891 19.818282 2.649618 3.688887 Iteration: 9 bestvalit: 20.710900 bestmemit: 17.632328 46.332114 0.625435 58.629728 331.330891 19.818282 2.649618 3.688887 Iteration: 10 bestvalit: 20.710900 bestmemit: 17.632328 46.332114 0.625435 58.629728 331.330891 19.818282 2.649618 3.688887 Iteration: 11 bestvalit: 20.710900 bestmemit: 17.632328 46.332114 0.625435 58.629728 331.330891 19.818282 2.649618 3.688887 Iteration: 12 bestvalit: 20.710900 bestmemit: 17.632328 46.332114 0.625435 58.629728 331.330891 19.818282 2.649618 3.688887 Iteration: 13 bestvalit: 20.710900 bestmemit: 17.632328 46.332114 0.625435 58.629728 331.330891 19.818282 2.649618 3.688887 Iteration: 14 bestvalit: 20.710900 bestmemit: 17.632328 46.332114 0.625435 58.629728 331.330891 19.818282 2.649618 3.688887 Iteration: 15 bestvalit: 20.578225 bestmemit: 20.488900 176.535971 0.770910 56.548161 359.222053 31.686413 2.013113 2.553246 Iteration: 16 bestvalit: 19.884360 bestmemit: 19.374835 176.535971 0.770910 56.548161 359.222053 31.686413 2.013113 2.553246 Iteration: 17 bestvalit: 18.872441 bestmemit: 19.374835 176.535971 0.946993 56.548161 359.222053 31.686413 2.013113 2.553246 Iteration: 18 bestvalit: 18.872441 bestmemit: 19.374835 176.535971 0.946993 56.548161 359.222053 31.686413 2.013113 2.553246 Iteration: 19 bestvalit: 18.311283 bestmemit: 4.311521 46.332114 0.625435 58.629728 331.330891 19.818282 2.649618 3.688887 Iteration: 20 bestvalit: 16.038825 bestmemit: 13.757151 31.877664 0.807152 76.403078 332.203144 17.009369 2.163019 3.960378 DMC Parameters: amp:13.8 tau:32 drc:0.81 bnds:76 bndsRate:0.00 bndsSaturation:0 resMean:332 resSD:17 aaShape:2.2 spShape:4.0 spBias:0.0 sigm:4.0 Results Summary: rtCor sdRtCor perErr rtErr sdRtErr perSlow comp 421 64 0.50 426 49 0.0 incomp 436 57 1.40 363 40 0.0 Delta Values (Correct): 5.0% 10.0% 15.0% 20.0% 25.0% 30.0% 35.0% 40.0% 45.0% 50.0% 55.0% 60.0% 65.0% 70.0% 75.0% 80.0% 85.0% 90.0% 95.0% comp 342.4 353.4 362.9 367.3 374.0 380.6 386.2 392.5 399.4 407.3 414.8 422.8 434.8 445.2 454.2 470.1 488.1 506.2 538.9 incomp 359.5 371.3 383.3 390.5 397.1 403.1 409.3 415.5 421.4 428.2 433.8 439.0 446.5 454.5 464.1 475.8 489.2 511.8 545.8 mean 351.0 362.3 373.1 378.9 385.6 391.8 397.8 404.0 410.4 417.7 424.3 430.9 440.7 449.9 459.1 473.0 488.7 509.0 542.3 effect 17.1 17.8 20.3 23.2 23.2 22.6 23.0 23.0 22.0 20.9 19.0 16.2 11.7 9.3 9.9 5.7 1.1 5.6 6.9 CAF Values: 0-20% 20-40% 40-60% 60-80% 80-100% comp 0.995 1.000 0.995 0.990 0.995 incomp 0.940 0.995 1.000 0.995 1.000 Iteration: 1 bestvalit: 35.741664 bestmemit: 37.235935 141.216996 0.947575 30.564465 351.997402 36.478519 2.781291 2.675702 Iteration: 2 bestvalit: 35.741664 bestmemit: 37.235935 141.216996 0.947575 30.564465 351.997402 36.478519 2.781291 2.675702 Iteration: 3 bestvalit: 35.741664 bestmemit: 37.235935 141.216996 0.947575 30.564465 351.997402 36.478519 2.781291 2.675702 Iteration: 4 bestvalit: 35.741664 bestmemit: 37.235935 141.216996 0.947575 30.564465 351.997402 36.478519 2.781291 2.675702 Iteration: 5 bestvalit: 27.046173 bestmemit: 31.625052 79.158643 0.951624 44.386296 342.998046 62.941323 1.292434 2.053066 Iteration: 6 bestvalit: 22.775533 bestmemit: 11.054215 171.237243 0.708109 59.624569 293.582906 5.134440 1.787995 2.549886 Iteration: 7 bestvalit: 22.775533 bestmemit: 11.054215 171.237243 0.708109 59.624569 293.582906 5.134440 1.787995 2.549886 Iteration: 8 bestvalit: 22.775533 bestmemit: 11.054215 171.237243 0.708109 59.624569 293.582906 5.134440 1.787995 2.549886 Iteration: 9 bestvalit: 22.775533 bestmemit: 11.054215 171.237243 0.708109 59.624569 293.582906 5.134440 1.787995 2.549886 Iteration: 10 bestvalit: 22.775533 bestmemit: 11.054215 171.237243 0.708109 59.624569 293.582906 5.134440 1.787995 2.549886 Iteration: 11 bestvalit: 22.775533 bestmemit: 11.054215 171.237243 0.708109 59.624569 293.582906 5.134440 1.787995 2.549886 Iteration: 12 bestvalit: 22.414721 bestmemit: 31.348832 230.336439 0.740059 42.804948 305.978677 54.063326 1.198643 3.945014 Iteration: 13 bestvalit: 22.414721 bestmemit: 31.348832 230.336439 0.740059 42.804948 305.978677 54.063326 1.198643 3.945014 Iteration: 14 bestvalit: 19.448269 bestmemit: 17.750196 40.448092 0.886970 30.978703 339.656353 59.379946 2.789788 2.579452 Iteration: 15 bestvalit: 19.448269 bestmemit: 17.750196 40.448092 0.886970 30.978703 339.656353 59.379946 2.789788 2.579452 Iteration: 16 bestvalit: 19.448269 bestmemit: 17.750196 40.448092 0.886970 30.978703 339.656353 59.379946 2.789788 2.579452 Iteration: 17 bestvalit: 17.720837 bestmemit: 17.545438 51.401120 0.692356 41.091388 325.512196 46.027924 2.482377 2.825247 Iteration: 18 bestvalit: 17.720837 bestmemit: 17.545438 51.401120 0.692356 41.091388 325.512196 46.027924 2.482377 2.825247 Iteration: 19 bestvalit: 17.720837 bestmemit: 17.545438 51.401120 0.692356 41.091388 325.512196 46.027924 2.482377 2.825247 Iteration: 20 bestvalit: 17.720837 bestmemit: 17.545438 51.401120 0.692356 41.091388 325.512196 46.027924 2.482377 2.825247 DMC Parameters: amp:17.5 tau:51 drc:0.69 bnds:41 bndsRate:0.00 bndsSaturation:0 resMean:326 resSD:46 aaShape:2.5 spShape:2.8 spBias:0.0 sigm:4.0 Results Summary: rtCor sdRtCor perErr rtErr sdRtErr perSlow comp 372 58 2.70 369 62 0.0 incomp 393 66 11.20 358 52 0.0 Delta Values (Correct): 5.0% 10.0% 15.0% 20.0% 25.0% 30.0% 35.0% 40.0% 45.0% 50.0% 55.0% 60.0% 65.0% 70.0% 75.0% 80.0% 85.0% 90.0% 95.0% comp 284.8 301.9 312.6 320.8 330.6 339.4 346.9 354.2 362.4 368.8 375.2 383.6 391.9 398.3 406.8 419.2 431.0 447.9 474.7 incomp 293.0 315.7 328.2 338.2 346.3 355.4 363.4 371.0 379.6 389.7 398.3 406.1 414.4 426.2 435.1 447.7 463.9 482.9 504.5 mean 288.9 308.8 320.4 329.5 338.4 347.4 355.2 362.6 371.0 379.2 386.7 394.8 403.1 412.2 421.0 433.4 447.5 465.4 489.6 effect 8.2 13.7 15.6 17.5 15.8 16.0 16.5 16.7 17.2 20.9 23.1 22.5 22.6 27.9 28.2 28.5 32.9 35.0 29.9 CAF Values: 0-20% 20-40% 40-60% 60-80% 80-100% comp 0.975 0.970 0.975 0.980 0.965 incomp 0.820 0.875 0.840 0.930 0.975 DMC Parameters: amp:20.0 tau:30 drc:0.50 bnds:75 bndsRate:0.00 bndsSaturation:0 resMean:300 resSD:30 aaShape:2.0 spShape:3.0 spBias:0.0 sigm:4.0 Results Summary: rtCor sdRtCor perErr rtErr sdRtErr perSlow comp 440 106 0.67 471 95 0.0 incomp 458 94 1.26 406 100 0.0 Delta Values (Correct): 10.0% 20.0% 30.0% 40.0% 50.0% 60.0% 70.0% 80.0% 90.0% comp 331.6 354.7 375.0 395.1 416.8 442.1 473.0 513.4 579.3 incomp 363.5 385.7 403.5 420.5 438.1 458.6 483.6 518.3 578.6 mean 347.5 370.2 389.3 407.8 427.5 450.4 478.3 515.9 578.9 effect 32.0 31.1 28.5 25.5 21.4 16.5 10.7 4.9 -0.7 CAF Values: 0-20% 20-40% 40-60% 60-80% 80-100% comp 0.998 0.995 0.991 0.990 0.991 incomp 0.967 0.990 0.993 0.993 0.993 DMC Parameters: amp:20.0 tau:30 drc:0.50 bnds:75 bndsRate:0.00 bndsSaturation:0 resMean:300 resSD:30 aaShape:2.0 spShape:3.0 spBias:0.0 sigm:4.0 Results Summary: rtCor sdRtCor perErr rtErr sdRtErr perSlow comp 440 105 0.69 473 95 0.0 incomp 458 94 1.34 404 95 0.0 Delta Values (Correct): 10.0% 30.0% 50.0% 70.0% 90.0% comp 331.7 375.1 416.8 472.3 578.4 incomp 363.4 403.6 438.4 484.1 579.5 mean 347.6 389.4 427.6 478.2 578.9 effect 31.7 28.5 21.5 11.7 1.1 CAF Values: 0-20% 20-40% 40-60% 60-80% 80-100% comp 0.999 0.996 0.990 0.989 0.991 incomp 0.963 0.990 0.993 0.993 0.993 DMC Parameters: amp:20.0 tau:30 drc:0.50 bnds:75 bndsRate:0.00 bndsSaturation:0 resMean:300 resSD:30 aaShape:2.0 spShape:3.0 spBias:0.0 sigm:4.0 Results Summary: rtCor sdRtCor perErr rtErr sdRtErr perSlow comp 440 105 0.68 477 109 0.0 incomp 459 95 1.29 404 92 0.0 Delta Values (Correct): 10.0% 20.0% 30.0% 40.0% 50.0% 60.0% 70.0% 80.0% 90.0% comp 331.6 354.7 374.9 395.0 417.0 442.0 472.6 513.2 579.3 incomp 363.1 385.5 403.6 420.6 438.7 459.1 484.1 519.2 580.8 mean 347.3 370.1 389.3 407.8 427.9 450.6 478.4 516.2 580.1 effect 31.5 30.8 28.7 25.6 21.8 17.1 11.5 6.0 1.5 CAF Values: 0-20% 20-40% 40-60% 60-80% 80-100% comp 0.999 0.995 0.991 0.990 0.991 incomp 0.965 0.990 0.993 0.995 0.993 Data set 1: | cost: 44.795 Data set 1: | cost: 38.697 Data set 1: | cost: 45.014 Data set 1: | cost: 35.988 Data set 1: | cost: 56.487 Data set 1: | cost: 59.321 Data set 1: | cost: 44.510 Data set 1: | cost: 45.578 Data set 1: | cost: 44.165 Data set 1: | cost: 33.153 Data set 1: | cost: 45.407 Data set 1: | cost: 28.684 Data set 1: | cost: 25.626 Data set 1: | cost: 29.712 Data set 1: | cost: 28.668 Data set 1: | cost: 32.814 Data set 1: | cost: 37.084 Data set 1: | cost: 24.503 Data set 1: | cost: 28.630 Data set 1: | cost: 27.919 Data set 1: | cost: 22.497 Data set 1: | cost: 25.724 Data set 1: | cost: 29.738 Data set 1: | cost: 35.904 Data set 1: | cost: 28.076 Data set 1: | cost: 33.134 Data set 1: | cost: 27.103 Data set 1: | cost: 23.153 Data set 1: | cost: 22.665 Data set 1: | cost: 27.419 Data set 1: | cost: 30.854 Data set 1: | cost: 39.725 Data set 1: | cost: 25.434 Data set 1: | cost: 25.578 Data set 1: | cost: 25.588 Data set 1: | cost: 28.178 Data set 1: | cost: 23.375 Data set 1: | cost: 20.464 Data set 1: | cost: 24.283 Data set 1: | cost: 29.136 Data set 1: | cost: 28.710 Data set 1: | cost: 22.760 Data set 1: | cost: 21.231 Data set 1: | cost: 20.359 Data set 1: | cost: 21.207 Data set 1: | cost: 20.369 Data set 1: | cost: 25.985 Data set 1: | cost: 22.723 Data set 1: | cost: 22.038 Data set 1: | cost: 20.031 Data set 1: | cost: 22.679 Data set 1: | cost: 28.433 Data set 1: | cost: 24.017 Data set 1: | cost: 22.218 Data set 1: | cost: 25.013 Data set 1: | cost: 22.872 Data set 1: | cost: 19.690 Data set 1: | cost: 17.630 Data set 1: | cost: 21.691 Data set 1: | cost: 25.771 Data set 1: | cost: 23.673 Data set 1: | cost: 22.479 Data set 1: | cost: 25.633 Data set 1: | cost: 26.325 Data set 1: | cost: 22.393 Data set 1: | cost: 22.820 Data set 1: | cost: 22.390 Data set 1: | cost: 22.097 Data set 1: | cost: 23.362 Data set 1: | cost: 21.983 Data set 1: | cost: 24.548 Data set 1: | cost: 21.896 Data set 1: | cost: 21.875 Data set 1: | cost: 27.104 Data set 1: | cost: 22.266 Data set 1: | cost: 22.960 Data set 1: | cost: 19.585 Data set 1: | cost: 25.282 Data set 1: | cost: 23.610 Data set 1: | cost: 21.675 Data set 1: | cost: 23.038 Data set 1: | cost: 23.493 Data set 1: | cost: 19.545 Data set 1: | cost: 18.850 Data set 1: | cost: 21.946 Data set 1: | cost: 23.763 Data set 1: | cost: 25.552 Data set 1: | cost: 21.772 Data set 1: | cost: 24.544 Data set 1: | cost: 22.285 Data set 1: | cost: 19.794 Data set 1: | cost: 23.516 Data set 1: | cost: 22.664 Data set 1: | cost: 23.259 Data set 1: | cost: 20.306 Data set 1: | cost: 22.715 Data set 1: | cost: 22.415 Data set 1: | cost: 23.403 Data set 1: | cost: 26.653 Data set 1: | cost: 27.181 Data set 1: | cost: 20.542 Data set 1: | cost: 26.716 Data set 1: | cost: 20.846 Data set 1: | cost: 21.529 Data set 1: | cost: 18.555 Data set 1: | cost: 18.271 Data set 1: | cost: 22.152 Data set 1: | cost: 19.778 Data set 1: | cost: 22.043 Data set 1: | cost: 22.504 Data set 1: | cost: 23.313 Data set 1: | cost: 19.543 Data set 1: | cost: 20.126 Data set 1: | cost: 23.491 Data set 1: | cost: 18.588 Data set 1: | cost: 22.073 Data set 1: | cost: 21.283 Data set 1: | cost: 22.904 Data set 1: | cost: 19.829 Data set 1: | cost: 25.659 Data set 1: | cost: 21.007 Data set 1: | cost: 18.186 Data set 1: | cost: 22.195 Data set 1: | cost: 18.270 Data set 1: | cost: 23.878 Data set 1: | cost: 23.796 Data set 1: | cost: 24.206 Data set 1: | cost: 21.122 Data set 1: | cost: 19.094 Data set 1: | cost: 20.271 Data set 1: | cost: 22.209 Data set 1: | cost: 22.693 Data set 1: | cost: 26.352 Data set 1: | cost: 23.335 Data set 1: | cost: 24.539 Data set 1: | cost: 19.953 Data set 1: | cost: 19.146 Data set 1: | cost: 20.113 Data set 1: | cost: 22.068 Data set 1: | cost: 22.854 Data set 1: | cost: 19.477 Data set 1: | cost: 20.422 Data set 1: | cost: 23.782 Data set 1: | cost: 22.566 Data set 1: | cost: 22.039 Data set 1: | cost: 24.664 Data set 1: | cost: 20.139 Data set 1: | cost: 20.363 Data set 1: | cost: 20.798 Data set 1: | cost: 19.119 Data set 1: | cost: 21.172 Data set 1: | cost: 19.777 Data set 1: | cost: 20.336 Data set 1: | cost: 24.551 Data set 1: | cost: 22.878 Data set 1: | cost: 21.018 Data set 1: | cost: 25.932 Data set 1: | cost: 24.847 Data set 1: | cost: 21.845 Data set 1: | cost: 20.898 Data set 1: | cost: 18.252 Data set 1: | cost: 21.792 Data set 1: | cost: 22.122 Data set 1: | cost: 18.952 Data set 1: | cost: 23.249 Data set 1: | cost: 22.102 Data set 1: | cost: 17.049 Data set 1: | cost: 21.373 Data set 1: | cost: 25.309 Data set 1: | cost: 21.534 Data set 1: | cost: 23.824 Data set 1: | cost: 21.908 Data set 1: | cost: 24.491 Data set 1: | cost: 22.602 Data set 1: | cost: 22.208 Data set 1: | cost: 24.097 Data set 1: | cost: 21.678 Data set 1: | cost: 19.228 Data set 1: | cost: 21.313 Data set 1: | cost: 18.451 Data set 1: | cost: 27.129 Data set 1: | cost: 22.674 Data set 1: | cost: 25.201 Data set 1: | cost: 23.614 Data set 1: | cost: 24.684 Data set 1: | cost: 25.482 Data set 1: | cost: 24.506 Data set 1: | cost: 23.320 Data set 1: | cost: 22.758 Data set 1: | cost: 20.376 Data set 1: | cost: 20.976 Data set 1: | cost: 21.709 Data set 1: | cost: 22.706 Data set 1: | cost: 22.874 Data set 1: | cost: 22.253 Data set 1: | cost: 22.408 Data set 1: | cost: 23.104 Data set 1: | cost: 24.444 Data set 1: | cost: 20.173 Data set 1: | cost: 23.722 Data set 1: | cost: 23.847 Data set 1: | cost: 23.334 Data set 1: | cost: 24.642 Data set 1: | cost: 24.290 Data set 1: | cost: 23.404 Data set 1: | cost: 29.390 Data set 1: | cost: 21.083 Data set 1: | cost: 23.330 Data set 1: | cost: 21.142 Data set 1: | cost: 23.627 Data set 1: | cost: 21.466 Data set 1: | cost: 21.649 Data set 1: | cost: 24.637 Data set 1: | cost: 23.158 Data set 1: | cost: 23.178 Data set 1: | cost: 22.659 Data set 1: | cost: 22.787 Data set 1: | cost: 18.292 Data set 1: | cost: 20.950 Data set 1: | cost: 21.499 Data set 1: | cost: 22.890 Data set 1: | cost: 25.470 Data set 1: | cost: 25.037 Data set 1: | cost: 26.112 Data set 1: | cost: 20.356 Data set 1: | cost: 21.575 Data set 1: | cost: 22.495 Data set 1: | cost: 23.076 Data set 1: | cost: 20.631 Data set 1: | cost: 26.294 Data set 1: | cost: 21.728 Data set 1: | cost: 23.759 Data set 1: | cost: 22.349 Data set 1: | cost: 22.087 Data set 1: | cost: 24.052 Data set 1: | cost: 24.055 Data set 1: | cost: 20.598 Data set 1: | cost: 20.123 Data set 1: | cost: 24.011 Data set 1: | cost: 25.976 Data set 1: | cost: 22.799 Data set 1: | cost: 22.738 Data set 1: | cost: 22.823 Data set 1: | cost: 19.133 Data set 1: | cost: 19.187 Data set 1: | cost: 19.315 Data set 1: | cost: 18.293 Data set 1: | cost: 19.327 Data set 1: | cost: 21.222 Data set 1: | cost: 22.990 Data set 1: | cost: 23.897 Data set 1: | cost: 23.841 Data set 1: | cost: 21.056 Data set 1: | cost: 26.155 Data set 1: | cost: 25.715 Data set 1: | cost: 21.575 Data set 1: | cost: 22.061 Data set 1: | cost: 19.002 Data set 1: | cost: 21.988 Data set 1: | cost: 20.896 Data set 1: | cost: 19.206 Data set 1: | cost: 24.016 Data set 1: | cost: 24.073 Data set 1: | cost: 26.852 Data set 1: | cost: 25.540 Data set 1: | cost: 22.052 Data set 1: | cost: 20.567 Data set 1: | cost: 23.564 Data set 1: | cost: 26.701 Data set 1: | cost: 20.705 Data set 1: | cost: 20.742 Data set 1: | cost: 21.475 Data set 1: | cost: 23.136 Data set 1: | cost: 21.670 Data set 1: | cost: 20.957 Data set 1: | cost: 25.766 Data set 1: | cost: 25.333 Data set 1: | cost: 23.584 Data set 1: | cost: 22.362 Data set 1: | cost: 23.646 Data set 1: | cost: 19.722 Data set 1: | cost: 20.545 Data set 1: | cost: 18.619 Data set 1: | cost: 25.712 Data set 1: | cost: 24.061 Data set 1: | cost: 24.236 Data set 1: | cost: 28.615 Data set 1: | cost: 27.741 Data set 1: | cost: 21.960 Data set 1: | cost: 24.863 Data set 1: | cost: 21.079 Data set 1: | cost: 20.953 Data set 1: | cost: 24.774 Data set 1: | cost: 21.677 Data set 1: | cost: 24.525 Data set 1: | cost: 23.757 Data set 1: | cost: 21.218 Data set 1: | cost: 19.880 Data set 1: | cost: 21.024 Data set 1: | cost: 23.571 Data set 1: | cost: 21.484 Data set 1: | cost: 18.685 Data set 1: | cost: 23.473 Data set 1: | cost: 28.216 Data set 1: | cost: 22.947 Data set 1: | cost: 22.216 Data set 1: | cost: 23.582 Data set 1: | cost: 20.521 Data set 1: | cost: 27.001 Data set 1: | cost: 23.065 Data set 1: | cost: 24.641 Data set 1: | cost: 20.534 Data set 1: | cost: 18.493 Data set 1: | cost: 22.340 Data set 1: | cost: 24.490 Data set 1: | cost: 21.422 Data set 1: | cost: 25.170 Data set 1: | cost: 18.636 Data set 1: | cost: 21.282 Data set 1: | cost: 20.601 Data set 1: | cost: 21.884 Data set 1: | cost: 21.446 Data set 1: | cost: 20.762 Data set 1: | cost: 21.788 Data set 1: | cost: 23.404 Data set 1: | cost: 24.037 Data set 1: | cost: 18.883 Data set 1: | cost: 22.223 Data set 1: | cost: 24.597 Data set 1: | cost: 19.694 Data set 1: | cost: 22.180 Data set 1: | cost: 23.546 Data set 1: | cost: 20.642 Data set 1: | cost: 20.892 Data set 1: | cost: 23.930 Data set 1: | cost: 20.475 Data set 1: | cost: 18.885 Data set 1: | cost: 24.014 Data set 1: | cost: 25.272 Data set 1: | cost: 23.021 Data set 1: | cost: 20.314 Data set 1: | cost: 24.888 Data set 1: | cost: 20.236 Data set 1: | cost: 19.688 Data set 1: | cost: 20.962 Data set 1: | cost: 20.486 Data set 1: | cost: 20.444 Data set 1: | cost: 22.547 Data set 1: | cost: 24.759 Data set 1: | cost: 21.898 Data set 1: | cost: 22.417 Data set 1: | cost: 20.246 Data set 1: | cost: 25.089 Data set 1: | cost: 20.302 Data set 1: | cost: 24.386 Data set 1: | cost: 17.572 Data set 1: | cost: 18.556 Data set 1: | cost: 27.971 Data set 1: | cost: 20.210 Data set 1: | cost: 22.561 Data set 1: | cost: 20.502 Data set 1: | cost: 21.930 Data set 1: | cost: 21.393 Data set 1: | cost: 22.859 Data set 1: | cost: 23.723 Data set 1: | cost: 23.029 Data set 1: | cost: 22.768 Data set 1: | cost: 20.447 Data set 1: | cost: 21.529 Data set 1: | cost: 21.289 Data set 1: | cost: 20.997 Data set 1: | cost: 18.455 Data set 1: | cost: 21.102 Data set 1: | cost: 22.781 Data set 1: | cost: 21.948 Data set 1: | cost: 22.413 Data set 1: | cost: 20.356 Data set 1: | cost: 20.688 Data set 1: | cost: 21.791 Data set 1: | cost: 24.051 Data set 1: | cost: 22.124 Data set 1: | cost: 23.114 Data set 1: | cost: 32.032 Data set 1: | cost: 25.786 Data set 1: | cost: 23.653 Data set 1: | cost: 21.174 Data set 1: | cost: 21.239 Data set 1: | cost: 19.339 Data set 1: | cost: 23.790 Data set 1: | cost: 19.385 Data set 1: | cost: 25.475 Data set 1: | cost: 21.272 Data set 1: | cost: 21.898 Data set 1: | cost: 23.741 Data set 1: | cost: 26.942 Data set 1: | cost: 20.073 Data set 1: | cost: 19.115 Data set 1: | cost: 24.590 Data set 1: | cost: 24.467 Data set 1: | cost: 19.716 Data set 1: | cost: 25.282 Data set 1: | cost: 24.595 Data set 1: | cost: 22.188 Data set 1: | cost: 24.538 Data set 1: | cost: 22.238 Data set 1: | cost: 25.045 Data set 1: | cost: 19.349 Data set 1: | cost: 17.900 Data set 1: | cost: 22.781 Data set 1: | cost: 20.630 Data set 1: | cost: 25.274 Data set 1: | cost: 24.905 Data set 1: | cost: 26.499 Data set 1: | cost: 22.376 Data set 1: | cost: 25.590 Data set 1: | cost: 22.643 Data set 1: | cost: 24.475 Data set 1: | cost: 21.457 Data set 1: | cost: 20.711 Data set 1: | cost: 27.068 Data set 1: | cost: 24.488 Data set 1: | cost: 20.920 Data set 1: | cost: 18.983 Data set 1: | cost: 24.051 Data set 1: | cost: 24.909 Data set 1: | cost: 24.770 Data set 1: | cost: 23.596 Data set 1: | cost: 23.691 Data set 1: | cost: 21.276 Data set 1: | cost: 22.943 Data set 1: | cost: 19.723 Data set 1: | cost: 23.013 Data set 1: | cost: 21.467 Data set 1: | cost: 22.012 Data set 1: | cost: 22.438 Data set 1: | cost: 24.783 Data set 1: | cost: 20.075 Data set 1: | cost: 20.656 Data set 1: | cost: 20.588 Data set 1: | cost: 19.724 Data set 1: | cost: 24.426 Data set 1: | cost: 20.997 Data set 1: | cost: 19.375 Data set 1: | cost: 20.354 Data set 1: | cost: 20.347 Data set 1: | cost: 22.504 Data set 1: | cost: 22.790 Data set 1: | cost: 20.578 Data set 1: | cost: 22.013 Data set 1: | cost: 19.236 Data set 1: | cost: 21.458 Data set 1: | cost: 20.981 Data set 1: | cost: 22.019 Data set 1: | cost: 24.905 Data set 1: | cost: 22.865 Data set 1: | cost: 24.852 Data set 1: | cost: 24.478 Data set 1: | cost: 20.267 Data set 1: | cost: 24.045 Data set 1: | cost: 23.803 Data set 1: | cost: 23.809 Data set 1: | cost: 21.857 Data set 1: | cost: 22.726 Data set 1: | cost: 27.030 Data set 1: | cost: 20.792 Data set 1: | cost: 22.770 Data set 1: | cost: 24.049 Data set 1: | cost: 20.881 Data set 1: | cost: 21.652 Data set 1: | cost: 21.515 Data set 1: | cost: 17.690 Data set 1: | cost: 18.325 Data set 1: | cost: 23.155 Data set 1: | cost: 23.832 Data set 1: | cost: 24.850 Data set 1: | cost: 23.097 Data set 1: | cost: 23.231 Data set 1: | cost: 21.249 Data set 1: | cost: 21.202 Data set 1: | cost: 18.739 Data set 1: | cost: 28.562 Data set 1: | cost: 19.045 Data set 1: | cost: 20.750 Data set 1: | cost: 17.496 Data set 1: | cost: 22.252 Data set 1: | cost: 21.999 Data set 1: | cost: 19.068 Data set 1: | cost: 21.783 Data set 1: | cost: 20.535 Data set 1: | cost: 19.682 Data set 1: | cost: 21.139 Data set 1: | cost: 19.243 Data set 1: | cost: 25.379 Data set 1: | cost: 22.115 Data set 1: | cost: 19.287 Data set 1: | cost: 24.023 Data set 1: | cost: 24.085 Data set 1: | cost: 22.262 Data set 1: | cost: 22.147 Data set 1: | cost: 21.324 Data set 1: | cost: 26.704 Data set 1: | cost: 21.977 Data set 1: | cost: 21.740 Data set 1: | cost: 24.543 Data set 1: | cost: 22.681 Data set 1: | cost: 19.189 Data set 1: | cost: 23.624 DMC Parameters: amp:21.3 tau:211 drc:0.54 bnds:64 bndsRate:0.00 bndsSaturation:0 resMean:293 resSD:31 aaShape:2.0 spShape:3.1 spBias:0.0 sigm:4.0 Results Summary: rtCor sdRtCor perErr rtErr sdRtErr perSlow comp 387 78 2.00 387 79 0.0 incomp 440 96 7.00 369 68 0.0 Delta Values (Correct): 5.0% 10.0% 15.0% 20.0% 25.0% 30.0% 35.0% 40.0% 45.0% 50.0% 55.0% 60.0% 65.0% 70.0% 75.0% 80.0% 85.0% 90.0% 95.0% comp 285.0 302.5 315.0 324.0 334.2 341.0 347.3 356.6 363.4 371.4 379.6 390.8 403.3 414.3 425.7 445.6 466.3 492.1 537.5 incomp 311.5 328.9 344.3 356.7 367.7 378.7 394.0 404.1 413.0 426.6 441.5 454.2 465.4 478.0 493.8 510.8 537.9 563.4 600.2 mean 298.3 315.7 329.7 340.3 351.0 359.9 370.6 380.4 388.2 399.0 410.6 422.5 434.3 446.2 459.8 478.2 502.1 527.7 568.9 effect 26.5 26.4 29.2 32.7 33.6 37.7 46.7 47.6 49.6 55.2 62.0 63.4 62.2 63.7 68.1 65.2 71.7 71.3 62.7 CAF Values: 0-20% 20-40% 40-60% 60-80% 80-100% comp 0.980 0.980 0.990 0.970 0.980 incomp 0.825 0.930 0.940 0.970 0.985 Data set 1: | cost: 45.220 Data set 1: | cost: 41.734 Data set 1: | cost: 44.888 Data set 1: | cost: 33.592 Data set 1: | cost: 62.550 Data set 1: | cost: 61.080 Data set 1: | cost: 41.196 Data set 1: | cost: 43.398 Data set 1: | cost: 43.060 Data set 1: | cost: 29.982 Data set 1: | cost: 23.878 Data set 1: | cost: 27.280 Data set 1: | cost: 30.020 Data set 1: | cost: 22.483 Data set 1: | cost: 23.982 Data set 1: | cost: 26.046 Data set 1: | cost: 28.757 Data set 1: | cost: 22.544 Data set 1: | cost: 26.579 Data set 1: | cost: 24.559 Data set 1: | cost: 26.587 Data set 1: | cost: 21.213 Data set 1: | cost: 31.507 Data set 1: | cost: 31.139 Data set 1: | cost: 18.431 Data set 1: | cost: 35.684 Data set 1: | cost: 26.790 Data set 1: | cost: 23.705 Data set 1: | cost: 21.459 Data set 1: | cost: 20.334 Data set 1: | cost: 23.276 Data set 1: | cost: 24.498 Data set 1: | cost: 23.593 Data set 1: | cost: 18.127 Data set 1: | cost: 23.309 Data set 1: | cost: 21.693 Data set 1: | cost: 22.565 Data set 1: | cost: 21.992 Data set 1: | cost: 20.932 Data set 1: | cost: 18.773 Data set 1: | cost: 20.176 Data set 1: | cost: 25.490 Data set 1: | cost: 23.802 Data set 1: | cost: 25.762 Data set 1: | cost: 18.916 Data set 1: | cost: 21.437 Data set 1: | cost: 25.199 Data set 1: | cost: 20.732 Data set 1: | cost: 17.876 Data set 1: | cost: 20.063 Data set 1: | cost: 15.831 Data set 1: | cost: 19.554 Data set 1: | cost: 16.302 Data set 1: | cost: 16.099 Data set 1: | cost: 17.719 Data set 1: | cost: 18.938 Data set 1: | cost: 21.241 Data set 1: | cost: 22.111 Data set 1: | cost: 18.402 Data set 1: | cost: 15.615 Data set 1: | cost: 23.068 Data set 1: | cost: 20.277 Data set 1: | cost: 17.910 Data set 1: | cost: 22.168 Data set 1: | cost: 16.700 Data set 1: | cost: 17.008 Data set 1: | cost: 16.090 Data set 1: | cost: 15.681 Data set 1: | cost: 19.177 Data set 1: | cost: 15.848 Data set 1: | cost: 22.250 Data set 1: | cost: 14.632 Data set 1: | cost: 19.668 Data set 1: | cost: 20.815 Data set 1: | cost: 18.198 Data set 1: | cost: 18.466 Data set 1: | cost: 15.686 Data set 1: | cost: 21.341 Data set 1: | cost: 19.748 Data set 1: | cost: 16.306 Data set 1: | cost: 18.325 Data set 1: | cost: 17.920 Data set 1: | cost: 18.184 Data set 1: | cost: 17.261 Data set 1: | cost: 18.118 Data set 1: | cost: 18.549 Data set 1: | cost: 17.629 Data set 1: | cost: 18.424 Data set 1: | cost: 18.535 Data set 1: | cost: 18.882 Data set 1: | cost: 19.641 Data set 1: | cost: 17.034 Data set 1: | cost: 21.067 Data set 1: | cost: 14.534 Data set 1: | cost: 18.539 Data set 1: | cost: 21.160 Data set 1: | cost: 16.330 Data set 1: | cost: 17.792 Data set 1: | cost: 16.032 Data set 1: | cost: 16.051 Data set 1: | cost: 17.124 Data set 1: | cost: 19.296 Data set 1: | cost: 17.588 Data set 1: | cost: 19.191 Data set 1: | cost: 16.988 Data set 1: | cost: 20.437 Data set 1: | cost: 20.339 Data set 1: | cost: 16.934 Data set 1: | cost: 16.921 Data set 1: | cost: 15.671 Data set 1: | cost: 21.877 Data set 1: | cost: 18.700 Data set 1: | cost: 21.373 Data set 1: | cost: 19.347 Data set 1: | cost: 17.199 Data set 1: | cost: 23.377 Data set 1: | cost: 18.641 Data set 1: | cost: 18.302 Data set 1: | cost: 16.770 Data set 1: | cost: 15.281 Data set 1: | cost: 17.639 Data set 1: | cost: 16.909 Data set 1: | cost: 16.188 Data set 1: | cost: 19.018 Data set 1: | cost: 20.457 Data set 1: | cost: 18.317 Data set 1: | cost: 17.297 Data set 1: | cost: 16.828 Data set 1: | cost: 17.435 Data set 1: | cost: 17.064 Data set 1: | cost: 15.352 Data set 1: | cost: 18.415 Data set 1: | cost: 19.085 Data set 1: | cost: 16.075 Data set 1: | cost: 18.074 Data set 1: | cost: 18.243 Data set 1: | cost: 15.841 Data set 1: | cost: 19.695 Data set 1: | cost: 16.500 Data set 1: | cost: 17.587 Data set 1: | cost: 16.968 Data set 1: | cost: 18.490 Data set 1: | cost: 16.762 Data set 1: | cost: 20.362 Data set 1: | cost: 17.260 Data set 1: | cost: 18.089 Data set 1: | cost: 16.048 Data set 1: | cost: 16.306 Data set 1: | cost: 20.710 Data set 1: | cost: 17.616 Data set 1: | cost: 17.076 Data set 1: | cost: 18.403 Data set 1: | cost: 16.445 Data set 1: | cost: 19.466 Data set 1: | cost: 17.941 Data set 1: | cost: 16.688 Data set 1: | cost: 20.724 Data set 1: | cost: 16.526 Data set 1: | cost: 18.258 Data set 1: | cost: 17.851 Data set 1: | cost: 18.821 Data set 1: | cost: 15.709 Data set 1: | cost: 16.058 Data set 1: | cost: 18.006 Data set 1: | cost: 16.227 Data set 1: | cost: 18.530 Data set 1: | cost: 14.972 Data set 1: | cost: 14.966 Data set 1: | cost: 18.407 Data set 1: | cost: 19.271 Data set 1: | cost: 18.565 Data set 1: | cost: 19.286 Data set 1: | cost: 19.097 Data set 1: | cost: 18.199 Data set 1: | cost: 20.390 Data set 1: | cost: 12.364 Data set 1: | cost: 17.626 Data set 1: | cost: 16.639 Data set 1: | cost: 14.932 Data set 1: | cost: 16.591 Data set 1: | cost: 18.520 Data set 1: | cost: 17.385 Data set 1: | cost: 20.147 Data set 1: | cost: 18.002 Data set 1: | cost: 17.315 Data set 1: | cost: 17.616 Data set 1: | cost: 17.916 Data set 1: | cost: 18.948 Data set 1: | cost: 19.044 Data set 1: | cost: 16.624 Data set 1: | cost: 20.174 Data set 1: | cost: 20.151 Data set 1: | cost: 20.979 Data set 1: | cost: 16.337 Data set 1: | cost: 15.944 Data set 1: | cost: 16.478 Data set 1: | cost: 16.625 Data set 1: | cost: 17.429 Data set 1: | cost: 19.584 Data set 1: | cost: 18.761 Data set 1: | cost: 17.860 Data set 1: | cost: 22.563 Data set 1: | cost: 18.365 Data set 1: | cost: 14.754 Data set 1: | cost: 16.398 Data set 1: | cost: 16.716 Data set 1: | cost: 19.905 Data set 1: | cost: 16.305 Data set 1: | cost: 17.893 Data set 1: | cost: 19.766 Data set 1: | cost: 14.047 Data set 1: | cost: 17.813 Data set 1: | cost: 16.017 Data set 1: | cost: 19.110 Data set 1: | cost: 21.518 Data set 1: | cost: 12.957 Data set 1: | cost: 15.701 Data set 1: | cost: 16.925 Data set 1: | cost: 17.088 Data set 1: | cost: 16.036 Data set 1: | cost: 17.882 Data set 1: | cost: 17.170 Data set 1: | cost: 17.615 Data set 1: | cost: 18.485 Data set 1: | cost: 14.918 Data set 1: | cost: 16.017 Data set 1: | cost: 18.427 Data set 1: | cost: 16.721 Data set 1: | cost: 26.813 Data set 1: | cost: 18.159 Data set 1: | cost: 19.563 Data set 1: | cost: 18.491 Data set 1: | cost: 20.725 Data set 1: | cost: 17.668 Data set 1: | cost: 17.144 Data set 1: | cost: 16.079 Data set 1: | cost: 20.229 Data set 1: | cost: 20.405 Data set 1: | cost: 13.555 Data set 1: | cost: 21.918 Data set 1: | cost: 23.048 Data set 1: | cost: 17.989 Data set 1: | cost: 18.289 Data set 1: | cost: 22.198 Data set 1: | cost: 17.893 Data set 1: | cost: 19.449 Data set 1: | cost: 23.673 Data set 1: | cost: 18.453 Data set 1: | cost: 16.463 Data set 1: | cost: 18.209 Data set 1: | cost: 16.446 Data set 1: | cost: 15.976 Data set 1: | cost: 18.580 Data set 1: | cost: 17.695 Data set 1: | cost: 17.462 Data set 1: | cost: 16.390 Data set 1: | cost: 18.799 Data set 1: | cost: 23.139 Data set 1: | cost: 19.418 Data set 1: | cost: 19.460 Data set 1: | cost: 20.706 Data set 1: | cost: 20.035 Data set 1: | cost: 18.019 Data set 1: | cost: 15.981 Data set 1: | cost: 19.308 Data set 1: | cost: 18.791 Data set 1: | cost: 21.129 Data set 1: | cost: 16.968 Data set 1: | cost: 17.549 Data set 1: | cost: 20.106 Data set 1: | cost: 16.948 Data set 1: | cost: 17.544 Data set 1: | cost: 20.408 Data set 1: | cost: 17.108 Data set 1: | cost: 19.551 Data set 1: | cost: 18.815 Data set 1: | cost: 15.753 Data set 1: | cost: 16.793 Data set 1: | cost: 13.558 Data set 1: | cost: 17.852 Data set 1: | cost: 14.560 Data set 1: | cost: 17.393 Data set 1: | cost: 17.689 Data set 1: | cost: 17.896 Data set 1: | cost: 17.315 Data set 1: | cost: 17.607 Data set 1: | cost: 15.897 Data set 1: | cost: 18.740 Data set 1: | cost: 14.513 Data set 1: | cost: 15.061 Data set 1: | cost: 17.355 Data set 1: | cost: 17.472 Data set 1: | cost: 18.920 Data set 1: | cost: 17.957 Data set 1: | cost: 20.864 Data set 1: | cost: 17.443 Data set 1: | cost: 15.652 Data set 1: | cost: 16.256 Data set 1: | cost: 20.021 Data set 1: | cost: 17.194 Data set 1: | cost: 15.805 Data set 1: | cost: 16.859 Data set 1: | cost: 19.924 Data set 1: | cost: 23.535 Data set 1: | cost: 21.856 Data set 1: | cost: 22.641 Data set 1: | cost: 16.746 Data set 1: | cost: 15.765 Data set 1: | cost: 17.819 Data set 1: | cost: 17.472 Data set 1: | cost: 19.159 Data set 1: | cost: 19.157 Data set 1: | cost: 17.521 Data set 1: | cost: 16.997 Data set 1: | cost: 16.813 Data set 1: | cost: 23.519 Data set 1: | cost: 14.393 Data set 1: | cost: 19.454 Data set 1: | cost: 18.587 Data set 1: | cost: 19.217 Data set 1: | cost: 17.909 Data set 1: | cost: 20.055 Data set 1: | cost: 16.821 Data set 1: | cost: 21.498 Data set 1: | cost: 17.909 Data set 1: | cost: 17.133 Data set 1: | cost: 16.631 Data set 1: | cost: 17.536 Data set 1: | cost: 17.161 Data set 1: | cost: 16.776 Data set 1: | cost: 19.235 Data set 1: | cost: 15.394 Data set 1: | cost: 18.443 Data set 1: | cost: 16.539 Data set 1: | cost: 22.975 Data set 1: | cost: 17.114 Data set 1: | cost: 19.040 Data set 1: | cost: 16.827 Data set 1: | cost: 19.768 Data set 1: | cost: 16.937 Data set 1: | cost: 18.191 Data set 1: | cost: 17.139 Data set 1: | cost: 17.381 Data set 1: | cost: 18.400 Data set 1: | cost: 15.353 Data set 1: | cost: 17.415 Data set 1: | cost: 18.441 Data set 1: | cost: 17.629 Data set 1: | cost: 16.251 Data set 1: | cost: 19.596 Data set 1: | cost: 17.603 Data set 1: | cost: 20.233 Data set 1: | cost: 17.692 Data set 1: | cost: 19.729 Data set 1: | cost: 20.456 Data set 1: | cost: 18.666 Data set 1: | cost: 16.923 Data set 1: | cost: 16.185 Data set 1: | cost: 18.688 Data set 1: | cost: 18.657 Data set 1: | cost: 15.992 Data set 1: | cost: 16.962 Data set 1: | cost: 16.382 Data set 1: | cost: 18.555 Data set 1: | cost: 18.720 Data set 1: | cost: 15.926 Data set 1: | cost: 17.189 Data set 1: | cost: 17.251 Data set 1: | cost: 19.160 Data set 1: | cost: 18.867 Data set 1: | cost: 17.248 Data set 1: | cost: 16.406 Data set 1: | cost: 18.197 Data set 1: | cost: 18.191 Data set 1: | cost: 17.507 Data set 1: | cost: 17.590 Data set 1: | cost: 19.474 Data set 1: | cost: 16.741 Data set 1: | cost: 17.246 Data set 1: | cost: 18.685 Data set 1: | cost: 17.530 Data set 1: | cost: 19.593 Data set 1: | cost: 17.356 Data set 1: | cost: 17.552 Data set 1: | cost: 17.454 Data set 1: | cost: 16.469 Data set 1: | cost: 18.502 Data set 1: | cost: 17.597 Data set 1: | cost: 17.893 Data set 1: | cost: 19.048 Data set 1: | cost: 14.713 Data set 1: | cost: 20.670 Data set 1: | cost: 21.485 Data set 1: | cost: 18.000 Data set 1: | cost: 19.542 Data set 1: | cost: 17.319 Data set 1: | cost: 16.476 Data set 1: | cost: 17.293 Data set 1: | cost: 16.699 Data set 1: | cost: 15.801 Data set 1: | cost: 19.073 Data set 1: | cost: 15.933 Data set 1: | cost: 20.437 Data set 1: | cost: 15.143 Data set 1: | cost: 17.330 Data set 1: | cost: 15.836 Data set 1: | cost: 15.130 Data set 1: | cost: 20.509 Data set 1: | cost: 16.262 Data set 1: | cost: 15.016 Data set 1: | cost: 17.384 Data set 1: | cost: 17.274 Data set 1: | cost: 17.697 Data set 1: | cost: 16.705 Data set 1: | cost: 16.570 Data set 1: | cost: 17.150 Data set 1: | cost: 17.063 Data set 1: | cost: 20.347 Data set 1: | cost: 17.603 Data set 1: | cost: 18.982 Data set 1: | cost: 17.521 Data set 1: | cost: 18.607 Data set 1: | cost: 16.033 Data set 1: | cost: 19.559 Data set 1: | cost: 15.212 Data set 1: | cost: 20.661 Data set 1: | cost: 16.306 Data set 1: | cost: 18.155 Data set 1: | cost: 18.483 Data set 1: | cost: 17.473 Data set 1: | cost: 17.062 Data set 1: | cost: 20.604 Data set 1: | cost: 17.889 Data set 1: | cost: 21.960 Data set 1: | cost: 18.304 Data set 1: | cost: 15.688 Data set 1: | cost: 19.061 Data set 1: | cost: 15.134 Data set 1: | cost: 16.324 Data set 1: | cost: 16.564 Data set 1: | cost: 19.053 Data set 1: | cost: 14.625 Data set 1: | cost: 19.555 Data set 1: | cost: 17.073 Data set 1: | cost: 18.167 Data set 1: | cost: 20.858 Data set 1: | cost: 16.048 Data set 1: | cost: 13.292 Data set 1: | cost: 17.696 Data set 1: | cost: 18.989 Data set 1: | cost: 18.952 Data set 1: | cost: 18.878 Data set 1: | cost: 16.974 Data set 1: | cost: 18.943 Data set 1: | cost: 16.761 Data set 1: | cost: 18.557 Data set 1: | cost: 24.094 Data set 1: | cost: 22.356 Data set 1: | cost: 21.100 Data set 1: | cost: 16.418 Data set 1: | cost: 17.196 Data set 1: | cost: 17.344 Data set 1: | cost: 15.111 Data set 1: | cost: 19.413 Data set 1: | cost: 20.789 Data set 1: | cost: 16.127 Data set 1: | cost: 21.529 Data set 1: | cost: 18.221 Data set 1: | cost: 18.571 Data set 1: | cost: 17.231 Data set 1: | cost: 17.108 Data set 1: | cost: 17.455 Data set 1: | cost: 16.572 Data set 1: | cost: 19.790 Data set 1: | cost: 18.185 Data set 1: | cost: 17.167 Data set 1: | cost: 15.772 Data set 1: | cost: 16.293 Data set 1: | cost: 19.587 Data set 1: | cost: 14.840 Data set 1: | cost: 16.764 Data set 1: | cost: 14.958 Data set 1: | cost: 17.607 Data set 1: | cost: 16.462 Data set 1: | cost: 17.893 Data set 1: | cost: 19.891 Data set 1: | cost: 21.271 Data set 1: | cost: 19.762 Data set 1: | cost: 17.294 Data set 1: | cost: 17.837 Data set 1: | cost: 13.990 Data set 1: | cost: 19.495 Data set 1: | cost: 17.256 Data set 1: | cost: 16.411 Data set 1: | cost: 16.934 Data set 1: | cost: 16.881 Data set 1: | cost: 20.362 Data set 1: | cost: 18.315 Data set 1: | cost: 15.441 Data set 1: | cost: 15.870 Data set 1: | cost: 16.502 DMC Parameters: amp:19.5 tau:43 drc:0.55 bnds:63 bndsRate:0.00 bndsSaturation:0 resMean:296 resSD:32 aaShape:2.1 spShape:3.3 spBias:0.0 sigm:4.0 Results Summary: rtCor sdRtCor perErr rtErr sdRtErr perSlow comp 389 86 1.60 421 75 0.0 incomp 424 80 7.10 332 46 0.0 Delta Values (Correct): 5.0% 10.0% 15.0% 20.0% 25.0% 30.0% 35.0% 40.0% 45.0% 50.0% 55.0% 60.0% 65.0% 70.0% 75.0% 80.0% 85.0% 90.0% 95.0% comp 284.8 302.5 313.9 324.9 331.8 338.5 344.3 352.7 360.5 369.4 377.2 387.4 401.0 412.9 424.0 446.3 475.4 505.4 554.9 incomp 312.1 334.6 348.3 361.0 371.5 381.1 388.8 395.7 403.5 411.4 420.3 430.0 440.9 452.5 465.0 479.6 495.2 524.2 572.9 mean 298.5 318.6 331.1 342.9 351.6 359.8 366.6 374.2 382.0 390.4 398.8 408.7 421.0 432.7 444.5 462.9 485.3 514.8 563.9 effect 27.3 32.1 34.5 36.1 39.7 42.6 44.5 43.0 42.9 42.0 43.2 42.7 39.9 39.6 41.0 33.4 19.8 18.8 18.0 CAF Values: 0-20% 20-40% 40-60% 60-80% 80-100% comp 0.990 1.000 0.980 0.980 0.970 incomp 0.735 0.940 0.995 0.980 0.995 Data set 1: | cost: 53.838 Data set 1: | cost: 51.995 Data set 1: | cost: 56.030 Data set 1: | cost: 50.652 Data set 1: | cost: 63.171 Data set 1: | cost: 70.953 Data set 1: | cost: 60.775 Data set 1: | cost: 57.415 Data set 1: | cost: 57.494 Data set 1: | cost: 53.497 Data set 1: | cost: 54.427 Data set 1: | cost: 41.074 Data set 1: | cost: 40.491 Data set 1: | cost: 43.314 Data set 1: | cost: 41.629 Data set 1: | cost: 44.036 Data set 1: | cost: 47.372 Data set 1: | cost: 41.898 Data set 1: | cost: 44.061 Data set 1: | cost: 42.047 Data set 1: | cost: 45.160 Data set 1: | cost: 47.334 Data set 1: | cost: 38.639 Data set 1: | cost: 26.355 Data set 1: | cost: 21.692 Data set 1: | cost: 40.559 Data set 1: | cost: 31.646 Data set 1: | cost: 38.577 Data set 1: | cost: 32.598 Data set 1: | cost: 37.137 Data set 1: | cost: 31.605 Data set 1: | cost: 30.651 Data set 1: | cost: 31.313 Data set 1: | cost: 30.609 Data set 1: | cost: 26.646 Data set 1: | cost: 32.484 Data set 1: | cost: 32.085 Data set 1: | cost: 33.533 Data set 1: | cost: 29.639 Data set 1: | cost: 20.219 Data set 1: | cost: 20.906 Data set 1: | cost: 25.123 Data set 1: | cost: 31.580 Data set 1: | cost: 30.547 Data set 1: | cost: 27.798 Data set 1: | cost: 18.551 Data set 1: | cost: 26.731 Data set 1: | cost: 20.346 Data set 1: | cost: 27.841 Data set 1: | cost: 20.569 Data set 1: | cost: 23.083 Data set 1: | cost: 26.123 Data set 1: | cost: 20.356 Data set 1: | cost: 22.255 Data set 1: | cost: 22.587 Data set 1: | cost: 28.831 Data set 1: | cost: 26.827 Data set 1: | cost: 19.280 Data set 1: | cost: 18.946 Data set 1: | cost: 22.267 Data set 1: | cost: 23.989 Data set 1: | cost: 24.970 Data set 1: | cost: 15.521 Data set 1: | cost: 24.654 Data set 1: | cost: 27.881 Data set 1: | cost: 23.540 Data set 1: | cost: 20.149 Data set 1: | cost: 17.085 Data set 1: | cost: 20.688 Data set 1: | cost: 27.074 Data set 1: | cost: 18.393 Data set 1: | cost: 21.989 Data set 1: | cost: 20.581 Data set 1: | cost: 20.799 Data set 1: | cost: 15.912 Data set 1: | cost: 25.358 Data set 1: | cost: 25.286 Data set 1: | cost: 20.673 Data set 1: | cost: 18.655 Data set 1: | cost: 20.228 Data set 1: | cost: 21.352 Data set 1: | cost: 20.445 Data set 1: | cost: 19.946 Data set 1: | cost: 17.398 Data set 1: | cost: 23.058 Data set 1: | cost: 20.055 Data set 1: | cost: 17.700 Data set 1: | cost: 19.709 Data set 1: | cost: 22.467 Data set 1: | cost: 22.261 Data set 1: | cost: 21.348 Data set 1: | cost: 21.198 Data set 1: | cost: 22.016 Data set 1: | cost: 19.281 Data set 1: | cost: 23.364 Data set 1: | cost: 26.381 Data set 1: | cost: 16.645 Data set 1: | cost: 20.216 Data set 1: | cost: 20.413 Data set 1: | cost: 20.708 Data set 1: | cost: 24.827 Data set 1: | cost: 22.461 Data set 1: | cost: 22.474 Data set 1: | cost: 22.041 Data set 1: | cost: 25.988 Data set 1: | cost: 26.975 Data set 1: | cost: 25.006 Data set 1: | cost: 21.636 Data set 1: | cost: 25.335 Data set 1: | cost: 18.562 Data set 1: | cost: 16.730 Data set 1: | cost: 22.493 Data set 1: | cost: 20.252 Data set 1: | cost: 19.503 Data set 1: | cost: 19.982 Data set 1: | cost: 27.508 Data set 1: | cost: 28.271 Data set 1: | cost: 18.169 Data set 1: | cost: 26.025 Data set 1: | cost: 24.118 Data set 1: | cost: 22.046 Data set 1: | cost: 22.344 Data set 1: | cost: 24.279 Data set 1: | cost: 21.647 Data set 1: | cost: 23.309 Data set 1: | cost: 20.955 Data set 1: | cost: 17.611 Data set 1: | cost: 19.795 Data set 1: | cost: 21.255 Data set 1: | cost: 21.554 Data set 1: | cost: 18.254 Data set 1: | cost: 20.503 Data set 1: | cost: 22.900 Data set 1: | cost: 20.010 Data set 1: | cost: 26.184 Data set 1: | cost: 18.127 Data set 1: | cost: 22.528 Data set 1: | cost: 24.054 Data set 1: | cost: 24.695 Data set 1: | cost: 18.486 Data set 1: | cost: 22.873 Data set 1: | cost: 25.782 Data set 1: | cost: 23.972 Data set 1: | cost: 22.211 Data set 1: | cost: 15.807 Data set 1: | cost: 20.717 Data set 1: | cost: 20.169 Data set 1: | cost: 21.063 Data set 1: | cost: 21.846 Data set 1: | cost: 19.262 Data set 1: | cost: 21.122 Data set 1: | cost: 22.147 Data set 1: | cost: 22.082 Data set 1: | cost: 20.045 Data set 1: | cost: 19.736 Data set 1: | cost: 21.873 Data set 1: | cost: 17.048 Data set 1: | cost: 21.501 Data set 1: | cost: 21.831 Data set 1: | cost: 22.759 Data set 1: | cost: 24.153 Data set 1: | cost: 20.450 Data set 1: | cost: 19.587 Data set 1: | cost: 24.734 Data set 1: | cost: 25.859 Data set 1: | cost: 22.399 Data set 1: | cost: 17.711 Data set 1: | cost: 25.226 Data set 1: | cost: 18.907 Data set 1: | cost: 23.750 Data set 1: | cost: 21.602 Data set 1: | cost: 29.351 Data set 1: | cost: 20.655 Data set 1: | cost: 18.254 Data set 1: | cost: 19.328 Data set 1: | cost: 21.339 Data set 1: | cost: 20.266 Data set 1: | cost: 21.457 Data set 1: | cost: 18.223 Data set 1: | cost: 21.607 Data set 1: | cost: 18.616 Data set 1: | cost: 20.646 Data set 1: | cost: 21.455 Data set 1: | cost: 22.906 Data set 1: | cost: 19.196 Data set 1: | cost: 25.393 Data set 1: | cost: 20.503 Data set 1: | cost: 22.969 Data set 1: | cost: 25.928 Data set 1: | cost: 19.466 Data set 1: | cost: 21.231 Data set 1: | cost: 23.961 Data set 1: | cost: 21.492 Data set 1: | cost: 22.030 Data set 1: | cost: 19.736 Data set 1: | cost: 18.782 Data set 1: | cost: 20.365 Data set 1: | cost: 23.350 Data set 1: | cost: 24.506 Data set 1: | cost: 20.629 Data set 1: | cost: 23.168 Data set 1: | cost: 25.185 Data set 1: | cost: 22.851 Data set 1: | cost: 19.223 Data set 1: | cost: 21.015 Data set 1: | cost: 17.294 Data set 1: | cost: 18.970 Data set 1: | cost: 22.078 Data set 1: | cost: 19.681 Data set 1: | cost: 23.072 Data set 1: | cost: 16.721 Data set 1: | cost: 20.560 Data set 1: | cost: 19.623 Data set 1: | cost: 19.020 Data set 1: | cost: 19.250 Data set 1: | cost: 23.928 Data set 1: | cost: 21.277 Data set 1: | cost: 19.259 Data set 1: | cost: 20.610 Data set 1: | cost: 19.718 Data set 1: | cost: 19.170 Data set 1: | cost: 18.271 Data set 1: | cost: 18.516 Data set 1: | cost: 21.675 Data set 1: | cost: 21.363 Data set 1: | cost: 20.665 Data set 1: | cost: 17.735 Data set 1: | cost: 18.409 Data set 1: | cost: 17.303 Data set 1: | cost: 17.667 Data set 1: | cost: 20.471 Data set 1: | cost: 24.505 Data set 1: | cost: 19.575 Data set 1: | cost: 17.527 Data set 1: | cost: 18.478 Data set 1: | cost: 21.580 Data set 1: | cost: 19.035 Data set 1: | cost: 18.646 Data set 1: | cost: 21.297 Data set 1: | cost: 21.273 Data set 1: | cost: 19.421 Data set 1: | cost: 20.125 Data set 1: | cost: 23.802 Data set 1: | cost: 22.934 Data set 1: | cost: 18.153 Data set 1: | cost: 18.827 Data set 1: | cost: 25.491 Data set 1: | cost: 25.432 Data set 1: | cost: 24.501 Data set 1: | cost: 22.834 Data set 1: | cost: 28.203 Data set 1: | cost: 18.012 Data set 1: | cost: 23.853 Data set 1: | cost: 25.448 Data set 1: | cost: 25.219 Data set 1: | cost: 22.095 Data set 1: | cost: 22.544 Data set 1: | cost: 21.153 Data set 1: | cost: 20.549 Data set 1: | cost: 25.390 Data set 1: | cost: 23.104 Data set 1: | cost: 23.158 Data set 1: | cost: 25.668 Data set 1: | cost: 22.456 Data set 1: | cost: 16.650 Data set 1: | cost: 18.919 Data set 1: | cost: 21.581 Data set 1: | cost: 20.282 Data set 1: | cost: 18.479 Data set 1: | cost: 24.870 Data set 1: | cost: 21.189 Data set 1: | cost: 24.976 Data set 1: | cost: 23.302 Data set 1: | cost: 19.954 Data set 1: | cost: 20.311 Data set 1: | cost: 22.526 Data set 1: | cost: 21.935 Data set 1: | cost: 23.007 Data set 1: | cost: 22.654 Data set 1: | cost: 21.662 Data set 1: | cost: 20.165 Data set 1: | cost: 23.437 Data set 1: | cost: 21.386 Data set 1: | cost: 23.476 Data set 1: | cost: 21.978 Data set 1: | cost: 19.192 Data set 1: | cost: 20.435 Data set 1: | cost: 23.698 Data set 1: | cost: 22.232 Data set 1: | cost: 22.202 Data set 1: | cost: 24.312 Data set 1: | cost: 23.714 Data set 1: | cost: 22.508 Data set 1: | cost: 20.596 Data set 1: | cost: 20.536 Data set 1: | cost: 19.609 Data set 1: | cost: 22.925 Data set 1: | cost: 19.623 Data set 1: | cost: 23.089 Data set 1: | cost: 18.990 Data set 1: | cost: 22.459 Data set 1: | cost: 21.087 Data set 1: | cost: 21.946 Data set 1: | cost: 22.594 Data set 1: | cost: 18.485 Data set 1: | cost: 17.735 Data set 1: | cost: 20.521 Data set 1: | cost: 25.360 Data set 1: | cost: 19.998 Data set 1: | cost: 23.907 Data set 1: | cost: 21.834 Data set 1: | cost: 18.083 Data set 1: | cost: 20.802 Data set 1: | cost: 21.840 Data set 1: | cost: 23.038 Data set 1: | cost: 21.859 Data set 1: | cost: 20.917 Data set 1: | cost: 22.291 Data set 1: | cost: 25.556 Data set 1: | cost: 21.223 Data set 1: | cost: 22.515 Data set 1: | cost: 23.281 Data set 1: | cost: 21.974 Data set 1: | cost: 22.418 Data set 1: | cost: 21.675 Data set 1: | cost: 18.613 Data set 1: | cost: 23.148 Data set 1: | cost: 23.570 Data set 1: | cost: 23.764 Data set 1: | cost: 19.650 Data set 1: | cost: 27.149 Data set 1: | cost: 23.441 Data set 1: | cost: 17.503 Data set 1: | cost: 24.329 Data set 1: | cost: 21.612 Data set 1: | cost: 18.378 Data set 1: | cost: 22.940 Data set 1: | cost: 20.040 Data set 1: | cost: 23.448 Data set 1: | cost: 18.269 Data set 1: | cost: 22.530 Data set 1: | cost: 17.662 Data set 1: | cost: 29.276 Data set 1: | cost: 20.642 Data set 1: | cost: 22.519 Data set 1: | cost: 22.036 Data set 1: | cost: 17.128 Data set 1: | cost: 19.594 Data set 1: | cost: 20.995 Data set 1: | cost: 19.447 Data set 1: | cost: 26.378 Data set 1: | cost: 24.177 Data set 1: | cost: 22.342 Data set 1: | cost: 19.978 Data set 1: | cost: 21.056 Data set 1: | cost: 21.363 Data set 1: | cost: 18.996 Data set 1: | cost: 26.343 Data set 1: | cost: 21.961 Data set 1: | cost: 22.160 Data set 1: | cost: 22.156 Data set 1: | cost: 20.534 Data set 1: | cost: 20.803 Data set 1: | cost: 19.926 Data set 1: | cost: 21.929 Data set 1: | cost: 20.741 Data set 1: | cost: 23.385 Data set 1: | cost: 18.987 Data set 1: | cost: 19.365 Data set 1: | cost: 21.182 Data set 1: | cost: 22.949 Data set 1: | cost: 24.888 Data set 1: | cost: 22.065 Data set 1: | cost: 23.535 Data set 1: | cost: 19.655 Data set 1: | cost: 23.830 Data set 1: | cost: 22.837 Data set 1: | cost: 20.714 Data set 1: | cost: 21.549 Data set 1: | cost: 22.359 Data set 1: | cost: 16.677 Data set 1: | cost: 21.946 Data set 1: | cost: 18.895 Data set 1: | cost: 20.110 Data set 1: | cost: 23.977 Data set 1: | cost: 21.839 Data set 1: | cost: 21.717 Data set 1: | cost: 23.566 Data set 1: | cost: 20.419 Data set 1: | cost: 20.311 Data set 1: | cost: 23.133 Data set 1: | cost: 22.902 Data set 1: | cost: 18.198 Data set 1: | cost: 21.214 Data set 1: | cost: 22.436 Data set 1: | cost: 23.305 Data set 1: | cost: 19.719 Data set 1: | cost: 23.523 Data set 1: | cost: 23.498 Data set 1: | cost: 17.496 Data set 1: | cost: 20.274 Data set 1: | cost: 23.661 Data set 1: | cost: 20.586 Data set 1: | cost: 27.135 Data set 1: | cost: 24.324 Data set 1: | cost: 17.685 Data set 1: | cost: 19.650 Data set 1: | cost: 18.307 Data set 1: | cost: 18.614 Data set 1: | cost: 18.100 Data set 1: | cost: 23.126 Data set 1: | cost: 25.368 Data set 1: | cost: 22.280 Data set 1: | cost: 19.392 Data set 1: | cost: 24.079 Data set 1: | cost: 20.677 Data set 1: | cost: 21.178 Data set 1: | cost: 27.219 Data set 1: | cost: 19.604 Data set 1: | cost: 22.612 Data set 1: | cost: 19.569 Data set 1: | cost: 21.421 Data set 1: | cost: 16.643 Data set 1: | cost: 24.545 Data set 1: | cost: 18.396 Data set 1: | cost: 22.645 Data set 1: | cost: 20.001 Data set 1: | cost: 24.296 Data set 1: | cost: 26.194 Data set 1: | cost: 20.259 Data set 1: | cost: 22.309 Data set 1: | cost: 19.016 Data set 1: | cost: 18.330 Data set 1: | cost: 21.431 Data set 1: | cost: 22.979 Data set 1: | cost: 21.692 Data set 1: | cost: 22.960 Data set 1: | cost: 16.125 Data set 1: | cost: 21.648 Data set 1: | cost: 18.786 Data set 1: | cost: 21.187 Data set 1: | cost: 23.226 Data set 1: | cost: 22.295 Data set 1: | cost: 20.037 Data set 1: | cost: 25.892 Data set 1: | cost: 24.520 Data set 1: | cost: 27.490 Data set 1: | cost: 23.227 Data set 1: | cost: 19.988 Data set 1: | cost: 20.176 Data set 1: | cost: 21.018 Data set 1: | cost: 22.129 Data set 1: | cost: 21.049 Data set 1: | cost: 23.922 Data set 1: | cost: 22.035 Data set 1: | cost: 26.451 Data set 1: | cost: 17.361 Data set 1: | cost: 18.863 Data set 1: | cost: 21.518 Data set 1: | cost: 19.567 Data set 1: | cost: 21.390 Data set 1: | cost: 25.191 Data set 1: | cost: 22.417 Data set 1: | cost: 19.511 Data set 1: | cost: 20.936 Data set 1: | cost: 22.419 Data set 1: | cost: 21.990 Data set 1: | cost: 19.234 Data set 1: | cost: 21.618 Data set 1: | cost: 24.680 Data set 1: | cost: 18.788 Data set 1: | cost: 21.853 Data set 1: | cost: 17.356 Data set 1: | cost: 20.966 Data set 1: | cost: 22.804 Data set 1: | cost: 18.782 Data set 1: | cost: 29.914 Data set 1: | cost: 22.792 Data set 1: | cost: 25.215 Data set 1: | cost: 20.124 Data set 1: | cost: 20.449 Data set 1: | cost: 20.588 Data set 1: | cost: 24.287 Data set 1: | cost: 19.472 Data set 1: | cost: 24.557 Data set 1: | cost: 22.546 Data set 1: | cost: 21.786 Data set 1: | cost: 18.451 Data set 1: | cost: 18.140 Data set 1: | cost: 23.022 Data set 1: | cost: 21.325 Data set 1: | cost: 22.668 Data set 1: | cost: 20.293 Data set 1: | cost: 22.069 Data set 1: | cost: 17.506 Data set 1: | cost: 27.821 Data set 1: | cost: 20.451 Data set 1: | cost: 22.905 Data set 1: | cost: 16.888 Data set 1: | cost: 17.626 Data set 1: | cost: 25.909 DMC Parameters: amp:22.4 tau:80 drc:0.55 bnds:53 bndsRate:0.00 bndsSaturation:0 resMean:337 resSD:29 aaShape:2.0 spShape:3.0 spBias:0.0 sigm:4.0 Results Summary: rtCor sdRtCor perErr rtErr sdRtErr perSlow comp 403 66 2.50 404 122 0.0 incomp 447 69 14.70 383 52 0.0 Delta Values (Correct): 5.0% 10.0% 15.0% 20.0% 25.0% 30.0% 35.0% 40.0% 45.0% 50.0% 55.0% 60.0% 65.0% 70.0% 75.0% 80.0% 85.0% 90.0% 95.0% comp 324.6 338.8 348.1 353.3 358.9 365.8 372.1 378.3 383.9 390.2 397.4 403.0 411.9 419.7 431.1 441.2 456.5 483.9 526.1 incomp 345.7 364.3 379.2 389.8 401.7 408.2 415.7 425.3 432.6 441.6 449.4 458.8 467.0 476.9 487.1 500.1 512.3 529.9 569.2 mean 335.2 351.5 363.6 371.6 380.3 387.0 393.9 401.8 408.3 415.9 423.4 430.9 439.4 448.3 459.1 470.6 484.4 506.9 547.7 effect 21.1 25.4 31.1 36.5 42.8 42.4 43.6 47.0 48.7 51.4 52.0 55.8 55.0 57.1 56.0 58.9 55.8 46.1 43.2 CAF Values: 0-20% 20-40% 40-60% 60-80% 80-100% comp 0.945 0.990 0.980 0.985 0.975 incomp 0.610 0.815 0.925 0.935 0.980 Data set 1: | cost: 92.535 Data set 1: | cost: 89.434 Data set 1: | cost: 87.497 Data set 1: | cost: 108.507 Data set 1: | cost: 73.572 Data set 1: | cost: 63.521 Data set 1: | cost: 87.001 Data set 1: | cost: 89.821 Data set 1: | cost: 88.260 Data set 1: | cost: 59.942 Data set 1: | cost: 41.773 Data set 1: | cost: 65.498 Data set 1: | cost: 75.485 Data set 1: | cost: 57.187 Data set 1: | cost: 67.357 Data set 1: | cost: 55.031 Data set 1: | cost: 61.925 Data set 1: | cost: 42.921 Data set 1: | cost: 51.347 Data set 1: | cost: 38.076 Data set 1: | cost: 63.166 Data set 1: | cost: 45.035 Data set 1: | cost: 44.831 Data set 1: | cost: 41.016 Data set 1: | cost: 38.378 Data set 1: | cost: 43.163 Data set 1: | cost: 41.145 Data set 1: | cost: 55.307 Data set 1: | cost: 35.211 Data set 1: | cost: 38.960 Data set 1: | cost: 35.782 Data set 1: | cost: 44.893 Data set 1: | cost: 33.533 Data set 1: | cost: 39.850 Data set 1: | cost: 35.826 Data set 1: | cost: 39.668 Data set 1: | cost: 41.271 Data set 1: | cost: 41.418 Data set 1: | cost: 45.903 Data set 1: | cost: 37.909 Data set 1: | cost: 35.523 Data set 1: | cost: 34.412 Data set 1: | cost: 32.211 Data set 1: | cost: 38.301 Data set 1: | cost: 36.089 Data set 1: | cost: 32.229 Data set 1: | cost: 30.600 Data set 1: | cost: 32.784 Data set 1: | cost: 32.704 Data set 1: | cost: 34.619 Data set 1: | cost: 35.192 Data set 1: | cost: 34.918 Data set 1: | cost: 37.121 Data set 1: | cost: 41.191 Data set 1: | cost: 36.404 Data set 1: | cost: 32.693 Data set 1: | cost: 37.378 Data set 1: | cost: 34.931 Data set 1: | cost: 36.407 Data set 1: | cost: 30.917 Data set 1: | cost: 37.506 Data set 1: | cost: 35.910 Data set 1: | cost: 41.776 Data set 1: | cost: 35.157 Data set 1: | cost: 34.245 Data set 1: | cost: 31.304 Data set 1: | cost: 33.145 Data set 1: | cost: 34.901 Data set 1: | cost: 38.239 Data set 1: | cost: 34.262 Data set 1: | cost: 31.349 Data set 1: | cost: 33.003 Data set 1: | cost: 33.994 Data set 1: | cost: 31.786 Data set 1: | cost: 34.586 Data set 1: | cost: 39.112 Data set 1: | cost: 33.847 Data set 1: | cost: 37.181 Data set 1: | cost: 29.771 Data set 1: | cost: 35.630 Data set 1: | cost: 34.834 Data set 1: | cost: 31.022 Data set 1: | cost: 39.269 Data set 1: | cost: 29.616 Data set 1: | cost: 33.906 Data set 1: | cost: 32.676 Data set 1: | cost: 35.305 Data set 1: | cost: 33.597 Data set 1: | cost: 40.234 Data set 1: | cost: 35.700 Data set 1: | cost: 35.543 Data set 1: | cost: 33.435 Data set 1: | cost: 31.152 Data set 1: | cost: 34.075 Data set 1: | cost: 34.326 Data set 1: | cost: 33.299 Data set 1: | cost: 33.423 Data set 1: | cost: 36.983 Data set 1: | cost: 35.091 Data set 1: | cost: 34.407 Data set 1: | cost: 36.823 Data set 1: | cost: 31.793 Data set 1: | cost: 34.369 Data set 1: | cost: 31.166 Data set 1: | cost: 33.213 Data set 1: | cost: 34.704 Data set 1: | cost: 35.246 Data set 1: | cost: 32.374 Data set 1: | cost: 39.169 Data set 1: | cost: 34.714 Data set 1: | cost: 32.066 Data set 1: | cost: 33.250 Data set 1: | cost: 33.144 Data set 1: | cost: 36.940 Data set 1: | cost: 31.741 Data set 1: | cost: 38.861 Data set 1: | cost: 32.787 Data set 1: | cost: 31.219 Data set 1: | cost: 34.953 Data set 1: | cost: 34.124 Data set 1: | cost: 34.080 Data set 1: | cost: 32.840 Data set 1: | cost: 34.298 Data set 1: | cost: 35.428 Data set 1: | cost: 37.244 Data set 1: | cost: 36.904 Data set 1: | cost: 34.176 Data set 1: | cost: 37.896 Data set 1: | cost: 31.709 Data set 1: | cost: 40.781 Data set 1: | cost: 33.688 Data set 1: | cost: 35.338 Data set 1: | cost: 32.023 Data set 1: | cost: 31.254 Data set 1: | cost: 32.705 Data set 1: | cost: 33.930 Data set 1: | cost: 33.392 Data set 1: | cost: 34.051 Data set 1: | cost: 33.323 Data set 1: | cost: 28.834 Data set 1: | cost: 32.291 Data set 1: | cost: 32.449 Data set 1: | cost: 32.801 Data set 1: | cost: 33.803 Data set 1: | cost: 31.460 Data set 1: | cost: 35.095 Data set 1: | cost: 42.250 Data set 1: | cost: 32.153 Data set 1: | cost: 35.106 Data set 1: | cost: 34.492 Data set 1: | cost: 32.386 Data set 1: | cost: 35.197 Data set 1: | cost: 34.885 Data set 1: | cost: 38.052 Data set 1: | cost: 39.555 Data set 1: | cost: 30.493 Data set 1: | cost: 34.967 Data set 1: | cost: 33.787 Data set 1: | cost: 36.436 Data set 1: | cost: 35.138 Data set 1: | cost: 30.775 Data set 1: | cost: 36.092 Data set 1: | cost: 33.742 Data set 1: | cost: 33.617 Data set 1: | cost: 32.492 Data set 1: | cost: 33.321 Data set 1: | cost: 36.041 Data set 1: | cost: 32.917 Data set 1: | cost: 30.184 Data set 1: | cost: 30.493 Data set 1: | cost: 34.962 Data set 1: | cost: 36.972 Data set 1: | cost: 32.032 Data set 1: | cost: 32.827 Data set 1: | cost: 35.658 Data set 1: | cost: 32.067 Data set 1: | cost: 31.341 Data set 1: | cost: 35.248 Data set 1: | cost: 34.821 Data set 1: | cost: 31.823 Data set 1: | cost: 33.707 Data set 1: | cost: 33.746 Data set 1: | cost: 33.429 Data set 1: | cost: 33.648 Data set 1: | cost: 33.948 Data set 1: | cost: 34.415 Data set 1: | cost: 36.157 Data set 1: | cost: 32.830 Data set 1: | cost: 32.531 Data set 1: | cost: 36.910 Data set 1: | cost: 32.150 Data set 1: | cost: 33.941 Data set 1: | cost: 35.935 Data set 1: | cost: 36.394 Data set 1: | cost: 34.910 Data set 1: | cost: 32.891 Data set 1: | cost: 30.262 Data set 1: | cost: 33.917 Data set 1: | cost: 33.725 Data set 1: | cost: 31.764 Data set 1: | cost: 36.566 Data set 1: | cost: 34.285 Data set 1: | cost: 33.474 Data set 1: | cost: 36.632 Data set 1: | cost: 33.027 Data set 1: | cost: 36.750 Data set 1: | cost: 31.560 Data set 1: | cost: 34.998 Data set 1: | cost: 33.920 Data set 1: | cost: 34.686 Data set 1: | cost: 32.057 Data set 1: | cost: 36.312 Data set 1: | cost: 34.321 Data set 1: | cost: 33.935 Data set 1: | cost: 36.367 Data set 1: | cost: 40.717 Data set 1: | cost: 36.675 Data set 1: | cost: 34.532 Data set 1: | cost: 36.624 Data set 1: | cost: 29.550 Data set 1: | cost: 31.797 Data set 1: | cost: 30.121 Data set 1: | cost: 37.817 Data set 1: | cost: 32.672 Data set 1: | cost: 40.692 Data set 1: | cost: 36.005 Data set 1: | cost: 34.704 Data set 1: | cost: 37.293 Data set 1: | cost: 31.185 Data set 1: | cost: 34.655 Data set 1: | cost: 38.226 Data set 1: | cost: 28.804 Data set 1: | cost: 37.303 Data set 1: | cost: 34.195 Data set 1: | cost: 31.144 Data set 1: | cost: 33.196 Data set 1: | cost: 39.571 Data set 1: | cost: 28.821 Data set 1: | cost: 33.579 Data set 1: | cost: 34.670 Data set 1: | cost: 35.504 Data set 1: | cost: 35.227 Data set 1: | cost: 34.653 Data set 1: | cost: 33.477 Data set 1: | cost: 31.696 Data set 1: | cost: 32.147 Data set 1: | cost: 31.300 Data set 1: | cost: 33.995 Data set 1: | cost: 39.268 Data set 1: | cost: 32.610 Data set 1: | cost: 37.829 Data set 1: | cost: 29.173 Data set 1: | cost: 36.135 Data set 1: | cost: 36.395 Data set 1: | cost: 34.069 Data set 1: | cost: 36.454 Data set 1: | cost: 30.420 Data set 1: | cost: 34.100 Data set 1: | cost: 37.922 Data set 1: | cost: 38.651 Data set 1: | cost: 34.470 Data set 1: | cost: 31.462 Data set 1: | cost: 33.498 Data set 1: | cost: 37.483 Data set 1: | cost: 36.972 Data set 1: | cost: 36.519 Data set 1: | cost: 30.807 Data set 1: | cost: 38.011 Data set 1: | cost: 30.317 Data set 1: | cost: 37.166 Data set 1: | cost: 36.744 Data set 1: | cost: 37.247 Data set 1: | cost: 35.648 Data set 1: | cost: 32.851 Data set 1: | cost: 30.376 Data set 1: | cost: 35.120 Data set 1: | cost: 34.995 Data set 1: | cost: 34.123 Data set 1: | cost: 39.212 Data set 1: | cost: 34.768 Data set 1: | cost: 37.516 Data set 1: | cost: 29.885 Data set 1: | cost: 29.140 Data set 1: | cost: 31.930 Data set 1: | cost: 37.866 Data set 1: | cost: 30.697 Data set 1: | cost: 36.417 Data set 1: | cost: 30.858 Data set 1: | cost: 32.583 Data set 1: | cost: 34.853 Data set 1: | cost: 32.333 Data set 1: | cost: 32.221 Data set 1: | cost: 28.101 Data set 1: | cost: 31.703 Data set 1: | cost: 34.689 Data set 1: | cost: 29.423 Data set 1: | cost: 33.403 Data set 1: | cost: 32.284 Data set 1: | cost: 34.005 Data set 1: | cost: 33.149 Data set 1: | cost: 31.292 Data set 1: | cost: 33.455 Data set 1: | cost: 32.851 Data set 1: | cost: 32.296 Data set 1: | cost: 33.040 Data set 1: | cost: 39.287 Data set 1: | cost: 37.588 Data set 1: | cost: 34.983 Data set 1: | cost: 34.167 Data set 1: | cost: 37.625 Data set 1: | cost: 30.679 Data set 1: | cost: 33.105 Data set 1: | cost: 29.461 Data set 1: | cost: 31.906 Data set 1: | cost: 33.470 Data set 1: | cost: 36.326 Data set 1: | cost: 36.087 Data set 1: | cost: 29.143 Data set 1: | cost: 31.892 Data set 1: | cost: 35.056 Data set 1: | cost: 31.881 Data set 1: | cost: 34.803 Data set 1: | cost: 35.716 Data set 1: | cost: 32.226 Data set 1: | cost: 33.586 Data set 1: | cost: 32.977 Data set 1: | cost: 33.742 Data set 1: | cost: 35.571 Data set 1: | cost: 30.886 Data set 1: | cost: 34.509 Data set 1: | cost: 32.306 Data set 1: | cost: 37.008 Data set 1: | cost: 35.234 Data set 1: | cost: 29.964 Data set 1: | cost: 30.415 Data set 1: | cost: 33.241 Data set 1: | cost: 31.560 Data set 1: | cost: 36.603 Data set 1: | cost: 36.703 Data set 1: | cost: 34.387 Data set 1: | cost: 35.637 Data set 1: | cost: 36.678 Data set 1: | cost: 38.332 Data set 1: | cost: 32.435 Data set 1: | cost: 39.126 Data set 1: | cost: 34.130 Data set 1: | cost: 34.456 Data set 1: | cost: 34.033 Data set 1: | cost: 28.845 Data set 1: | cost: 31.285 Data set 1: | cost: 35.734 Data set 1: | cost: 35.672 Data set 1: | cost: 34.838 Data set 1: | cost: 31.876 Data set 1: | cost: 33.648 Data set 1: | cost: 32.636 Data set 1: | cost: 36.721 Data set 1: | cost: 37.648 Data set 1: | cost: 38.169 Data set 1: | cost: 28.345 Data set 1: | cost: 30.098 Data set 1: | cost: 34.040 Data set 1: | cost: 34.911 Data set 1: | cost: 34.876 Data set 1: | cost: 34.920 Data set 1: | cost: 29.328 Data set 1: | cost: 33.905 Data set 1: | cost: 33.368 Data set 1: | cost: 28.343 Data set 1: | cost: 32.547 Data set 1: | cost: 34.639 Data set 1: | cost: 36.694 Data set 1: | cost: 30.805 Data set 1: | cost: 34.380 Data set 1: | cost: 33.323 Data set 1: | cost: 31.562 Data set 1: | cost: 34.667 Data set 1: | cost: 32.785 Data set 1: | cost: 34.566 Data set 1: | cost: 31.922 Data set 1: | cost: 36.515 Data set 1: | cost: 34.188 Data set 1: | cost: 37.467 Data set 1: | cost: 35.998 Data set 1: | cost: 33.013 Data set 1: | cost: 38.880 Data set 1: | cost: 39.311 Data set 1: | cost: 37.267 Data set 1: | cost: 36.501 Data set 1: | cost: 37.451 Data set 1: | cost: 36.816 Data set 1: | cost: 33.055 Data set 1: | cost: 30.205 Data set 1: | cost: 32.071 Data set 1: | cost: 34.458 Data set 1: | cost: 33.102 Data set 1: | cost: 34.202 Data set 1: | cost: 36.864 Data set 1: | cost: 30.471 Data set 1: | cost: 29.684 Data set 1: | cost: 33.426 Data set 1: | cost: 35.588 Data set 1: | cost: 28.606 Data set 1: | cost: 34.424 Data set 1: | cost: 32.108 Data set 1: | cost: 30.376 Data set 1: | cost: 35.617 Data set 1: | cost: 32.873 Data set 1: | cost: 35.043 Data set 1: | cost: 31.127 Data set 1: | cost: 32.892 Data set 1: | cost: 33.178 Data set 1: | cost: 39.217 Data set 1: | cost: 31.835 Data set 1: | cost: 36.253 Data set 1: | cost: 35.068 Data set 1: | cost: 34.390 Data set 1: | cost: 34.565 Data set 1: | cost: 37.573 Data set 1: | cost: 33.646 Data set 1: | cost: 34.172 Data set 1: | cost: 32.540 Data set 1: | cost: 34.099 Data set 1: | cost: 37.081 Data set 1: | cost: 31.368 Data set 1: | cost: 31.948 Data set 1: | cost: 37.853 Data set 1: | cost: 41.544 Data set 1: | cost: 36.788 Data set 1: | cost: 34.359 Data set 1: | cost: 31.078 Data set 1: | cost: 37.536 Data set 1: | cost: 36.735 Data set 1: Flavor: r-release-windows-x86_64

Version: 3.5.4
Check: HTML version of manual
Result: FAIL
Flavor: r-release-windows-x86_64