CRAN Package Check Results for Package DJL

Last updated on 2021-09-19 23:50:02 CEST.

Flavor Version Tinstall Tcheck Ttotal Status Flags
r-devel-linux-x86_64-debian-clang 3.7 10.27 99.26 109.53 OK
r-devel-linux-x86_64-debian-gcc 3.7 8.84 74.73 83.57 OK
r-devel-linux-x86_64-fedora-clang 3.7 138.68 OK
r-devel-linux-x86_64-fedora-gcc 3.7 127.74 OK
r-devel-windows-x86_64 3.7 13.00 96.00 109.00 OK
r-devel-windows-x86_64-gcc10-UCRT 3.7 ERROR
r-patched-linux-x86_64 3.7 11.96 94.60 106.56 OK
r-patched-solaris-x86 3.7 181.20 OK
r-release-linux-x86_64 3.7 9.40 95.89 105.29 OK
r-release-macos-arm64 3.7 OK
r-release-macos-x86_64 3.7 OK
r-release-windows-ix86+x86_64 3.7 23.00 119.00 142.00 OK
r-oldrel-macos-x86_64 3.7 OK
r-oldrel-windows-ix86+x86_64 3.7 22.00 90.00 112.00 OK

Check Details

Version: 3.7
Check: whether package can be installed
Result: WARN
    Found the following significant warnings:
     WARNING: installation-time patches will not be applied, could not get the patches index
Flavor: r-devel-windows-x86_64-gcc10-UCRT

Version: 3.7
Check: PDF version of manual
Result: WARN
    LaTeX errors when creating PDF version.
    This typically indicates Rd problems.
Flavor: r-devel-windows-x86_64-gcc10-UCRT

Version: 3.7
Check: PDF version of manual without hyperrefs or index
Result: ERROR
    Re-running with no redirection of stdout/stderr.
Flavor: r-devel-windows-x86_64-gcc10-UCRT