CRAN Package Check Results for Package DHARMa

Last updated on 2021-10-18 23:49:28 CEST.

Flavor Version Tinstall Tcheck Ttotal Status Flags
r-devel-linux-x86_64-debian-clang 0.4.4 11.55 276.67 288.22 OK
r-devel-linux-x86_64-debian-gcc 0.4.4 9.01 198.31 207.32 OK
r-devel-linux-x86_64-fedora-clang 0.4.4 340.19 NOTE
r-devel-linux-x86_64-fedora-gcc 0.4.4 332.24 OK
r-devel-windows-x86_64 0.4.4 18.00 330.00 348.00 NOTE
r-devel-windows-x86_64-gcc10-UCRT 0.4.4 OK
r-patched-linux-x86_64 0.4.4 12.31 269.52 281.83 OK
r-patched-solaris-x86 0.4.4 293.10 NOTE
r-release-linux-x86_64 0.4.4 11.52 271.27 282.79 OK
r-release-macos-arm64 0.4.4 NOTE
r-release-macos-x86_64 0.4.4 NOTE
r-release-windows-ix86+x86_64 0.4.4 17.00 338.00 355.00 NOTE
r-oldrel-macos-x86_64 0.4.4 NOTE
r-oldrel-windows-ix86+x86_64 0.4.4 25.00 353.00 378.00 NOTE

Check Details

Version: 0.4.4
Check: installed package size
Result: NOTE
     installed size is 5.5Mb
     sub-directories of 1Mb or more:
     doc 5.1Mb
Flavors: r-devel-linux-x86_64-fedora-clang, r-devel-windows-x86_64, r-patched-solaris-x86, r-release-macos-arm64, r-release-macos-x86_64, r-release-windows-ix86+x86_64, r-oldrel-macos-x86_64, r-oldrel-windows-ix86+x86_64

Version: 0.4.4
Check: package dependencies
Result: NOTE
    Package suggested but not available for checking: ‘glmmTMB’
Flavor: r-patched-solaris-x86