Last updated on 2023-02-06 23:55:41 CET.
Flavor | Version | Tinstall | Tcheck | Ttotal | Status | Flags |
---|---|---|---|---|---|---|
r-devel-linux-x86_64-debian-clang | 0.1.5 | 69.46 | 69.14 | 138.60 | NOTE | |
r-devel-linux-x86_64-debian-gcc | 0.1.5 | 61.58 | 55.96 | 117.54 | NOTE | |
r-devel-linux-x86_64-fedora-clang | 0.1.5 | 178.82 | NOTE | |||
r-devel-linux-x86_64-fedora-gcc | 0.1.5 | 205.05 | NOTE | |||
r-devel-windows-x86_64 | 0.1.5 | 81.00 | 122.00 | 203.00 | NOTE | |
r-patched-linux-x86_64 | 0.1.5 | 67.76 | 70.76 | 138.52 | OK | |
r-release-linux-x86_64 | 0.1.5 | 69.05 | 69.19 | 138.24 | OK | |
r-release-macos-arm64 | 0.1.5 | 54.00 | NOTE | |||
r-release-macos-x86_64 | 0.1.5 | 70.00 | NOTE | |||
r-release-windows-x86_64 | 0.1.5 | 67.00 | 119.00 | 186.00 | OK | |
r-oldrel-macos-arm64 | 0.1.5 | 59.00 | NOTE | |||
r-oldrel-macos-x86_64 | 0.1.5 | 104.00 | NOTE | |||
r-oldrel-windows-ix86+x86_64 | 0.1.5 | 149.00 | 132.00 | 281.00 | OK |
Version: 0.1.5
Check: C++ specification
Result: NOTE
Specified C++11: please update to current default of C++17
Flavors: r-devel-linux-x86_64-debian-clang, r-devel-linux-x86_64-debian-gcc, r-devel-linux-x86_64-fedora-clang, r-devel-linux-x86_64-fedora-gcc, r-devel-windows-x86_64
Version: 0.1.5
Check: installed package size
Result: NOTE
installed size is 24.3Mb
sub-directories of 1Mb or more:
libs 24.2Mb
Flavors: r-release-macos-arm64, r-release-macos-x86_64, r-oldrel-macos-arm64, r-oldrel-macos-x86_64