CRAN Package Check Results for Package DDD

Last updated on 2021-09-15 23:49:41 CEST.

Flavor Version Tinstall Tcheck Ttotal Status Flags
r-devel-linux-x86_64-debian-clang 5.0 109.80 132.45 242.25 OK
r-devel-linux-x86_64-debian-gcc 5.0 78.66 98.50 177.16 OK
r-devel-linux-x86_64-fedora-clang 5.0 321.09 NOTE
r-devel-linux-x86_64-fedora-gcc 5.0 299.28 NOTE
r-devel-windows-x86_64 5.0 92.00 186.00 278.00 OK
r-devel-windows-x86_64-gcc10-UCRT 5.0 NOTE
r-patched-linux-x86_64 5.0 92.79 125.68 218.47 OK
r-patched-solaris-x86 5.0 406.00 NOTE
r-release-linux-x86_64 5.0 90.36 125.49 215.85 OK
r-release-macos-arm64 5.0 NOTE
r-release-macos-x86_64 5.0 NOTE
r-release-windows-ix86+x86_64 5.0 241.00 244.00 485.00 OK
r-oldrel-macos-x86_64 5.0 NOTE
r-oldrel-windows-ix86+x86_64 5.0 180.00 231.00 411.00 OK

Check Details

Version: 5.0
Check: installed package size
Result: NOTE
     installed size is 7.1Mb
     sub-directories of 1Mb or more:
     libs 6.6Mb
Flavors: r-devel-linux-x86_64-fedora-clang, r-release-macos-arm64, r-release-macos-x86_64, r-oldrel-macos-x86_64

Version: 5.0
Check: dependencies in R code
Result: NOTE
    Namespace in Imports field not imported from: ‘Rcpp’
     All declared Imports should be used.
Flavors: r-devel-linux-x86_64-fedora-clang, r-devel-linux-x86_64-fedora-gcc, r-devel-windows-x86_64-gcc10-UCRT, r-patched-solaris-x86, r-release-macos-arm64, r-release-macos-x86_64, r-oldrel-macos-x86_64