CRAN Package Check Results for Package DChaos

Last updated on 2022-01-17 23:51:20 CET.

Flavor Version Tinstall Tcheck Ttotal Status Flags
r-devel-linux-x86_64-debian-clang 0.1-6 4.25 44.27 48.52 NOTE
r-devel-linux-x86_64-debian-gcc 0.1-6 3.07 34.52 37.59 NOTE
r-devel-linux-x86_64-fedora-clang 0.1-6 63.11 NOTE
r-devel-linux-x86_64-fedora-gcc 0.1-6 49.36 NOTE
r-devel-windows-x86_64-new-UL 0.1-6 25.00 69.00 94.00 NOTE
r-devel-windows-x86_64-new-TK 0.1-6 NOTE
r-patched-linux-x86_64 0.1-6 4.06 42.61 46.67 NOTE
r-release-linux-x86_64 0.1-6 NOTE
r-release-macos-arm64 0.1-6 NOTE
r-release-macos-x86_64 0.1-6 NOTE
r-release-windows-ix86+x86_64 0.1-6 9.00 52.00 61.00 NOTE
r-oldrel-macos-x86_64 0.1-6 OK
r-oldrel-windows-ix86+x86_64 0.1-6 9.00 51.00 60.00 OK

Check Details

Version: 0.1-6
Check: LazyData
Result: NOTE
     'LazyData' is specified without a 'data' directory
Flavors: r-devel-linux-x86_64-debian-clang, r-devel-linux-x86_64-debian-gcc, r-devel-linux-x86_64-fedora-clang, r-devel-linux-x86_64-fedora-gcc, r-devel-windows-x86_64-new-UL, r-devel-windows-x86_64-new-TK, r-patched-linux-x86_64, r-release-linux-x86_64, r-release-macos-arm64, r-release-macos-x86_64, r-release-windows-ix86+x86_64