CRAN Package Check Results for Package DCEtool

Last updated on 2024-06-16 00:58:18 CEST.

Flavor Version Tinstall Tcheck Ttotal Status Flags
r-devel-linux-x86_64-debian-clang 1.1.0 15.80 110.01 125.81 OK
r-devel-linux-x86_64-debian-gcc 1.1.0 9.47 81.80 91.27 OK
r-devel-linux-x86_64-fedora-clang 1.1.0 160.94 NOTE
r-devel-linux-x86_64-fedora-gcc 1.1.0 170.24 NOTE
r-devel-windows-x86_64 1.1.0 12.00 92.00 104.00 OK
r-patched-linux-x86_64 1.1.0 12.98 106.52 119.50 OK
r-release-linux-x86_64 1.1.0 14.32 105.46 119.78 OK
r-release-macos-arm64 1.1.0 52.00 OK
r-release-macos-x86_64 1.1.0 87.00 OK
r-release-windows-x86_64 1.1.0 14.00 104.00 118.00 OK
r-oldrel-macos-arm64 1.1.0 54.00 OK
r-oldrel-macos-x86_64 1.1.0 157.00 OK
r-oldrel-windows-x86_64 1.1.0 17.00 113.00 130.00 OK

Check Details

Version: 1.1.0
Check: dependencies in R code
Result: NOTE Namespace in Imports field not imported from: ‘knitr’ All declared Imports should be used. Flavors: r-devel-linux-x86_64-fedora-clang, r-devel-linux-x86_64-fedora-gcc