Last updated on 2022-06-29 23:53:17 CEST.
Flavor | Version | Tinstall | Tcheck | Ttotal | Status | Flags |
---|---|---|---|---|---|---|
r-devel-linux-x86_64-debian-clang | 1.1.3 | 7.62 | 88.77 | 96.39 | OK | |
r-devel-linux-x86_64-debian-gcc | 1.1.3 | 5.78 | 68.64 | 74.42 | OK | |
r-devel-linux-x86_64-fedora-clang | 1.1.3 | 126.87 | NOTE | |||
r-devel-linux-x86_64-fedora-gcc | 1.1.3 | 135.98 | OK | |||
r-devel-windows-x86_64 | 1.1.3 | 110.00 | 515.00 | 625.00 | OK | |
r-patched-linux-x86_64 | 1.1.3 | 10.56 | 82.40 | 92.96 | OK | |
r-release-linux-x86_64 | 1.1.3 | 6.92 | 85.24 | 92.16 | OK | |
r-release-macos-arm64 | 1.1.3 | 93.00 | OK | |||
r-release-macos-x86_64 | 1.1.3 | 149.00 | OK | |||
r-release-windows-x86_64 | 1.1.3 | 80.00 | 398.00 | 478.00 | OK | |
r-oldrel-macos-arm64 | 1.1.3 | 92.00 | OK | |||
r-oldrel-macos-x86_64 | 1.1.3 | 160.00 | OK | |||
r-oldrel-windows-ix86+x86_64 | 1.1.3 | 16.00 | 136.00 | 152.00 | OK |
Version: 1.1.3
Check: Rd cross-references
Result: NOTE
Undeclared package ‘withr’ in Rd xrefs
Flavor: r-devel-linux-x86_64-fedora-clang