CRAN Package Check Results for Package CrypticIBDcheck

Last updated on 2021-09-19 23:50:00 CEST.

Flavor Version Tinstall Tcheck Ttotal Status Flags
r-devel-linux-x86_64-debian-clang 0.3-3 14.07 130.78 144.85 OK
r-devel-linux-x86_64-debian-gcc 0.3-3 11.95 98.18 110.13 OK
r-devel-linux-x86_64-fedora-clang 0.3-3 180.23 OK
r-devel-linux-x86_64-fedora-gcc 0.3-3 166.81 OK
r-devel-windows-x86_64 0.3-3 20.00 122.00 142.00 OK
r-devel-windows-x86_64-gcc10-UCRT 0.3-3 ERROR
r-patched-linux-x86_64 0.3-3 19.51 123.37 142.88 OK
r-release-linux-x86_64 0.3-3 15.49 124.46 139.95 OK
r-release-macos-arm64 0.3-3 OK
r-release-macos-x86_64 0.3-3 ERROR
r-release-windows-ix86+x86_64 0.3-3 37.00 215.00 252.00 OK
r-oldrel-macos-x86_64 0.3-3 ERROR
r-oldrel-windows-ix86+x86_64 0.3-3 38.00 165.00 203.00 OK

Check Details

Version: 0.3-3
Check: whether package can be installed
Result: ERROR
    Installation failed.
Flavor: r-devel-windows-x86_64-gcc10-UCRT

Version: 0.3-3
Check: package dependencies
Result: ERROR
    Packages required but not available: 'rJPSGCS', 'chopsticks'
    
    See section ‘The DESCRIPTION file’ in the ‘Writing R Extensions’
    manual.
Flavors: r-release-macos-x86_64, r-oldrel-macos-x86_64