CRAN Package Check Results for Package Countr

Last updated on 2021-09-27 23:50:36 CEST.

Flavor Version Tinstall Tcheck Ttotal Status Flags
r-devel-linux-x86_64-debian-clang 3.5.5 160.44 170.61 331.05 OK
r-devel-linux-x86_64-debian-gcc 3.5.5 109.25 128.05 237.30 OK
r-devel-linux-x86_64-fedora-clang 3.5.5 434.84 NOTE
r-devel-linux-x86_64-fedora-gcc 3.5.5 402.23 OK
r-devel-windows-x86_64 3.5.5 141.00 156.00 297.00 OK
r-devel-windows-x86_64-gcc10-UCRT 3.5.5 OK
r-patched-linux-x86_64 3.5.5 129.69 160.71 290.40 OK
r-patched-solaris-x86 3.5.5 446.90 OK
r-release-linux-x86_64 3.5.5 126.93 164.00 290.93 OK
r-release-macos-arm64 3.5.5 NOTE
r-release-macos-x86_64 3.5.5 NOTE
r-release-windows-ix86+x86_64 3.5.5 364.00 270.00 634.00 NOTE
r-oldrel-macos-x86_64 3.5.5 NOTE
r-oldrel-windows-ix86+x86_64 3.5.5 270.00 206.00 476.00 NOTE

Check Details

Version: 3.5.5
Check: installed package size
Result: NOTE
     installed size is 8.1Mb
     sub-directories of 1Mb or more:
     doc 2.0Mb
     libs 5.2Mb
Flavors: r-devel-linux-x86_64-fedora-clang, r-release-macos-arm64, r-release-macos-x86_64, r-release-windows-ix86+x86_64, r-oldrel-macos-x86_64, r-oldrel-windows-ix86+x86_64