CRAN Package Check Results for Package Conigrave

Last updated on 2024-07-15 00:49:40 CEST.

Flavor Version Tinstall Tcheck Ttotal Status Flags
r-devel-linux-x86_64-debian-clang 0.4.4 17.56 136.74 154.30 NOTE
r-devel-linux-x86_64-debian-gcc 0.4.4 13.39 98.55 111.94 NOTE
r-devel-linux-x86_64-fedora-clang 0.4.4 186.85 NOTE
r-devel-linux-x86_64-fedora-gcc 0.4.4 171.07 NOTE
r-devel-windows-x86_64 0.4.4 14.00 104.00 118.00 NOTE
r-patched-linux-x86_64 0.4.4 10.83 127.42 138.25 NOTE
r-release-linux-x86_64 0.4.4 15.63 125.88 141.51 NOTE
r-release-macos-arm64 0.4.4 48.00 NOTE
r-release-macos-x86_64 0.4.4 72.00 NOTE
r-release-windows-x86_64 0.4.4 14.00 106.00 120.00 NOTE
r-oldrel-macos-arm64 0.4.4 34.00 NOTE
r-oldrel-macos-x86_64 0.4.4 60.00 NOTE
r-oldrel-windows-x86_64 0.4.4 18.00 129.00 147.00 NOTE

Check Details

Version: 0.4.4
Check: LazyData
Result: NOTE 'LazyData' is specified without a 'data' directory Flavors: r-devel-linux-x86_64-debian-clang, r-devel-linux-x86_64-debian-gcc, r-devel-linux-x86_64-fedora-clang, r-devel-linux-x86_64-fedora-gcc, r-devel-windows-x86_64, r-patched-linux-x86_64, r-release-linux-x86_64, r-release-macos-arm64, r-release-macos-x86_64, r-release-windows-x86_64, r-oldrel-macos-arm64, r-oldrel-macos-x86_64, r-oldrel-windows-x86_64