Last updated on 2023-05-29 00:59:30 CEST.
Flavor | Version | Tinstall | Tcheck | Ttotal | Status | Flags |
---|---|---|---|---|---|---|
r-devel-linux-x86_64-debian-clang | 0.1.5 | 11.68 | 367.99 | 379.67 | NOTE | |
r-devel-linux-x86_64-debian-gcc | 0.1.5 | 9.20 | 299.96 | 309.16 | NOTE | |
r-devel-linux-x86_64-fedora-clang | 0.1.5 | 492.49 | NOTE | |||
r-devel-linux-x86_64-fedora-gcc | 0.1.5 | 484.18 | NOTE | |||
r-devel-windows-x86_64 | 0.1.5 | 12.00 | 346.00 | 358.00 | NOTE | |
r-patched-linux-x86_64 | 0.1.5 | 13.17 | 365.44 | 378.61 | NOTE | |
r-release-linux-x86_64 | 0.1.5 | 12.63 | 377.86 | 390.49 | NOTE | |
r-release-macos-arm64 | 0.1.5 | 189.00 | NOTE | |||
r-release-macos-x86_64 | 0.1.5 | 427.00 | NOTE | |||
r-release-windows-x86_64 | 0.1.5 | 15.00 | 365.00 | 380.00 | NOTE | |
r-oldrel-macos-arm64 | 0.1.5 | 183.00 | NOTE | |||
r-oldrel-macos-x86_64 | 0.1.5 | 232.00 | NOTE | |||
r-oldrel-windows-x86_64 | 0.1.5 | 14.00 | 370.00 | 384.00 | NOTE |
Version: 0.1.5
Check: LazyData
Result: NOTE
'LazyData' is specified without a 'data' directory
Flavors: r-devel-linux-x86_64-debian-clang, r-devel-linux-x86_64-debian-gcc, r-devel-linux-x86_64-fedora-clang, r-devel-linux-x86_64-fedora-gcc, r-devel-windows-x86_64, r-patched-linux-x86_64, r-release-linux-x86_64, r-release-macos-arm64, r-release-macos-x86_64, r-release-windows-x86_64, r-oldrel-macos-arm64, r-oldrel-macos-x86_64, r-oldrel-windows-x86_64