CRAN Package Check Results for Package ColorNameR

Last updated on 2021-10-27 23:50:20 CEST.

Flavor Version Tinstall Tcheck Ttotal Status Flags
r-devel-linux-x86_64-debian-clang 0.1.0 2.47 33.36 35.83 OK
r-devel-linux-x86_64-debian-gcc 0.1.0 1.86 25.10 26.96 OK
r-devel-linux-x86_64-fedora-clang 0.1.0 54.06 NOTE
r-devel-linux-x86_64-fedora-gcc 0.1.0 43.57 NOTE
r-devel-windows-x86_64 0.1.0 6.00 54.00 60.00 OK
r-devel-windows-x86_64-gcc10-UCRT 0.1.0 NOTE
r-patched-linux-x86_64 0.1.0 2.41 32.27 34.68 OK
r-patched-solaris-x86 0.1.0 68.70 NOTE
r-release-linux-x86_64 0.1.0 2.39 32.15 34.54 OK
r-release-macos-arm64 0.1.0 NOTE
r-release-macos-x86_64 0.1.0 NOTE
r-release-windows-ix86+x86_64 0.1.0 4.00 45.00 49.00 OK
r-oldrel-macos-x86_64 0.1.0 NOTE
r-oldrel-windows-ix86+x86_64 0.1.0 4.00 48.00 52.00 OK

Check Details

Version: 0.1.0
Check: data for non-ASCII characters
Result: NOTE
     Note: found 742 marked UTF-8 strings
Flavors: r-devel-linux-x86_64-fedora-clang, r-devel-linux-x86_64-fedora-gcc, r-devel-windows-x86_64-gcc10-UCRT, r-patched-solaris-x86, r-release-macos-arm64, r-release-macos-x86_64, r-oldrel-macos-x86_64