CRAN Package Check Results for Package CohortSurvival

Last updated on 2024-06-13 00:55:09 CEST.

Flavor Version Tinstall Tcheck Ttotal Status Flags
r-devel-linux-x86_64-debian-clang 0.5.1 7.72 396.57 404.29 OK
r-devel-linux-x86_64-debian-gcc 0.5.1 0.41 1.86 2.27 ERROR
r-devel-linux-x86_64-fedora-clang 0.5.1 469.27 OK
r-devel-linux-x86_64-fedora-gcc 0.5.1 466.85 OK
r-devel-windows-x86_64 0.5.1 6.00 242.00 248.00 OK
r-patched-linux-x86_64 0.5.1 4.27 382.49 386.76 OK
r-release-linux-x86_64 0.5.1 3.93 380.30 384.23 OK
r-release-macos-arm64 0.5.1 132.00 OK
r-release-macos-x86_64 0.5.1 204.00 OK
r-release-windows-x86_64 0.5.1 7.00 240.00 247.00 OK
r-oldrel-macos-arm64 0.5.1 126.00 OK
r-oldrel-macos-x86_64 0.5.1 353.00 OK
r-oldrel-windows-x86_64 0.5.1 8.00 321.00 329.00 OK

Check Details

Version: 0.5.1
Check: package dependencies
Result: ERROR Packages required but not available: 'CDMConnector', 'omopgenerics', 'dplyr', 'dbplyr', 'lubridate', 'broom', 'PatientProfiles', 'visOmopResults', 'stringr', 'tibble', 'tidyr' Packages suggested but not available for checking: 'testthat', 'CodelistGenerator', 'roxygen2', 'ggplot2', 'patchwork', 'gt' See section ‘The DESCRIPTION file’ in the ‘Writing R Extensions’ manual. Flavor: r-devel-linux-x86_64-debian-gcc