CRAN Package Check Results for Package ClustImpute

Last updated on 2024-06-14 00:53:37 CEST.

Flavor Version Tinstall Tcheck Ttotal Status Flags
r-devel-linux-x86_64-debian-clang 0.2.4 3.84 101.83 105.67 OK
r-devel-linux-x86_64-debian-gcc 0.2.4 0.40 1.78 2.18 ERROR
r-devel-linux-x86_64-fedora-clang 0.2.4 137.32 OK
r-devel-linux-x86_64-fedora-gcc 0.2.4 144.40 OK
r-devel-windows-x86_64 0.2.4 4.00 105.00 109.00 OK
r-patched-linux-x86_64 0.2.4 3.05 103.02 106.07 OK
r-release-linux-x86_64 0.2.4 2.51 99.83 102.34 OK
r-release-macos-arm64 0.2.4 52.00 OK
r-release-macos-x86_64 0.2.4 75.00 OK
r-release-windows-x86_64 0.2.4 5.00 106.00 111.00 OK
r-oldrel-macos-arm64 0.2.4 52.00 OK
r-oldrel-macos-x86_64 0.2.4 81.00 OK
r-oldrel-windows-x86_64 0.2.4 6.00 118.00 124.00 OK

Check Details

Version: 0.2.4
Check: package dependencies
Result: ERROR Packages required but not available: 'ClusterR', 'dplyr', 'tidyr', 'ggplot2' Packages suggested but not available for checking: 'ggExtra', 'testthat', 'Hmisc' See section ‘The DESCRIPTION file’ in the ‘Writing R Extensions’ manual. Flavor: r-devel-linux-x86_64-debian-gcc