Last updated on 2023-03-29 00:57:03 CEST.
Flavor | Version | Tinstall | Tcheck | Ttotal | Status | Flags |
---|---|---|---|---|---|---|
r-devel-linux-x86_64-debian-clang | 0.3.1 | 7.02 | 46.89 | 53.91 | OK | |
r-devel-linux-x86_64-debian-gcc | 0.3.1 | 5.18 | 36.81 | 41.99 | OK | |
r-devel-linux-x86_64-fedora-clang | 0.3.1 | 66.81 | NOTE | |||
r-devel-linux-x86_64-fedora-gcc | 0.3.1 | 78.89 | NOTE | |||
r-devel-windows-x86_64 | 0.3.1 | 57.00 | 87.00 | 144.00 | OK | |
r-patched-linux-x86_64 | 0.3.1 | 5.19 | 45.79 | 50.98 | OK | |
r-release-linux-x86_64 | 0.3.1 | 5.93 | 47.14 | 53.07 | OK | |
r-release-macos-arm64 | 0.3.1 | 25.00 | OK | |||
r-release-macos-x86_64 | 0.3.1 | 35.00 | OK | |||
r-release-windows-x86_64 | 0.3.1 | 42.00 | 106.00 | 148.00 | OK | |
r-oldrel-macos-arm64 | 0.3.1 | 31.00 | OK | |||
r-oldrel-macos-x86_64 | 0.3.1 | 40.00 | OK | |||
r-oldrel-windows-ix86+x86_64 | 0.3.1 | 16.00 | 79.00 | 95.00 | OK |
Version: 0.3.1
Check: dependencies in R code
Result: NOTE
Namespace in Imports field not imported from: ‘plyr’
All declared Imports should be used.
Flavors: r-devel-linux-x86_64-fedora-clang, r-devel-linux-x86_64-fedora-gcc
Version: 0.3.1
Check: Rd cross-references
Result: NOTE
Undeclared package ‘s2dv’ in Rd xrefs
Flavor: r-devel-linux-x86_64-fedora-clang