CRAN Package Check Results for Package Claddis

Last updated on 2021-10-21 23:50:06 CEST.

Flavor Version Tinstall Tcheck Ttotal Status Flags
r-devel-linux-x86_64-debian-clang 0.6.3 15.21 129.08 144.29 OK
r-devel-linux-x86_64-debian-gcc 0.6.3 14.41 97.01 111.42 OK
r-devel-linux-x86_64-fedora-clang 0.6.3 187.84 OK
r-devel-linux-x86_64-fedora-gcc 0.6.3 173.73 OK
r-devel-windows-x86_64 0.6.3 27.00 157.00 184.00 OK
r-devel-windows-x86_64-gcc10-UCRT 0.6.3 ERROR
r-patched-linux-x86_64 0.6.3 21.90 125.19 147.09 OK
r-patched-solaris-x86 0.6.3 234.00 OK
r-release-linux-x86_64 0.6.3 14.87 124.76 139.63 OK
r-release-macos-arm64 0.6.3 OK
r-release-macos-x86_64 0.6.3 OK
r-release-windows-ix86+x86_64 0.6.3 23.00 156.00 179.00 OK
r-oldrel-macos-x86_64 0.6.3 OK
r-oldrel-windows-ix86+x86_64 0.6.3 36.00 167.00 203.00 OK

Check Details

Version: 0.6.3
Check: package dependencies
Result: ERROR
    Package required but not available: 'phytools'
    
    See section 'The DESCRIPTION file' in the 'Writing R Extensions'
    manual.
Flavor: r-devel-windows-x86_64-gcc10-UCRT