CRAN Package Check Results for Package CircSpaceTime

Last updated on 2024-06-14 00:53:37 CEST.

Flavor Version Tinstall Tcheck Ttotal Status Flags
r-devel-linux-x86_64-debian-clang 0.9.0 178.88 50.74 229.62 NOTE
r-devel-linux-x86_64-debian-gcc 0.9.0 0.45 1.73 2.18 ERROR
r-devel-linux-x86_64-fedora-clang 0.9.0 338.81 NOTE
r-devel-linux-x86_64-fedora-gcc 0.9.0 340.97 NOTE
r-devel-windows-x86_64 0.9.0 136.00 89.00 225.00 NOTE
r-patched-linux-x86_64 0.9.0 150.46 50.08 200.54 NOTE
r-release-linux-x86_64 0.9.0 152.71 47.90 200.61 NOTE
r-release-macos-arm64 0.9.0 59.00 NOTE
r-release-macos-x86_64 0.9.0 69.00 NOTE
r-release-windows-x86_64 0.9.0 136.00 103.00 239.00 NOTE
r-oldrel-macos-arm64 0.9.0 81.00 NOTE
r-oldrel-macos-x86_64 0.9.0 129.00 NOTE
r-oldrel-windows-x86_64 0.9.0 160.00 100.00 260.00 NOTE

Check Details

Version: 0.9.0
Check: C++ specification
Result: NOTE Specified C++11: please drop specification unless essential Flavors: r-devel-linux-x86_64-debian-clang, r-devel-linux-x86_64-fedora-clang, r-devel-linux-x86_64-fedora-gcc, r-devel-windows-x86_64, r-patched-linux-x86_64, r-release-linux-x86_64, r-release-macos-arm64, r-release-macos-x86_64, r-release-windows-x86_64, r-oldrel-macos-arm64, r-oldrel-macos-x86_64, r-oldrel-windows-x86_64

Version: 0.9.0
Check: package dependencies
Result: ERROR Package required but not available: ‘ggplot2’ See section ‘The DESCRIPTION file’ in the ‘Writing R Extensions’ manual. Flavor: r-devel-linux-x86_64-debian-gcc

Version: 0.9.0
Check: dependencies in R code
Result: NOTE Namespaces in Imports field not imported from: ‘RInside’ ‘circular’ All declared Imports should be used. Flavors: r-devel-linux-x86_64-fedora-clang, r-devel-linux-x86_64-fedora-gcc

Version: 0.9.0
Check: installed package size
Result: NOTE installed size is 7.1Mb sub-directories of 1Mb or more: data 1.8Mb libs 4.7Mb Flavors: r-release-macos-arm64, r-release-macos-x86_64, r-oldrel-macos-arm64, r-oldrel-macos-x86_64