Last updated on 2023-06-09 00:54:18 CEST.
Flavor | Version | Tinstall | Tcheck | Ttotal | Status | Flags |
---|---|---|---|---|---|---|
r-devel-linux-x86_64-debian-clang | 1.1.1 | 7.35 | 54.39 | 61.74 | OK | |
r-devel-linux-x86_64-debian-gcc | 1.1.1 | 5.28 | 40.57 | 45.85 | OK | |
r-devel-linux-x86_64-fedora-clang | 1.1.1 | 77.49 | NOTE | |||
r-devel-linux-x86_64-fedora-gcc | 1.1.1 | 72.28 | NOTE | |||
r-devel-windows-x86_64 | 1.1.1 | 9.00 | 61.00 | 70.00 | OK | |
r-patched-linux-x86_64 | 1.1.1 | 7.29 | 51.53 | 58.82 | OK | |
r-release-linux-x86_64 | 1.1.1 | 6.76 | 51.10 | 57.86 | OK | |
r-release-macos-arm64 | 1.1.1 | 30.00 | OK | |||
r-release-macos-x86_64 | 1.1.1 | 35.00 | OK | |||
r-release-windows-x86_64 | 1.1.1 | 11.00 | 71.00 | 82.00 | OK | |
r-oldrel-macos-arm64 | 1.1.1 | 26.00 | NOTE | |||
r-oldrel-macos-x86_64 | 1.1.1 | 46.00 | NOTE | |||
r-oldrel-windows-x86_64 | 1.1.1 | 10.00 | 69.00 | 79.00 | OK |
Version: 1.1.1
Check: data for non-ASCII characters
Result: NOTE
Note: found 8119 marked UTF-8 strings
Flavors: r-devel-linux-x86_64-fedora-clang, r-devel-linux-x86_64-fedora-gcc, r-oldrel-macos-arm64, r-oldrel-macos-x86_64