CRAN Package Check Results for Package Chaos01

Last updated on 2022-05-18 23:52:09 CEST.

Flavor Version Tinstall Tcheck Ttotal Status Flags
r-devel-linux-x86_64-debian-clang 1.2.1 3.57 37.14 40.71 NOTE
r-devel-linux-x86_64-debian-gcc 1.2.1 2.81 28.62 31.43 NOTE
r-devel-linux-x86_64-fedora-clang 1.2.1 50.59 NOTE
r-devel-linux-x86_64-fedora-gcc 1.2.1 49.30 NOTE
r-devel-windows-x86_64 1.2.1 20.00 53.00 73.00 NOTE
r-patched-linux-x86_64 1.2.1 3.85 36.08 39.93 NOTE
r-release-linux-x86_64 1.2.1 3.32 35.81 39.13 NOTE
r-release-macos-arm64 1.2.1 17.00 NOTE
r-release-macos-x86_64 1.2.1 23.00 NOTE
r-release-windows-x86_64 1.2.1 23.00 55.00 78.00 NOTE
r-oldrel-macos-arm64 1.2.1 25.00 NOTE
r-oldrel-macos-x86_64 1.2.1 30.00 NOTE
r-oldrel-windows-ix86+x86_64 1.2.1 12.00 58.00 70.00 NOTE

Check Details

Version: 1.2.1
Check: LazyData
Result: NOTE
     'LazyData' is specified without a 'data' directory
Flavors: r-devel-linux-x86_64-debian-clang, r-devel-linux-x86_64-debian-gcc, r-devel-linux-x86_64-fedora-clang, r-devel-linux-x86_64-fedora-gcc, r-devel-windows-x86_64, r-patched-linux-x86_64, r-release-linux-x86_64, r-release-macos-arm64, r-release-macos-x86_64, r-release-windows-x86_64, r-oldrel-macos-arm64, r-oldrel-macos-x86_64, r-oldrel-windows-ix86+x86_64

Version: 1.2.1
Check: package dependencies
Result: NOTE
    Package suggested but not available for checking: ‘pbdMPI’
Flavors: r-release-macos-arm64, r-release-macos-x86_64, r-oldrel-macos-arm64, r-oldrel-macos-x86_64