CRAN Package Check Results for Package CausalKinetiX

Last updated on 2021-05-15 23:49:07 CEST.

Flavor Version Tinstall Tcheck Ttotal Status Flags
r-devel-linux-x86_64-debian-clang 0.2.1 11.35 103.01 114.36 NOTE
r-devel-linux-x86_64-debian-gcc 0.2.1 9.07 78.27 87.34 NOTE
r-devel-linux-x86_64-fedora-clang 0.2.1 146.47 NOTE
r-devel-linux-x86_64-fedora-gcc 0.2.1 134.45 NOTE
r-devel-windows-ix86+x86_64 0.2.1 29.00 94.00 123.00 NOTE
r-devel-windows-x86_64-gcc10-UCRT 0.2.1 NOTE
r-patched-linux-x86_64 0.2.1 12.41 98.88 111.29 NOTE
r-patched-solaris-x86 0.2.1 196.00 NOTE
r-release-linux-x86_64 0.2.1 10.27 95.74 106.01 OK
r-release-macos-x86_64 0.2.1 OK
r-release-windows-ix86+x86_64 0.2.1 19.00 96.00 115.00 OK
r-oldrel-macos-x86_64 0.2.1 OK
r-oldrel-windows-ix86+x86_64 0.2.1 21.00 112.00 133.00 OK

Check Details

Version: 0.2.1
Check: LazyData
Result: NOTE
     'LazyData' is specified without a 'data' directory
Flavors: r-devel-linux-x86_64-debian-clang, r-devel-linux-x86_64-debian-gcc, r-devel-linux-x86_64-fedora-clang, r-devel-linux-x86_64-fedora-gcc, r-devel-windows-ix86+x86_64, r-devel-windows-x86_64-gcc10-UCRT, r-patched-linux-x86_64, r-patched-solaris-x86