CRAN Package Check Results for Package CVglasso

Last updated on 2021-10-27 23:50:21 CEST.

Flavor Version Tinstall Tcheck Ttotal Status Flags
r-devel-linux-x86_64-debian-clang 1.0 5.38 49.73 55.11 NOTE
r-devel-linux-x86_64-debian-gcc 1.0 4.01 37.88 41.89 NOTE
r-devel-linux-x86_64-fedora-clang 1.0 76.55 NOTE
r-devel-linux-x86_64-fedora-gcc 1.0 63.73 NOTE
r-devel-windows-x86_64 1.0 9.00 77.00 86.00 NOTE
r-devel-windows-x86_64-gcc10-UCRT 1.0 NOTE
r-patched-linux-x86_64 1.0 5.09 47.64 52.73 NOTE
r-patched-solaris-x86 1.0 116.10 NOTE
r-release-linux-x86_64 1.0 5.65 46.46 52.11 NOTE
r-release-macos-arm64 1.0 NOTE
r-release-macos-x86_64 1.0 NOTE
r-release-windows-ix86+x86_64 1.0 10.00 65.00 75.00 NOTE
r-oldrel-macos-x86_64 1.0 OK
r-oldrel-windows-ix86+x86_64 1.0 11.00 70.00 81.00 OK

Check Details

Version: 1.0
Check: LazyData
Result: NOTE
     'LazyData' is specified without a 'data' directory
Flavors: r-devel-linux-x86_64-debian-clang, r-devel-linux-x86_64-debian-gcc, r-devel-linux-x86_64-fedora-clang, r-devel-linux-x86_64-fedora-gcc, r-devel-windows-x86_64, r-devel-windows-x86_64-gcc10-UCRT, r-patched-linux-x86_64, r-patched-solaris-x86, r-release-linux-x86_64, r-release-macos-arm64, r-release-macos-x86_64, r-release-windows-ix86+x86_64