CRAN Package Check Results for Package CVXR

Last updated on 2023-02-08 00:03:22 CET.

Flavor Version Tinstall Tcheck Ttotal Status Flags
r-devel-linux-x86_64-debian-clang 1.0-11 179.65 367.98 547.63 NOTE
r-devel-linux-x86_64-debian-gcc 1.0-11 142.54 265.56 408.10 NOTE
r-devel-linux-x86_64-fedora-clang 1.0-11 745.88 NOTE
r-devel-linux-x86_64-fedora-gcc 1.0-11 743.72 NOTE
r-devel-windows-x86_64 1.0-11 359.00 507.00 866.00 NOTE
r-patched-linux-x86_64 1.0-11 148.43 327.17 475.60 NOTE
r-release-linux-x86_64 1.0-11 153.37 321.67 475.04 NOTE
r-release-macos-arm64 1.0-11 176.00 NOTE
r-release-macos-x86_64 1.0-11 209.00 NOTE
r-release-windows-x86_64 1.0-11 319.00 443.00 762.00 NOTE
r-oldrel-macos-arm64 1.0-11 157.00 NOTE
r-oldrel-macos-x86_64 1.0-11 208.00 NOTE
r-oldrel-windows-ix86+x86_64 1.0-11 351.00 570.00 921.00 NOTE

Check Details

Version: 1.0-11
Check: package dependencies
Result: NOTE
    Packages which this enhances but not available for checking:
     'gurobi', 'rcbc'
Flavors: r-devel-linux-x86_64-debian-clang, r-devel-linux-x86_64-debian-gcc, r-patched-linux-x86_64, r-release-linux-x86_64

Version: 1.0-11
Check: package dependencies
Result: NOTE
    Packages which this enhances but not available for checking:
     'Rcplex', 'gurobi', 'rcbc'
Flavors: r-devel-linux-x86_64-fedora-clang, r-devel-linux-x86_64-fedora-gcc, r-devel-windows-x86_64, r-release-macos-arm64, r-release-macos-x86_64, r-release-windows-x86_64, r-oldrel-macos-arm64, r-oldrel-macos-x86_64, r-oldrel-windows-ix86+x86_64

Version: 1.0-11
Check: installed package size
Result: NOTE
     installed size is 5.8Mb
     sub-directories of 1Mb or more:
     R 2.7Mb
     doc 1.2Mb
     help 1.0Mb
Flavors: r-devel-linux-x86_64-fedora-clang, r-devel-windows-x86_64, r-release-macos-arm64, r-release-macos-x86_64, r-release-windows-x86_64, r-oldrel-macos-arm64, r-oldrel-macos-x86_64, r-oldrel-windows-ix86+x86_64