CRAN Package Check Results for Package CVEK

Last updated on 2021-05-15 23:49:10 CEST.

Flavor Version Tinstall Tcheck Ttotal Status Flags
r-devel-linux-x86_64-debian-clang 0.1-2 3.33 442.66 445.99 NOTE
r-devel-linux-x86_64-debian-gcc 0.1-2 2.78 327.96 330.74 NOTE
r-devel-linux-x86_64-fedora-clang 0.1-2 539.22 NOTE
r-devel-linux-x86_64-fedora-gcc 0.1-2 526.65 NOTE
r-devel-windows-ix86+x86_64 0.1-2 8.00 506.00 514.00 NOTE
r-devel-windows-x86_64-gcc10-UCRT 0.1-2 NOTE
r-patched-linux-x86_64 0.1-2 4.24 431.08 435.32 NOTE
r-patched-solaris-x86 0.1-2 1333.50 NOTE
r-release-linux-x86_64 0.1-2 3.35 427.58 430.93 OK
r-release-macos-x86_64 0.1-2 OK
r-release-windows-ix86+x86_64 0.1-2 7.00 374.00 381.00 OK
r-oldrel-macos-x86_64 0.1-2 OK
r-oldrel-windows-ix86+x86_64 0.1-2 5.00 410.00 415.00 OK

Check Details

Version: 0.1-2
Check: LazyData
Result: NOTE
     'LazyData' is specified without a 'data' directory
Flavors: r-devel-linux-x86_64-debian-clang, r-devel-linux-x86_64-debian-gcc, r-devel-linux-x86_64-fedora-clang, r-devel-linux-x86_64-fedora-gcc, r-devel-windows-ix86+x86_64, r-devel-windows-x86_64-gcc10-UCRT, r-patched-linux-x86_64, r-patched-solaris-x86