Last updated on 2023-06-07 01:03:22 CEST.
Flavor | Version | Tinstall | Tcheck | Ttotal | Status | Flags |
---|---|---|---|---|---|---|
r-devel-linux-x86_64-debian-clang | 1.4.0 | 46.67 | 492.53 | 539.20 | OK | |
r-devel-linux-x86_64-debian-gcc | 1.4.0 | 37.01 | 357.45 | 394.46 | OK | |
r-devel-linux-x86_64-fedora-clang | 1.4.0 | 672.52 | NOTE | |||
r-devel-linux-x86_64-fedora-gcc | 1.4.0 | 669.27 | NOTE | |||
r-devel-windows-x86_64 | 1.4.0 | 33.00 | 334.00 | 367.00 | OK | |
r-patched-linux-x86_64 | 1.4.0 | 34.79 | 460.03 | 494.82 | OK | |
r-release-linux-x86_64 | 1.4.0 | 32.55 | 460.82 | 493.37 | OK | |
r-release-macos-arm64 | 1.4.0 | 177.00 | OK | |||
r-release-macos-x86_64 | 1.4.0 | 292.00 | OK | |||
r-release-windows-x86_64 | 1.4.0 | 49.00 | 450.00 | 499.00 | OK | |
r-oldrel-macos-arm64 | 1.4.0 | 102.00 | OK | |||
r-oldrel-macos-x86_64 | 1.4.0 | 196.00 | OK | |||
r-oldrel-windows-x86_64 | 1.4.0 | 52.00 | 430.00 | 482.00 | OK |
Version: 1.4.0
Check: data for non-ASCII characters
Result: NOTE
Note: found 282 marked UTF-8 strings
Flavors: r-devel-linux-x86_64-fedora-clang, r-devel-linux-x86_64-fedora-gcc