Last updated on 2023-06-09 00:54:19 CEST.
Flavor | Version | Tinstall | Tcheck | Ttotal | Status | Flags |
---|---|---|---|---|---|---|
r-devel-linux-x86_64-debian-clang | 0.6.7 | 2.75 | 29.10 | 31.85 | OK | |
r-devel-linux-x86_64-debian-gcc | 0.6.7 | 1.88 | 22.35 | 24.23 | OK | |
r-devel-linux-x86_64-fedora-clang | 0.6.7 | 39.56 | NOTE | |||
r-devel-linux-x86_64-fedora-gcc | 0.6.7 | 49.06 | NOTE | |||
r-devel-windows-x86_64 | 0.6.7 | 4.00 | 47.00 | 51.00 | OK | |
r-patched-linux-x86_64 | 0.6.7 | 2.14 | 27.71 | 29.85 | OK | |
r-release-linux-x86_64 | 0.6.7 | 1.62 | 27.04 | 28.66 | OK | |
r-release-macos-arm64 | 0.6.7 | 30.00 | OK | |||
r-release-macos-x86_64 | 0.6.7 | 35.00 | OK | |||
r-release-windows-x86_64 | 0.6.7 | 5.00 | 48.00 | 53.00 | OK | |
r-oldrel-macos-arm64 | 0.6.7 | 21.00 | NOTE | |||
r-oldrel-macos-x86_64 | 0.6.7 | 34.00 | NOTE | |||
r-oldrel-windows-x86_64 | 0.6.7 | 5.00 | 75.00 | 80.00 | OK |
Version: 0.6.7
Check: dependencies in R code
Result: NOTE
Namespaces in Imports field not imported from:
‘extrafont’ ‘future’
All declared Imports should be used.
Flavors: r-devel-linux-x86_64-fedora-clang, r-devel-linux-x86_64-fedora-gcc, r-oldrel-macos-arm64, r-oldrel-macos-x86_64