Last updated on 2023-03-27 00:50:21 CEST.
Flavor | Version | Tinstall | Tcheck | Ttotal | Status | Flags |
---|---|---|---|---|---|---|
r-devel-linux-x86_64-debian-clang | 1.2.4 | 3.52 | 23.99 | 27.51 | OK | |
r-devel-linux-x86_64-debian-gcc | 1.2.4 | 2.60 | 18.50 | 21.10 | OK | |
r-devel-linux-x86_64-fedora-gcc | 1.2.4 | 32.82 | NOTE | |||
r-devel-windows-x86_64 | 1.2.4 | 17.00 | 48.00 | 65.00 | OK | |
r-patched-linux-x86_64 | 1.2.4 | 3.26 | 23.26 | 26.52 | OK | |
r-release-linux-x86_64 | 1.2.4 | 3.36 | 24.63 | 27.99 | OK | |
r-release-macos-arm64 | 1.2.4 | 17.00 | OK | |||
r-release-macos-x86_64 | 1.2.4 | 21.00 | OK | |||
r-release-windows-x86_64 | 1.2.4 | 9.00 | 47.00 | 56.00 | OK | |
r-oldrel-macos-arm64 | 1.2.4 | 22.00 | OK | |||
r-oldrel-macos-x86_64 | 1.2.4 | 27.00 | OK | |||
r-oldrel-windows-ix86+x86_64 | 1.2.4 | 11.00 | 41.00 | 52.00 | OK |
Version: 1.2.4
Check: top-level files
Result: NOTE
‘cleanup’: /bin/bash is not portable
Flavor: r-devel-linux-x86_64-fedora-gcc