CRAN Package Check Results for Package CLVTools

Last updated on 2021-08-03 23:52:02 CEST.

Flavor Version Tinstall Tcheck Ttotal Status Flags
r-devel-linux-x86_64-debian-clang 0.8.0 140.86 498.46 639.32 OK
r-devel-linux-x86_64-debian-gcc 0.8.0 95.56 384.40 479.96 OK
r-devel-linux-x86_64-fedora-clang 0.8.0 668.14 NOTE
r-devel-linux-x86_64-fedora-gcc 0.8.0 626.40 OK
r-devel-windows-x86_64 0.8.0 137.00 325.00 462.00 OK
r-devel-windows-x86_64-gcc10-UCRT 0.8.0 OK
r-patched-linux-x86_64 0.8.0 113.37 424.68 538.05 OK
r-patched-solaris-x86 0.8.0 572.50 OK
r-release-linux-x86_64 0.8.0 119.50 431.06 550.56 OK
r-release-macos-arm64 0.8.0 WARN
r-release-macos-x86_64 0.8.0 NOTE
r-release-windows-ix86+x86_64 0.8.0 332.00 556.00 888.00 OK
r-oldrel-macos-x86_64 0.8.0 NOTE
r-oldrel-windows-ix86+x86_64 0.8.0 238.00 568.00 806.00 OK

Check Details

Version: 0.8.0
Check: installed package size
Result: NOTE
     installed size is 8.6Mb
     sub-directories of 1Mb or more:
     libs 7.4Mb
Flavors: r-devel-linux-x86_64-fedora-clang, r-release-macos-arm64, r-release-macos-x86_64, r-oldrel-macos-x86_64

Version: 0.8.0
Check: re-building of vignette outputs
Result: WARN
    Error(s) in re-building vignettes:
     ...
    --- re-building ‘CLVTools.Rmd’ using rmarkdown
    Warning in engine$weave(file, quiet = quiet, encoding = enc) :
     Pandoc (>= 1.12.3) not available. Falling back to R Markdown v1.
    Quitting from lines 219-221 (CLVTools.Rmd)
    Error: processing vignette 'CLVTools.Rmd' failed with diagnostics:
    polygon edge not found
    --- failed re-building ‘CLVTools.Rmd’
    
    SUMMARY: processing the following file failed:
     ‘CLVTools.Rmd’
    
    Error: Vignette re-building failed.
    Execution halted
Flavor: r-release-macos-arm64