CRAN Package Check Results for Package CLONETv2

Last updated on 2021-10-18 23:49:26 CEST.

Flavor Version Tinstall Tcheck Ttotal Status Flags
r-devel-linux-x86_64-debian-clang 2.2.1 13.14 103.80 116.94 OK
r-devel-linux-x86_64-debian-gcc 2.2.1 11.12 77.15 88.27 OK
r-devel-linux-x86_64-fedora-clang 2.2.1 149.08 OK
r-devel-linux-x86_64-fedora-gcc 2.2.1 134.18 OK
r-devel-windows-x86_64 2.2.1 21.00 126.00 147.00 OK
r-devel-windows-x86_64-gcc10-UCRT 2.1.0 NOTE
r-patched-linux-x86_64 2.2.1 7.69 98.50 106.19 OK
r-patched-solaris-x86 2.2.1 189.50 OK
r-release-linux-x86_64 2.2.1 10.33 99.02 109.35 OK
r-release-macos-arm64 2.1.0 NOTE
r-release-macos-x86_64 2.2.1 OK
r-release-windows-ix86+x86_64 2.2.1 19.00 88.00 107.00 OK
r-oldrel-macos-x86_64 2.2.1 OK
r-oldrel-windows-ix86+x86_64 2.2.1 20.00 82.00 102.00 OK

Check Details

Version: 2.1.0
Check: LazyData
Result: NOTE
     'LazyData' is specified without a 'data' directory
Flavors: r-devel-windows-x86_64-gcc10-UCRT, r-release-macos-arm64