CRAN Package Check Results for Package CINE

Last updated on 2024-04-19 00:11:49 CEST.

Flavor Version Tinstall Tcheck Ttotal Status Flags
r-devel-linux-x86_64-debian-clang 0.1.3 8.13 93.05 101.18 OK
r-devel-linux-x86_64-debian-gcc 0.1.3 7.91 68.57 76.48 OK
r-devel-linux-x86_64-fedora-clang 0.1.3 129.95 NOTE
r-devel-linux-x86_64-fedora-gcc 0.1.3 130.44 NOTE
r-prerel-macos-arm64 0.1.3 41.00 OK
r-prerel-windows-x86_64 0.1.3 10.00 86.00 96.00 OK
r-patched-linux-x86_64 0.1.3 10.17 88.71 98.88 OK
r-release-linux-x86_64 0.1.3 11.01 90.49 101.50 OK
r-release-macos-arm64 0.1.3 42.00 OK
r-release-macos-x86_64 0.1.3 59.00 OK
r-release-windows-x86_64 0.1.3 14.00 101.00 115.00 OK
r-oldrel-macos-arm64 0.1.3 36.00 NOTE
r-oldrel-windows-x86_64 0.1.3 15.00 100.00 115.00 OK

Check Details

Version: 0.1.3
Check: data for non-ASCII characters
Result: NOTE Note: found 28982 marked UTF-8 strings Flavors: r-devel-linux-x86_64-fedora-clang, r-devel-linux-x86_64-fedora-gcc, r-oldrel-macos-arm64