CRAN Package Check Results for Package CIMTx

Last updated on 2021-10-15 23:50:23 CEST.

Flavor Version Tinstall Tcheck Ttotal Status Flags
r-devel-linux-x86_64-debian-clang 0.3.0 6.57 59.35 65.92 OK
r-devel-linux-x86_64-debian-gcc 0.3.0 5.10 43.60 48.70 OK
r-devel-linux-x86_64-fedora-clang 0.3.0 90.60 NOTE
r-devel-linux-x86_64-fedora-gcc 0.3.0 80.32 NOTE
r-devel-windows-x86_64 0.3.0 17.00 76.00 93.00 OK
r-devel-windows-x86_64-gcc10-UCRT 0.3.0 NOTE
r-patched-linux-x86_64 0.3.0 6.12 57.55 63.67 OK
r-patched-solaris-x86 0.3.0 110.70 NOTE
r-release-linux-x86_64 0.3.0 6.11 56.72 62.83 OK
r-release-macos-arm64 0.3.0 NOTE
r-release-macos-x86_64 0.3.0 NOTE
r-release-windows-ix86+x86_64 0.3.0 15.00 83.00 98.00 OK
r-oldrel-macos-x86_64 0.3.0 NOTE
r-oldrel-windows-ix86+x86_64 0.3.0 15.00 83.00 98.00 OK

Check Details

Version: 0.3.0
Check: dependencies in R code
Result: NOTE
    Namespaces in Imports field not imported from:
     ‘class’ ‘dbarts’ ‘gam’ ‘tidyr’ ‘twang’
     All declared Imports should be used.
Flavors: r-devel-linux-x86_64-fedora-clang, r-devel-linux-x86_64-fedora-gcc, r-devel-windows-x86_64-gcc10-UCRT, r-patched-solaris-x86, r-release-macos-arm64, r-release-macos-x86_64, r-oldrel-macos-x86_64