CRAN Package Check Results for Package CHsharp

Last updated on 2021-12-01 23:51:33 CET.

Flavor Version Tinstall Tcheck Ttotal Status Flags
r-devel-linux-x86_64-debian-clang 0.4 3.08 23.30 26.38 OK
r-devel-linux-x86_64-debian-gcc 0.4 2.13 18.29 20.42 OK
r-devel-linux-x86_64-fedora-clang 0.4 43.89 NOTE
r-devel-linux-x86_64-fedora-gcc 0.4 34.22 NOTE
r-devel-windows-x86_64-new-UL 0.4 10.00 58.00 68.00 OK
r-devel-windows-x86_64-new-TK 0.4 OK
r-devel-windows-x86_64-old 0.4 6.00 33.00 39.00 OK
r-patched-linux-x86_64 0.4 2.94 22.48 25.42 OK
r-patched-solaris-x86 0.4 52.90 OK
r-release-linux-x86_64 0.4 2.60 22.29 24.89 OK
r-release-macos-arm64 0.4 OK
r-release-macos-x86_64 0.4 OK
r-release-windows-ix86+x86_64 0.4 9.00 49.00 58.00 OK
r-oldrel-macos-x86_64 0.4 OK
r-oldrel-windows-ix86+x86_64 0.4 9.00 50.00 59.00 OK

Check Details

Version: 0.4
Check: compiled code
Result: NOTE
    File ‘CHsharp/libs/CHsharp.so’:
     Found no calls to: ‘R_registerRoutines’, ‘R_useDynamicSymbols’
    
    It is good practice to register native routines and to disable symbol
    search.
    
    See ‘Writing portable packages’ in the ‘Writing R Extensions’ manual.
Flavors: r-devel-linux-x86_64-fedora-clang, r-devel-linux-x86_64-fedora-gcc