Last updated on 2023-01-30 00:31:07 CET.
Flavor | Version | Tinstall | Tcheck | Ttotal | Status | Flags |
---|---|---|---|---|---|---|
r-devel-linux-x86_64-debian-clang | 1.3.4 | 42.66 | 104.84 | 147.50 | OK | |
r-devel-linux-x86_64-debian-gcc | 1.3.4 | 36.45 | 78.30 | 114.75 | NOTE | |
r-devel-linux-x86_64-fedora-clang | 1.3.4 | 202.70 | OK | |||
r-devel-linux-x86_64-fedora-gcc | 1.3.4 | 195.47 | NOTE | |||
r-devel-windows-x86_64 | 1.3.4 | 67.00 | 489.00 | 556.00 | NOTE | |
r-patched-linux-x86_64 | 1.3.4 | 41.23 | 99.38 | 140.61 | OK | |
r-release-linux-x86_64 | 1.3.4 | 34.98 | 95.50 | 130.48 | OK | |
r-release-macos-arm64 | 1.3.4 | 58.00 | NOTE | |||
r-release-macos-x86_64 | 1.3.4 | 88.00 | NOTE | |||
r-release-windows-x86_64 | 1.3.4 | 48.00 | 370.00 | 418.00 | OK | |
r-oldrel-macos-arm64 | 1.3.4 | 77.00 | NOTE | |||
r-oldrel-macos-x86_64 | 1.3.4 | 115.00 | NOTE | |||
r-oldrel-windows-ix86+x86_64 | 1.3.4 | 110.00 | 193.00 | 303.00 | NOTE |
Version: 1.3.4
Check: C++ specification
Result: NOTE
Specified C++11: please update to current default of C++17
Flavors: r-devel-linux-x86_64-debian-gcc, r-devel-linux-x86_64-fedora-gcc, r-devel-windows-x86_64
Version: 1.3.4
Check: installed package size
Result: NOTE
installed size is 6.5Mb
sub-directories of 1Mb or more:
data 1.6Mb
extdata 1.1Mb
libs 3.3Mb
Flavors: r-release-macos-arm64, r-release-macos-x86_64, r-oldrel-macos-arm64, r-oldrel-macos-x86_64, r-oldrel-windows-ix86+x86_64