CRAN Package Check Results for Package CANSIM2R

Last updated on 2021-05-11 23:50:35 CEST.

Flavor Version Tinstall Tcheck Ttotal Status Flags
r-devel-linux-x86_64-debian-clang 1.14.1 9.98 90.26 100.24 OK
r-devel-linux-x86_64-debian-gcc 1.14.1 8.66 68.71 77.37 OK
r-devel-linux-x86_64-fedora-clang 1.14.1 133.38 OK
r-devel-linux-x86_64-fedora-gcc 1.14.1 119.37 OK
r-devel-windows-ix86+x86_64 1.14.1 27.00 124.00 151.00 OK
r-devel-windows-x86_64-gcc10-UCRT 1.14.1 OK
r-patched-linux-x86_64 1.14.1 10.32 86.70 97.02 OK
r-patched-solaris-x86 1.14.1 179.80 OK
r-release-linux-x86_64 1.14.1 7.95 83.07 91.02 OK
r-release-macos-x86_64 1.14.1 OK
r-release-windows-ix86+x86_64 1.14.1 18.00 84.00 102.00 OK
r-oldrel-macos-x86_64 1.14.1 OK
r-oldrel-windows-ix86+x86_64 1.14.1 22.00 4.00 26.00 ERROR

Check Details

Version: 1.14.1
Check: whether package can be installed
Result: ERROR
    Installation failed.
    See * DONE
Flavor: r-oldrel-windows-ix86+x86_64