CRAN Package Check Results for Package CADStat

Last updated on 2021-09-23 23:50:01 CEST.

Flavor Version Tinstall Tcheck Ttotal Status Flags
r-devel-linux-x86_64-debian-clang 3.0.8 19.20 134.77 153.97 NOTE
r-devel-linux-x86_64-debian-gcc 3.0.8 14.63 102.86 117.49 NOTE
r-devel-linux-x86_64-fedora-clang 3.0.8 194.32 NOTE
r-devel-linux-x86_64-fedora-gcc 3.0.8 178.98 NOTE
r-devel-windows-x86_64 3.0.8 16.00 106.00 122.00 NOTE
r-devel-windows-x86_64-gcc10-UCRT 3.0.8 NOTE
r-patched-linux-x86_64 3.0.8 18.46 128.55 147.01 NOTE
r-patched-solaris-x86 3.0.8 276.20 NOTE
r-release-linux-x86_64 3.0.8 17.52 127.21 144.73 NOTE
r-release-macos-arm64 3.0.8 NOTE
r-release-macos-x86_64 3.0.8 NOTE
r-release-windows-ix86+x86_64 3.0.8 37.00 145.00 182.00 NOTE
r-oldrel-macos-x86_64 3.0.8 OK
r-oldrel-windows-ix86+x86_64 3.0.8 23.00 106.00 129.00 OK

Check Details

Version: 3.0.8
Check: LazyData
Result: NOTE
     'LazyData' is specified without a 'data' directory
Flavors: r-devel-linux-x86_64-debian-clang, r-devel-linux-x86_64-debian-gcc, r-devel-linux-x86_64-fedora-clang, r-devel-linux-x86_64-fedora-gcc, r-devel-windows-x86_64, r-devel-windows-x86_64-gcc10-UCRT, r-patched-linux-x86_64, r-patched-solaris-x86, r-release-linux-x86_64, r-release-macos-arm64, r-release-macos-x86_64, r-release-windows-ix86+x86_64