CRAN Package Check Results for Package BrazilMet

Last updated on 2021-08-03 23:52:01 CEST.

Flavor Version Tinstall Tcheck Ttotal Status Flags
r-devel-linux-x86_64-debian-clang 0.1.0 6.05 48.43 54.48 NOTE
r-devel-linux-x86_64-debian-gcc 0.1.0 4.71 35.76 40.47 NOTE
r-devel-linux-x86_64-fedora-clang 0.1.0 72.14 NOTE
r-devel-linux-x86_64-fedora-gcc 0.1.0 62.16 NOTE
r-devel-windows-x86_64 0.1.0 7.00 61.00 68.00 NOTE
r-devel-windows-x86_64-gcc10-UCRT 0.1.0 NOTE
r-patched-linux-x86_64 0.1.0 6.39 44.61 51.00 NOTE
r-patched-solaris-x86 0.1.0 91.90 NOTE
r-release-linux-x86_64 0.1.0 6.67 44.56 51.23 NOTE
r-release-macos-arm64 0.1.0 NOTE
r-release-macos-x86_64 0.1.0 NOTE
r-release-windows-ix86+x86_64 0.1.0 13.00 65.00 78.00 NOTE
r-oldrel-macos-x86_64 0.1.0 NOTE
r-oldrel-windows-ix86+x86_64 0.1.0 10.00 66.00 76.00 OK

Check Details

Version: 0.1.0
Check: LazyData
Result: NOTE
     'LazyData' is specified without a 'data' directory
Flavors: r-devel-linux-x86_64-debian-clang, r-devel-linux-x86_64-debian-gcc, r-devel-linux-x86_64-fedora-clang, r-devel-linux-x86_64-fedora-gcc, r-devel-windows-x86_64, r-devel-windows-x86_64-gcc10-UCRT, r-patched-linux-x86_64, r-patched-solaris-x86, r-release-linux-x86_64, r-release-macos-arm64, r-release-macos-x86_64, r-release-windows-ix86+x86_64

Version: 0.1.0
Check: dependencies in R code
Result: NOTE
    Namespace in Imports field not imported from: ‘tidyr’
     All declared Imports should be used.
Flavors: r-devel-linux-x86_64-fedora-clang, r-devel-linux-x86_64-fedora-gcc, r-devel-windows-x86_64-gcc10-UCRT, r-patched-solaris-x86, r-release-macos-arm64, r-release-macos-x86_64, r-oldrel-macos-x86_64