CRAN Package Check Results for Package BisqueRNA

Last updated on 2021-05-16 23:46:49 CEST.

Flavor Version Tinstall Tcheck Ttotal Status Flags
r-devel-linux-x86_64-debian-clang 1.0.4 3.06 46.58 49.64 NOTE
r-devel-linux-x86_64-debian-gcc 1.0.4 1.97 35.67 37.64 NOTE
r-devel-linux-x86_64-fedora-clang 1.0.4 66.02 NOTE
r-devel-linux-x86_64-fedora-gcc 1.0.4 59.33 NOTE
r-devel-windows-ix86+x86_64 1.0.4 6.00 70.00 76.00 NOTE
r-devel-windows-x86_64-gcc10-UCRT 1.0.4 NOTE
r-patched-linux-x86_64 1.0.4 2.84 44.27 47.11 NOTE
r-patched-solaris-x86 1.0.4 83.40 NOTE
r-release-linux-x86_64 1.0.4 2.60 44.84 47.44 OK
r-release-macos-x86_64 1.0.4 OK
r-release-windows-ix86+x86_64 1.0.4 5.00 48.00 53.00 OK
r-oldrel-macos-x86_64 1.0.4 OK
r-oldrel-windows-ix86+x86_64 1.0.4 4.00 58.00 62.00 OK

Check Details

Version: 1.0.4
Check: LazyData
Result: NOTE
     'LazyData' is specified without a 'data' directory
Flavors: r-devel-linux-x86_64-debian-clang, r-devel-linux-x86_64-debian-gcc, r-devel-linux-x86_64-fedora-clang, r-devel-linux-x86_64-fedora-gcc, r-devel-windows-ix86+x86_64, r-devel-windows-x86_64-gcc10-UCRT, r-patched-linux-x86_64, r-patched-solaris-x86