CRAN Package Check Results for Package Bioi

Last updated on 2022-01-21 23:48:40 CET.

Flavor Version Tinstall Tcheck Ttotal Status Flags
r-devel-linux-x86_64-debian-clang 0.2.10 28.50 69.91 98.41 NOTE
r-devel-linux-x86_64-debian-gcc 0.2.10 21.35 53.89 75.24 NOTE
r-devel-linux-x86_64-fedora-clang 0.2.10 133.16 NOTE
r-devel-linux-x86_64-fedora-gcc 0.2.10 111.88 NOTE
r-devel-windows-x86_64-new-UL 0.2.10 44.00 108.00 152.00 NOTE
r-devel-windows-x86_64-new-TK 0.2.10 NOTE
r-patched-linux-x86_64 0.2.10 21.95 67.69 89.64 NOTE
r-release-linux-x86_64 0.2.10 25.18 66.96 92.14 NOTE
r-release-macos-arm64 0.2.10 NOTE
r-release-macos-x86_64 0.2.10 NOTE
r-release-windows-ix86+x86_64 0.2.10 73.00 124.00 197.00 NOTE
r-oldrel-macos-x86_64 0.2.10 OK
r-oldrel-windows-ix86+x86_64 0.2.10 71.00 128.00 199.00 OK

Check Details

Version: 0.2.10
Check: LazyData
Result: NOTE
     'LazyData' is specified without a 'data' directory
Flavors: r-devel-linux-x86_64-debian-clang, r-devel-linux-x86_64-debian-gcc, r-devel-linux-x86_64-fedora-clang, r-devel-linux-x86_64-fedora-gcc, r-devel-windows-x86_64-new-UL, r-devel-windows-x86_64-new-TK, r-patched-linux-x86_64, r-release-linux-x86_64, r-release-macos-arm64, r-release-macos-x86_64, r-release-windows-ix86+x86_64