CRAN Package Check Results for Package BinaryEPPM

Last updated on 2021-09-24 23:53:42 CEST.

Flavor Version Tinstall Tcheck Ttotal Status Flags
r-devel-linux-x86_64-debian-clang 2.3 9.98 86.02 96.00 OK
r-devel-linux-x86_64-debian-gcc 2.3 9.21 65.11 74.32 OK
r-devel-linux-x86_64-fedora-clang 2.3 133.39 NOTE
r-devel-linux-x86_64-fedora-gcc 2.3 112.36 OK
r-devel-windows-x86_64 2.3 11.00 84.00 95.00 OK
r-devel-windows-x86_64-gcc10-UCRT 2.3 OK
r-patched-linux-x86_64 2.3 12.52 82.31 94.83 OK
r-patched-solaris-x86 2.3 156.90 OK
r-release-linux-x86_64 2.3 11.78 82.21 93.99 OK
r-release-macos-arm64 2.3 OK
r-release-macos-x86_64 2.3 OK
r-release-windows-ix86+x86_64 2.3 22.00 110.00 132.00 OK
r-oldrel-macos-x86_64 2.3 OK
r-oldrel-windows-ix86+x86_64 2.3 15.00 82.00 97.00 OK

Check Details

Version: 2.3
Check: Rd cross-references
Result: NOTE
    Undeclared packages ‘CountsEPPM’, ‘betareg’ in Rd xrefs
Flavor: r-devel-linux-x86_64-fedora-clang