CRAN Package Check Results for Package BiasedUrn

Last updated on 2024-07-16 00:55:55 CEST.

Flavor Version Tinstall Tcheck Ttotal Status Flags
r-devel-linux-x86_64-debian-clang 2.0.12 11.42 28.38 39.80 OK
r-devel-linux-x86_64-debian-gcc 2.0.12 8.71 21.99 30.70 OK
r-devel-linux-x86_64-fedora-clang 2.0.12 51.22 NOTE
r-devel-linux-x86_64-fedora-gcc 2.0.12 65.16 NOTE
r-devel-windows-x86_64 2.0.12 14.00 53.00 67.00 OK
r-patched-linux-x86_64 2.0.12 10.73 26.86 37.59 OK
r-release-linux-x86_64 2.0.12 11.23 27.77 39.00 OK
r-release-macos-arm64 2.0.12 41.00 OK
r-release-macos-x86_64 2.0.12 97.00 OK
r-release-windows-x86_64 2.0.12 19.00 57.00 76.00 OK
r-oldrel-macos-arm64 2.0.12 32.00 OK
r-oldrel-macos-x86_64 2.0.12 64.00 OK
r-oldrel-windows-x86_64 2.0.12 12.00 39.00 51.00 OK

Check Details

Version: 2.0.12
Check: compiled code
Result: NOTE File ‘BiasedUrn/libs/BiasedUrn.so’: Found no calls to: ‘R_registerRoutines’, ‘R_useDynamicSymbols’ It is good practice to register native routines and to disable symbol search. See ‘Writing portable packages’ in the ‘Writing R Extensions’ manual. Flavors: r-devel-linux-x86_64-fedora-clang, r-devel-linux-x86_64-fedora-gcc